{"id":3421,"date":"2020-04-22T11:30:36","date_gmt":"2020-04-22T09:30:36","guid":{"rendered":"http:\/\/agora.xtec.cat\/iespontdesuert\/?page_id=3421"},"modified":"2023-10-23T15:50:08","modified_gmt":"2023-10-23T13:50:08","slug":"comunicacio-amb-les-families","status":"publish","type":"page","link":"https:\/\/agora.xtec.cat\/iespontdesuert\/linstitut\/estrategia-digital-de-centre\/comunicacio-amb-les-families\/","title":{"rendered":"Pla de comunicaci\u00f3 digital"},"content":{"rendered":"<p><img loading=\"lazy\" decoding=\"async\" class=\"aligncenter wp-image-5651 size-full\" src=\"https:\/\/agora.xtec.cat\/iespontdesuert\/wp-content\/uploads\/usu1633\/2023\/10\/Pla-Comunicacio-INS-Pont.png\" alt=\"\" width=\"1024\" height=\"768\" srcset=\"https:\/\/agora.xtec.cat\/iespontdesuert\/wp-content\/uploads\/usu1633\/2023\/10\/Pla-Comunicacio-INS-Pont.png 1024w, https:\/\/agora.xtec.cat\/iespontdesuert\/wp-content\/uploads\/usu1633\/2023\/10\/Pla-Comunicacio-INS-Pont-300x225.png 300w, https:\/\/agora.xtec.cat\/iespontdesuert\/wp-content\/uploads\/usu1633\/2023\/10\/Pla-Comunicacio-INS-Pont-768x576.png 768w, https:\/\/agora.xtec.cat\/iespontdesuert\/wp-content\/uploads\/usu1633\/2023\/10\/Pla-Comunicacio-INS-Pont-200x150.png 200w\" sizes=\"auto, (max-width: 1024px) 100vw, 1024px\" \/><\/p>\n<p>El pla de comunicaci\u00f3 digital\u00a0 (PCDC) \u00e9s un <strong>document<\/strong>\u00a0que recull els objectius, les estrat\u00e8gies, els recursos i les accions\u00a0 per generar una\u00a0<strong>comunicaci\u00f3 eficient<\/strong>\u00a0que permeti difondre de forma clara la tasca d\u2019una instituci\u00f3 o entitat en un marc digital.<\/p>\n<p>Enlla\u00e7 al document:\u00a0<a href=\"https:\/\/drive.google.com\/file\/d\/1rQzl1NUHSuclx730j-ykfCADPQIXGrOi\/view?usp=sharing\">Pla de comunicaci\u00f3 digital\u00a0<\/a> de l\u2019INS EL Pont de Suert.<\/p>\n<ul>\n<li>Informaci\u00f3 sobre <a href=\"https:\/\/agora.xtec.cat\/iespontdesuert\/serveis\/google-suite\/\">Google Workspace<\/a><\/li>\n<\/ul>\n<p>Altres documents:<\/p>\n<ul>\n<li dir=\"ltr\"><a href=\"https:\/\/documents.espai.educacio.gencat.cat\/FormularisModels\/ProteccioDades\/A253.pdf\" target=\"_blank\" rel=\"noopener\" data-saferedirecturl=\"https:\/\/www.google.com\/url?q=https:\/\/documents.espai.educacio.gencat.cat\/FormularisModels\/ProteccioDades\/A253.pdf&amp;source=gmail&amp;ust=1675513869342000&amp;usg=AOvVaw3yRtUXpP-FyJyTeymrBAYh\">Autoritzaci\u00f3 relativa als alumnes de menys de 14 anys: \u00fas de serveis i recursos digitals a Internet per treballar a l&#8217;aula\u00a0<\/a><\/li>\n<li dir=\"ltr\"><a href=\"https:\/\/documents.espai.educacio.gencat.cat\/FormularisModels\/ProteccioDades\/A252.pdf\" target=\"_blank\" rel=\"noopener\" data-saferedirecturl=\"https:\/\/www.google.com\/url?q=https:\/\/documents.espai.educacio.gencat.cat\/FormularisModels\/ProteccioDades\/A252.pdf&amp;source=gmail&amp;ust=1675513869342000&amp;usg=AOvVaw12S-7Sil00JWMs_0B2BsHo\">Comunicaci\u00f3 relativa als alumnes de m\u00e9s de 14 anys per\u00f2 menors d&#8217;edat: \u00fas de serveis i recursos digitals a Internet per treballar a l&#8217;aula<\/a><\/li>\n<li><a href=\"https:\/\/drive.google.com\/file\/d\/1qFEuVgKED5LQ7IidHcdM-Lw7A8NCS-un\/view?usp=sharing\">Justificant abs\u00e8ncia alumnat<\/a><\/li>\n<\/ul>\n","protected":false},"excerpt":{"rendered":"<p>El pla de comunicaci\u00f3 digital\u00a0 (PCDC) \u00e9s un document\u00a0que recull els objectius, les estrat\u00e8gies, els recursos i les accions\u00a0 per generar una\u00a0comunicaci\u00f3 eficient\u00a0que permeti difondre de forma clara la tasca d\u2019una instituci\u00f3 o entitat en un marc digital. Enlla\u00e7 al document:\u00a0Pla de comunicaci\u00f3 digital\u00a0 de l\u2019INS EL Pont de Suert. Informaci\u00f3 sobre Google Workspace Altres [&hellip;]<\/p>\n","protected":false},"author":4,"featured_media":0,"parent":4402,"menu_order":0,"comment_status":"closed","ping_status":"closed","template":"","meta":{"_bbp_topic_count":0,"_bbp_reply_count":0,"_bbp_total_topic_count":0,"_bbp_total_reply_count":0,"_bbp_voice_count":0,"_bbp_anonymous_reply_count":0,"_bbp_topic_count_hidden":0,"_bbp_reply_count_hidden":0,"_bbp_forum_subforum_count":0,"site-sidebar-layout":"default","site-content-layout":"","ast-site-content-layout":"","site-content-style":"default","site-sidebar-style":"default","ast-global-header-display":"","ast-banner-title-visibility":"","ast-main-header-display":"","ast-hfb-above-header-display":"","ast-hfb-below-header-display":"","ast-hfb-mobile-header-display":"","site-post-title":"","ast-breadcrumbs-content":"","ast-featured-img":"","footer-sml-layout":"","theme-transparent-header-meta":"","adv-header-id-meta":"","stick-header-meta":"","header-above-stick-meta":"","header-main-stick-meta":"","header-below-stick-meta":"","astra-migrate-meta-layouts":"default","ast-page-background-enabled":"default","ast-page-background-meta":{"desktop":{"background-color":"var(--ast-global-color-4)","background-image":"","background-repeat":"repeat","background-position":"center center","background-size":"auto","background-attachment":"scroll","background-type":"","background-media":"","overlay-type":"","overlay-color":"","overlay-opacity":"","overlay-gradient":""},"tablet":{"background-color":"","background-image":"","background-repeat":"repeat","background-position":"center center","background-size":"auto","background-attachment":"scroll","background-type":"","background-media":"","overlay-type":"","overlay-color":"","overlay-opacity":"","overlay-gradient":""},"mobile":{"background-color":"","background-image":"","background-repeat":"repeat","background-position":"center center","background-size":"auto","background-attachment":"scroll","background-type":"","background-media":"","overlay-type":"","overlay-color":"","overlay-opacity":"","overlay-gradient":""}},"ast-content-background-meta":{"desktop":{"background-color":"var(--ast-global-color-5)","background-image":"","background-repeat":"repeat","background-position":"center center","background-size":"auto","background-attachment":"scroll","background-type":"","background-media":"","overlay-type":"","overlay-color":"","overlay-opacity":"","overlay-gradient":""},"tablet":{"background-color":"var(--ast-global-color-5)","background-image":"","background-repeat":"repeat","background-position":"center center","background-size":"auto","background-attachment":"scroll","background-type":"","background-media":"","overlay-type":"","overlay-color":"","overlay-opacity":"","overlay-gradient":""},"mobile":{"background-color":"var(--ast-global-color-5)","background-image":"","background-repeat":"repeat","background-position":"center center","background-size":"auto","background-attachment":"scroll","background-type":"","background-media":"","overlay-type":"","overlay-color":"","overlay-opacity":"","overlay-gradient":""}},"footnotes":""},"class_list":["post-3421","page","type-page","status-publish","hentry"],"post_mailing_queue_ids":[],"_links":{"self":[{"href":"https:\/\/agora.xtec.cat\/iespontdesuert\/wp-json\/wp\/v2\/pages\/3421","targetHints":{"allow":["GET"]}}],"collection":[{"href":"https:\/\/agora.xtec.cat\/iespontdesuert\/wp-json\/wp\/v2\/pages"}],"about":[{"href":"https:\/\/agora.xtec.cat\/iespontdesuert\/wp-json\/wp\/v2\/types\/page"}],"author":[{"embeddable":true,"href":"https:\/\/agora.xtec.cat\/iespontdesuert\/wp-json\/wp\/v2\/users\/4"}],"replies":[{"embeddable":true,"href":"https:\/\/agora.xtec.cat\/iespontdesuert\/wp-json\/wp\/v2\/comments?post=3421"}],"version-history":[{"count":5,"href":"https:\/\/agora.xtec.cat\/iespontdesuert\/wp-json\/wp\/v2\/pages\/3421\/revisions"}],"predecessor-version":[{"id":5652,"href":"https:\/\/agora.xtec.cat\/iespontdesuert\/wp-json\/wp\/v2\/pages\/3421\/revisions\/5652"}],"up":[{"embeddable":true,"href":"https:\/\/agora.xtec.cat\/iespontdesuert\/wp-json\/wp\/v2\/pages\/4402"}],"wp:attachment":[{"href":"https:\/\/agora.xtec.cat\/iespontdesuert\/wp-json\/wp\/v2\/media?parent=3421"}],"curies":[{"name":"wp","href":"https:\/\/api.w.org\/{rel}","templated":true}]}}