{"id":1561,"date":"2017-04-11T14:16:52","date_gmt":"2017-04-11T12:16:52","guid":{"rendered":"http:\/\/agora.xtec.cat\/iespontdesuert\/?page_id=1561"},"modified":"2024-10-15T13:19:38","modified_gmt":"2024-10-15T11:19:38","slug":"ciencies-naturals","status":"publish","type":"page","link":"https:\/\/agora.xtec.cat\/iespontdesuert\/departaments\/ciencies-naturals\/","title":{"rendered":"Ci\u00e8ncies Naturals"},"content":{"rendered":"<p><strong>MEMBRES<\/strong><\/p>\n<p class=\"Estilo19\" align=\"left\">Cap de Departament: Cristian Fondevilla Moreu<strong><br \/>\n<\/strong><\/p>\n<p class=\"Estilo17\" align=\"left\"><strong>DOC\u00c8NCIA:<br \/>\n<\/strong><\/p>\n<table style=\"height: 491px; width: 97.1809%;\" border=\"0\" width=\"864\">\n<tbody>\n<tr style=\"height: 153px;\">\n<td class=\"Estilo19\" style=\"width: 94px; height: 153px;\" bgcolor=\"#999999\" width=\"93\" height=\"100\">Katerina Badia<\/td>\n<td style=\"width: 117px; text-align: center;\">\n<p style=\"font-family: 'Helvetica Neue', Helvetica, Helvetica, Arial, sans-serif; font-size: 14px;\">3r ESO B<\/p>\n<p style=\"font-family: 'Helvetica Neue', Helvetica, Helvetica, Arial, sans-serif; font-size: 14px;\">F\u00edsica i qu\u00edmica<\/p>\n<\/td>\n<td class=\"Estilo19\" style=\"width: 123px; height: 153px; text-align: center;\" bgcolor=\"#FFFFFF\" width=\"120\" height=\"100\">\n<p style=\"font-family: 'Helvetica Neue', Helvetica, Helvetica, Arial, sans-serif; font-size: 14px;\">\n<\/td>\n<td class=\"Estilo19\" style=\"width: 125px; height: 153px; text-align: center;\" bgcolor=\"#FFFFFF\" width=\"124\" height=\"100\">\n<p style=\"font-family: 'Helvetica Neue', Helvetica, Helvetica, Arial, sans-serif; font-size: 14px;\" align=\"center\">F\u00edsica<\/p>\n<p style=\"font-family: 'Helvetica Neue', Helvetica, Helvetica, Arial, sans-serif; font-size: 14px;\" align=\"center\">1r\u00a0 Batxillerat<\/p>\n<\/td>\n<td class=\"Estilo19\" style=\"width: 150px; height: 153px; text-align: center;\" bgcolor=\"#FFFFFF\" width=\"148\">\n<p style=\"font-family: 'Helvetica Neue', Helvetica, Helvetica, Arial, sans-serif; font-size: 14px;\" align=\"center\">Qu\u00edmica<\/p>\n<p style=\"font-family: 'Helvetica Neue', Helvetica, Helvetica, Arial, sans-serif; font-size: 14px;\" align=\"center\">2n Batxillerat<\/p>\n<\/td>\n<\/tr>\n<tr style=\"height: 100px;\">\n<td class=\"Estilo19\" style=\"width: 94px; height: 100px;\" bgcolor=\"#999999\" height=\"100\">Olga Ciutat<\/td>\n<td class=\"Estilo19\" style=\"width: 117px; height: 100px; text-align: center;\" bgcolor=\"#FFFFFF\" height=\"100\">Biologia i geologia<\/p>\n<p>1r ESO A<\/p>\n<p>Science<\/td>\n<td class=\"Estilo19\" style=\"width: 123px; height: 100px; text-align: center;\" bgcolor=\"#FFFFFF\" height=\"100\">\n<p align=\"center\">Biologia<\/p>\n<p align=\"center\">1r Batxillerat<\/p>\n<\/td>\n<td class=\"Estilo19\" style=\"width: 125px; height: 100px; text-align: center;\" bgcolor=\"#FFFFFF\" height=\"100\">\n<p align=\"center\">Biologia<\/p>\n<p align=\"center\">2n Batxillerat<\/p>\n<\/td>\n<td class=\"Estilo19\" style=\"width: 150px; height: 100px; text-align: center;\"><\/td>\n<\/tr>\n<tr style=\"height: 119px;\">\n<td class=\"Estilo19\" style=\"width: 94px; height: 119px;\" bgcolor=\"#999999\" height=\"100\">Ester Parache<\/td>\n<td class=\"Estilo19\" style=\"width: 117px; height: 119px; text-align: center;\" bgcolor=\"#FFFFFF\" height=\"100\">\n<p align=\"center\">F\u00edsica i Qu\u00edmica<\/p>\n<p align=\"center\">3r ESO A i B<\/p>\n<\/td>\n<td class=\"Estilo19\" style=\"width: 123px; height: 119px; text-align: center;\" bgcolor=\"#FFFFFF\" height=\"100\">F\u00edsica i Qu\u00edmica<\/p>\n<p>4t ESO A \/ B<\/td>\n<td class=\"Estilo19\" style=\"width: 125px; height: 119px; text-align: center;\" bgcolor=\"#FFFFFF\" height=\"100\">\n<div align=\"center\">\n<p align=\"center\">Qu\u00edmica<\/p>\n<p align=\"center\">1r\u00a0 Batxillerat<\/p>\n<\/div>\n<\/td>\n<td class=\"Estilo19\" style=\"width: 150px; height: 119px; text-align: center;\" bgcolor=\"#FFFFFF\" height=\"100\">\n<p align=\"center\"><span style=\"font-family: inherit; font-size: 1em;\">F\u00edsica<\/span><\/p>\n<p align=\"center\"><span style=\"font-family: inherit; font-size: 1em;\">2n Batxillerat<\/span><\/p>\n<\/td>\n<\/tr>\n<tr style=\"height: 119px;\">\n<td class=\"Estilo19\" style=\"width: 94px; height: 119px;\" bgcolor=\"#999999\" height=\"100\">Marcel Pitarch<\/td>\n<td class=\"Estilo19\" style=\"width: 117px; height: 119px; text-align: center;\" bgcolor=\"#FFFFFF\" height=\"100\">&nbsp;<\/p>\n<p style=\"text-align: center;\">Ci\u00e8ncies naturals\u00a0 2n A<\/p>\n<p style=\"text-align: center;\">STEAM 2n A<\/p>\n<\/td>\n<td class=\"Estilo19\" style=\"width: 123px; height: 119px; text-align: center;\" bgcolor=\"#FFFFFF\" height=\"100\">\n<p style=\"text-align: center;\">Optativa &#8221; Fem ci\u00e8ncia&#8221; 2n ESO<\/p>\n<\/td>\n<td class=\"Estilo19\" style=\"width: 125px; height: 119px; text-align: center;\" bgcolor=\"#FFFFFF\" height=\"100\">\n<p align=\"center\">Biologia i Geologia<\/p>\n<p align=\"center\">3r ESO A i B<\/p>\n<\/td>\n<td class=\"Estilo19\" style=\"width: 150px; height: 119px; text-align: center;\" bgcolor=\"#FFFFFF\">Biologia 4t ESO<\/td>\n<\/tr>\n<tr>\n<td class=\"Estilo19\" style=\"width: 94px; height: 119px;\" bgcolor=\"#999999\" height=\"100\">Cristian Fondevilla<\/td>\n<td style=\"width: 117px; text-align: center;\">\n<p align=\"center\">Biologia i geologia<\/p>\n<p align=\"center\">Science<\/p>\n<p align=\"center\">1r ESO B<\/p>\n<\/td>\n<td style=\"width: 123px; text-align: center;\">\n<p align=\"center\">F\u00edsica i Qu\u00edmica<\/p>\n<p align=\"center\">STEAM<\/p>\n<p align=\"center\">2n ESO B i C<\/p>\n<\/td>\n<td style=\"width: 125px; text-align: center;\">\n<p align=\"center\">Geologia i ci\u00e8ncies ambientals<\/p>\n<p align=\"center\">2n batxillerat<\/p>\n<\/td>\n<td style=\"width: 150px; text-align: center;\">\n<p align=\"center\">\n<\/td>\n<\/tr>\n<\/tbody>\n<\/table>\n<p><strong>ACTIVITATS<\/strong><\/p>\n<p>Durant el primer trimestre del curs, per part del Departament de Ci\u00e8ncies, s\u2019han dut a terme les seg\u00fcents activitats:<\/p>\n<p><a href=\"https:\/\/drive.google.com\/file\/d\/1-cYTSBFXu0myhNh5QH4At89-AdRmw9ir\/view?usp=sharing\"><strong>Setmana de la ci\u00e8ncia<\/strong><\/a><\/p>\n<p><a href=\"https:\/\/drive.google.com\/file\/d\/1HeTAqx-7qKeUDR5l47sg2bneVRfur-e2\/view?usp=sharing\"><strong>Introducci\u00f3 al funcionament dels ecosistemes fluvials<\/strong><\/a><\/p>\n<p><a href=\"https:\/\/drive.google.com\/file\/d\/17hrPE4pcSj62fiQl_sYNCxXh2mhI7ASc\/view?usp=sharing\"><strong>Hidrobiologia, l\u2019estat ecol\u00f2gic de la Noguera de Tor<\/strong><\/a><\/p>\n","protected":false},"excerpt":{"rendered":"<p>MEMBRES Cap de Departament: Cristian Fondevilla Moreu DOC\u00c8NCIA: Katerina Badia 3r ESO B F\u00edsica i qu\u00edmica F\u00edsica 1r\u00a0 Batxillerat Qu\u00edmica 2n Batxillerat Olga Ciutat Biologia i geologia 1r ESO A Science Biologia 1r Batxillerat Biologia 2n Batxillerat Ester Parache F\u00edsica i Qu\u00edmica 3r ESO A i B F\u00edsica i Qu\u00edmica 4t ESO A \/ B [&hellip;]<\/p>\n","protected":false},"author":4,"featured_media":0,"parent":1313,"menu_order":0,"comment_status":"closed","ping_status":"closed","template":"page-templates\/side-menu.php","meta":{"_bbp_topic_count":0,"_bbp_reply_count":0,"_bbp_total_topic_count":0,"_bbp_total_reply_count":0,"_bbp_voice_count":0,"_bbp_anonymous_reply_count":0,"_bbp_topic_count_hidden":0,"_bbp_reply_count_hidden":0,"_bbp_forum_subforum_count":0,"site-sidebar-layout":"default","site-content-layout":"","ast-site-content-layout":"","site-content-style":"default","site-sidebar-style":"default","ast-global-header-display":"","ast-banner-title-visibility":"","ast-main-header-display":"","ast-hfb-above-header-display":"","ast-hfb-below-header-display":"","ast-hfb-mobile-header-display":"","site-post-title":"","ast-breadcrumbs-content":"","ast-featured-img":"","footer-sml-layout":"","theme-transparent-header-meta":"","adv-header-id-meta":"","stick-header-meta":"","header-above-stick-meta":"","header-main-stick-meta":"","header-below-stick-meta":"","astra-migrate-meta-layouts":"default","ast-page-background-enabled":"default","ast-page-background-meta":{"desktop":{"background-color":"var(--ast-global-color-4)","background-image":"","background-repeat":"repeat","background-position":"center center","background-size":"auto","background-attachment":"scroll","background-type":"","background-media":"","overlay-type":"","overlay-color":"","overlay-opacity":"","overlay-gradient":""},"tablet":{"background-color":"","background-image":"","background-repeat":"repeat","background-position":"center center","background-size":"auto","background-attachment":"scroll","background-type":"","background-media":"","overlay-type":"","overlay-color":"","overlay-opacity":"","overlay-gradient":""},"mobile":{"background-color":"","background-image":"","background-repeat":"repeat","background-position":"center center","background-size":"auto","background-attachment":"scroll","background-type":"","background-media":"","overlay-type":"","overlay-color":"","overlay-opacity":"","overlay-gradient":""}},"ast-content-background-meta":{"desktop":{"background-color":"var(--ast-global-color-5)","background-image":"","background-repeat":"repeat","background-position":"center center","background-size":"auto","background-attachment":"scroll","background-type":"","background-media":"","overlay-type":"","overlay-color":"","overlay-opacity":"","overlay-gradient":""},"tablet":{"background-color":"var(--ast-global-color-5)","background-image":"","background-repeat":"repeat","background-position":"center center","background-size":"auto","background-attachment":"scroll","background-type":"","background-media":"","overlay-type":"","overlay-color":"","overlay-opacity":"","overlay-gradient":""},"mobile":{"background-color":"var(--ast-global-color-5)","background-image":"","background-repeat":"repeat","background-position":"center center","background-size":"auto","background-attachment":"scroll","background-type":"","background-media":"","overlay-type":"","overlay-color":"","overlay-opacity":"","overlay-gradient":""}},"footnotes":""},"class_list":["post-1561","page","type-page","status-publish","hentry"],"post_mailing_queue_ids":[],"_links":{"self":[{"href":"https:\/\/agora.xtec.cat\/iespontdesuert\/wp-json\/wp\/v2\/pages\/1561","targetHints":{"allow":["GET"]}}],"collection":[{"href":"https:\/\/agora.xtec.cat\/iespontdesuert\/wp-json\/wp\/v2\/pages"}],"about":[{"href":"https:\/\/agora.xtec.cat\/iespontdesuert\/wp-json\/wp\/v2\/types\/page"}],"author":[{"embeddable":true,"href":"https:\/\/agora.xtec.cat\/iespontdesuert\/wp-json\/wp\/v2\/users\/4"}],"replies":[{"embeddable":true,"href":"https:\/\/agora.xtec.cat\/iespontdesuert\/wp-json\/wp\/v2\/comments?post=1561"}],"version-history":[{"count":6,"href":"https:\/\/agora.xtec.cat\/iespontdesuert\/wp-json\/wp\/v2\/pages\/1561\/revisions"}],"predecessor-version":[{"id":6004,"href":"https:\/\/agora.xtec.cat\/iespontdesuert\/wp-json\/wp\/v2\/pages\/1561\/revisions\/6004"}],"up":[{"embeddable":true,"href":"https:\/\/agora.xtec.cat\/iespontdesuert\/wp-json\/wp\/v2\/pages\/1313"}],"wp:attachment":[{"href":"https:\/\/agora.xtec.cat\/iespontdesuert\/wp-json\/wp\/v2\/media?parent=1561"}],"curies":[{"name":"wp","href":"https:\/\/api.w.org\/{rel}","templated":true}]}}