{"id":1318,"date":"2015-10-20T15:49:08","date_gmt":"2015-10-20T15:49:08","guid":{"rendered":"http:\/\/inspontdesuert.com\/?page_id=409"},"modified":"2021-02-02T09:45:30","modified_gmt":"2021-02-02T08:45:30","slug":"clil","status":"publish","type":"page","link":"https:\/\/agora.xtec.cat\/iespontdesuert\/projecte-educatiu\/projecte-linguistic\/clil\/","title":{"rendered":"CLIL"},"content":{"rendered":"<p class=\"Estilo27\" style=\"text-align: left;\" align=\"center\"><strong>Catal\u00e0\/Angl\u00e8s<\/strong><\/p>\n<p class=\"Estilo36\" style=\"text-align: left;\" align=\"center\"><a href=\"http:\/\/agora.xtec.cat\/iespontdesuert\/wp-content\/uploads\/usu1633\/2015\/10\/mythings.doc\" target=\"_blank\" rel=\"noopener noreferrer\">My things<\/a><\/p>\n<p class=\"Estilo36\" style=\"text-align: left;\" align=\"center\"><a href=\"http:\/\/www.xtec.cat\/iespontdesuert\/englishmaterials\/catala\/colorsmots.htm\" target=\"_blank\" rel=\"noopener noreferrer\">Colours<\/a><\/p>\n<p class=\"Estilo36\" style=\"text-align: left;\" align=\"center\"><a href=\"http:\/\/www.xtec.cat\/iespontdesuert\/englishmaterials\/catala\/diesdelasetmanamots.htm\" target=\"_blank\" rel=\"noopener noreferrer\">Days of the week<\/a><\/p>\n<p class=\"Estilo36\" style=\"text-align: left;\" align=\"center\"><a href=\"http:\/\/www.xtec.cat\/iespontdesuert\/englishmaterials\/catala\/estacionsmatch.htm\" target=\"_blank\" rel=\"noopener noreferrer\">Seasons<\/a><\/p>\n<p class=\"Estilo36\" style=\"text-align: left;\" align=\"center\"><a href=\"http:\/\/www.xtec.cat\/iespontdesuert\/englishmaterials\/catala\/menjars.htm\" target=\"_blank\" rel=\"noopener noreferrer\">Food 1<\/a><\/p>\n<p class=\"Estilo36\" style=\"text-align: left;\" align=\"center\"><a href=\"http:\/\/www.xtec.cat\/iespontdesuert\/englishmaterials\/catala\/menjarsforats.htm\" target=\"_blank\" rel=\"noopener noreferrer\">Food 2<\/a><\/p>\n<p class=\"Estilo36\" style=\"text-align: left;\" align=\"center\"><a href=\"http:\/\/www.xtec.cat\/iespontdesuert\/englishmaterials\/catala\/menjarsordenar.htm\" target=\"_blank\" rel=\"noopener noreferrer\">Food 3<\/a><\/p>\n<p class=\"Estilo36\" style=\"text-align: left;\" align=\"center\"><a href=\"http:\/\/www.xtec.cat\/iespontdesuert\/englishmaterials\/catala\/motsencreuatsroba.htm\" target=\"_blank\" rel=\"noopener noreferrer\">Clothes<\/a><\/p>\n<p class=\"Estilo36\" style=\"text-align: left;\" align=\"center\"><a href=\"http:\/\/www.xtec.cat\/iespontdesuert\/englishmaterials\/catala\/partsdelcosmatch1.htm\" target=\"_blank\" rel=\"noopener noreferrer\">Body parts: Catal\u00e0 to English <\/a><\/p>\n<p class=\"Estilo36\" style=\"text-align: left;\" align=\"center\"><a href=\"http:\/\/www.xtec.cat\/iespontdesuert\/englishmaterials\/catala\/partsdelcosmatch2.htm\" target=\"_blank\" rel=\"noopener noreferrer\">Body parts: English to Catal\u00e0<\/a><\/p>\n<p class=\"Estilo36\" style=\"text-align: left;\" align=\"center\"><strong>Cicle Natura<\/strong><\/p>\n<p class=\"Estilo36\" style=\"text-align: left;\" align=\"center\"><a href=\"http:\/\/www.xtec.cat\/iespontdesuert\/englishmaterials\/forestals\/edible\/ediblepoisonous.htm\" target=\"_blank\" rel=\"noopener noreferrer\">Edible mushrooms<\/a><\/p>\n<p class=\"Estilo36\" style=\"text-align: left;\" align=\"center\"><a href=\"http:\/\/www.xtec.cat\/iespontdesuert\/englishmaterials\/forestals\/mushrooms\/matchthemushrooms.htm\" target=\"_blank\" rel=\"noopener noreferrer\">Identifying mushrooms<\/a><\/p>\n<p class=\"Estilo36\" style=\"text-align: left;\" align=\"center\"><a href=\"http:\/\/agora.xtec.cat\/iespontdesuert\/wp-content\/uploads\/usu1633\/2015\/10\/Activities.doc\" target=\"_blank\" rel=\"noopener noreferrer\">Identifying mushrooms (worksheet)<\/a><\/p>\n<p class=\"Estilo36\" style=\"text-align: left;\" align=\"center\"><a href=\"http:\/\/www.xtec.cat\/iespontdesuert\/englishmaterials\/forestals\/maquinaria\/maquinaria.htm\" target=\"_blank\" rel=\"noopener noreferrer\">Machines<\/a><\/p>\n<p class=\"Estilo36\" style=\"text-align: left;\" align=\"center\"><a href=\"http:\/\/agora.xtec.cat\/iespontdesuert\/wp-content\/uploads\/usu1633\/2015\/10\/Silhouettesexercise.doc\" target=\"_blank\" rel=\"noopener noreferrer\">Silhouettes<\/a><\/p>\n<p class=\"Estilo36\" style=\"text-align: left;\" align=\"center\"><a href=\"http:\/\/agora.xtec.cat\/iespontdesuert\/wp-content\/uploads\/usu1633\/2015\/10\/TREASURE-HUNT1.doc\" target=\"_blank\" rel=\"noopener noreferrer\">Treasure hunt: Aig\u00fcestortes National Park<\/a><\/p>\n<p class=\"Estilo36\" style=\"text-align: left;\" align=\"center\"><strong>Ci\u00e8ncies naturals<\/strong><\/p>\n<p class=\"Estilo36\" style=\"text-align: left;\" align=\"center\"><a href=\"http:\/\/agora.xtec.cat\/iespontdesuert\/wp-content\/uploads\/usu1633\/2015\/10\/TREASURE-HUNT11.doc\" target=\"_blank\" rel=\"noopener noreferrer\">Treasure hunt: Exploring ecosystems<\/a><\/p>\n<p class=\"Estilo36\" style=\"text-align: left;\" align=\"center\"><strong>Biomes<\/strong><\/p>\n<p class=\"Estilo36\" style=\"text-align: left;\" align=\"center\">Biomes: <a href=\"http:\/\/www.xtec.cat\/iespontdesuert\/englishmaterials\/ciencies\/matchfeatures.htm\" target=\"_blank\" rel=\"noopener noreferrer\">A matching game <\/a> and <a href=\"http:\/\/www.xtec.cat\/iespontdesuert\/englishmaterials\/ciencies\/biomescrossword.htm\" target=\"_blank\" rel=\"noopener noreferrer\">crosswords<\/a><\/p>\n<p class=\"Estilo36\" style=\"text-align: left;\" align=\"center\"><strong>M\u00fasica<\/strong><\/p>\n<p class=\"Estilo36\" style=\"text-align: left;\" align=\"center\"><a href=\"http:\/\/www.xtec.cat\/iespontdesuert\/expressio\/webquests\/montsalvatge1.htm\" target=\"_blank\" rel=\"noopener noreferrer\">Montsalvatge<\/a><\/p>\n<p class=\"Estilo36\" style=\"text-align: left;\" align=\"center\"><a href=\"http:\/\/agora.xtec.cat\/iespontdesuert\/wp-content\/uploads\/usu1633\/2015\/10\/orchestra_treasure_hunt.docx\" target=\"_blank\" rel=\"noopener noreferrer\">A treasure hunt: The orchestra<\/a><\/p>\n<p class=\"Estilo36\" style=\"text-align: left;\" align=\"center\"><strong>Tecnologia<\/strong><\/p>\n<p class=\"Estilo36\" style=\"text-align: left;\" align=\"center\"><a href=\"http:\/\/agora.xtec.cat\/iespontdesuert\/wp-content\/uploads\/usu1633\/2015\/10\/COMPONENTS1.doc\" target=\"_blank\" rel=\"noopener noreferrer\">Components<\/a><\/p>\n<p class=\"Estilo36\" style=\"text-align: left;\" align=\"center\"><a href=\"http:\/\/agora.xtec.cat\/iespontdesuert\/wp-content\/uploads\/usu1633\/2015\/10\/POTENTIOMETER1.doc\" target=\"_blank\" rel=\"noopener noreferrer\">Potentiometer<\/a><\/p>\n<p class=\"Estilo36\" style=\"text-align: left;\" align=\"center\"><a href=\"http:\/\/agora.xtec.cat\/iespontdesuert\/wp-content\/uploads\/usu1633\/2015\/10\/RESISTORS1.doc\" target=\"_blank\" rel=\"noopener noreferrer\">Resistors<\/a><\/p>\n<p class=\"Estilo36\" style=\"text-align: left;\" align=\"center\"><a href=\"http:\/\/agora.xtec.cat\/iespontdesuert\/wp-content\/uploads\/usu1633\/2015\/10\/SERIES-CIRCUITS1.doc\" target=\"_blank\" rel=\"noopener noreferrer\">Series circuits<\/a><\/p>\n<p class=\"Estilo36\" style=\"text-align: left;\" align=\"center\"><a href=\"http:\/\/agora.xtec.cat\/iespontdesuert\/wp-content\/uploads\/usu1633\/2015\/10\/WORKSHOP1.doc\" target=\"_blank\" rel=\"noopener noreferrer\">Workshop <\/a><\/p>\n<p class=\"Estilo36\" style=\"text-align: left;\" align=\"center\">\n","protected":false},"excerpt":{"rendered":"<p>Catal\u00e0\/Angl\u00e8s My things Colours Days of the week Seasons Food 1 Food 2 Food 3 Clothes Body parts: Catal\u00e0 to English Body parts: English to Catal\u00e0 Cicle Natura Edible mushrooms Identifying mushrooms Identifying mushrooms (worksheet) Machines Silhouettes Treasure hunt: Aig\u00fcestortes National Park Ci\u00e8ncies naturals Treasure hunt: Exploring ecosystems Biomes Biomes: A matching game and crosswords [&hellip;]<\/p>\n","protected":false},"author":1,"featured_media":0,"parent":1416,"menu_order":0,"comment_status":"closed","ping_status":"closed","template":"page-templates\/side-menu.php","meta":{"_bbp_topic_count":0,"_bbp_reply_count":0,"_bbp_total_topic_count":0,"_bbp_total_reply_count":0,"_bbp_voice_count":0,"_bbp_anonymous_reply_count":0,"_bbp_topic_count_hidden":0,"_bbp_reply_count_hidden":0,"_bbp_forum_subforum_count":0,"site-sidebar-layout":"default","site-content-layout":"","ast-site-content-layout":"","site-content-style":"default","site-sidebar-style":"default","ast-global-header-display":"","ast-banner-title-visibility":"","ast-main-header-display":"","ast-hfb-above-header-display":"","ast-hfb-below-header-display":"","ast-hfb-mobile-header-display":"","site-post-title":"","ast-breadcrumbs-content":"","ast-featured-img":"","footer-sml-layout":"","theme-transparent-header-meta":"","adv-header-id-meta":"","stick-header-meta":"","header-above-stick-meta":"","header-main-stick-meta":"","header-below-stick-meta":"","astra-migrate-meta-layouts":"default","ast-page-background-enabled":"default","ast-page-background-meta":{"desktop":{"background-color":"var(--ast-global-color-4)","background-image":"","background-repeat":"repeat","background-position":"center center","background-size":"auto","background-attachment":"scroll","background-type":"","background-media":"","overlay-type":"","overlay-color":"","overlay-opacity":"","overlay-gradient":""},"tablet":{"background-color":"","background-image":"","background-repeat":"repeat","background-position":"center center","background-size":"auto","background-attachment":"scroll","background-type":"","background-media":"","overlay-type":"","overlay-color":"","overlay-opacity":"","overlay-gradient":""},"mobile":{"background-color":"","background-image":"","background-repeat":"repeat","background-position":"center center","background-size":"auto","background-attachment":"scroll","background-type":"","background-media":"","overlay-type":"","overlay-color":"","overlay-opacity":"","overlay-gradient":""}},"ast-content-background-meta":{"desktop":{"background-color":"var(--ast-global-color-5)","background-image":"","background-repeat":"repeat","background-position":"center center","background-size":"auto","background-attachment":"scroll","background-type":"","background-media":"","overlay-type":"","overlay-color":"","overlay-opacity":"","overlay-gradient":""},"tablet":{"background-color":"var(--ast-global-color-5)","background-image":"","background-repeat":"repeat","background-position":"center center","background-size":"auto","background-attachment":"scroll","background-type":"","background-media":"","overlay-type":"","overlay-color":"","overlay-opacity":"","overlay-gradient":""},"mobile":{"background-color":"var(--ast-global-color-5)","background-image":"","background-repeat":"repeat","background-position":"center center","background-size":"auto","background-attachment":"scroll","background-type":"","background-media":"","overlay-type":"","overlay-color":"","overlay-opacity":"","overlay-gradient":""}},"footnotes":""},"class_list":["post-1318","page","type-page","status-publish","hentry"],"post_mailing_queue_ids":[],"_links":{"self":[{"href":"https:\/\/agora.xtec.cat\/iespontdesuert\/wp-json\/wp\/v2\/pages\/1318","targetHints":{"allow":["GET"]}}],"collection":[{"href":"https:\/\/agora.xtec.cat\/iespontdesuert\/wp-json\/wp\/v2\/pages"}],"about":[{"href":"https:\/\/agora.xtec.cat\/iespontdesuert\/wp-json\/wp\/v2\/types\/page"}],"author":[{"embeddable":true,"href":"https:\/\/agora.xtec.cat\/iespontdesuert\/wp-json\/wp\/v2\/users\/1"}],"replies":[{"embeddable":true,"href":"https:\/\/agora.xtec.cat\/iespontdesuert\/wp-json\/wp\/v2\/comments?post=1318"}],"version-history":[{"count":3,"href":"https:\/\/agora.xtec.cat\/iespontdesuert\/wp-json\/wp\/v2\/pages\/1318\/revisions"}],"predecessor-version":[{"id":3897,"href":"https:\/\/agora.xtec.cat\/iespontdesuert\/wp-json\/wp\/v2\/pages\/1318\/revisions\/3897"}],"up":[{"embeddable":true,"href":"https:\/\/agora.xtec.cat\/iespontdesuert\/wp-json\/wp\/v2\/pages\/1416"}],"wp:attachment":[{"href":"https:\/\/agora.xtec.cat\/iespontdesuert\/wp-json\/wp\/v2\/media?parent=1318"}],"curies":[{"name":"wp","href":"https:\/\/api.w.org\/{rel}","templated":true}]}}