{"id":1306,"date":"2015-09-29T08:57:30","date_gmt":"2015-09-29T08:57:30","guid":{"rendered":"http:\/\/webproves.tk\/?page_id=27"},"modified":"2026-02-19T13:12:33","modified_gmt":"2026-02-19T12:12:33","slug":"eso","status":"publish","type":"page","link":"https:\/\/agora.xtec.cat\/iespontdesuert\/estudis\/eso\/","title":{"rendered":"ESO"},"content":{"rendered":"<p><strong>HORARIS\u00a0 Curs 2025\/2026<\/strong><\/p>\n<table style=\"border-collapse: collapse; width: 42.277%; height: 46px;\">\n<tbody>\n<tr>\n<td style=\"width: 100%;\">\n<ul style=\"list-style-type: square;\">\n<li><a href=\"https:\/\/drive.google.com\/file\/d\/1UjNsUbBrmP7pEBLdZKBfnIOUyHnSVOtq\/view?usp=sharing\"><strong>Horaris ESO<\/strong><\/a><\/li>\n<\/ul>\n<\/td>\n<\/tr>\n<\/tbody>\n<\/table>\n<ul>\n<li><strong><a href=\"https:\/\/agora.xtec.cat\/iespontdesuert\/general\/llibres-de-text-curs-2025-2026\/\">Llibres de text curs 25\/26<\/a><\/strong><\/li>\n<\/ul>\n<p>&nbsp;<\/p>\n<p><strong>TUTORS\u00a0 \u00a0<\/strong><strong>Curs 2025\/2026<\/strong><\/p>\n<table style=\"width: 37.4472%;\" width=\"232\">\n<tbody>\n<tr>\n<td style=\"width: 46.5812%;\"><strong>ESO<\/strong><\/td>\n<td style=\"width: 88.2626%;\"><strong>NOM<\/strong><\/td>\n<\/tr>\n<tr>\n<td style=\"width: 46.5812%;\"><strong>1r ESO A<\/strong><\/td>\n<td style=\"width: 88.2626%;\">\u00c8dison Montava<\/td>\n<\/tr>\n<tr>\n<td style=\"width: 46.5812%;\"><strong>1r ESO B<\/strong><\/td>\n<td style=\"width: 88.2626%;\">Cristian Fondevila<\/td>\n<\/tr>\n<tr>\n<td style=\"width: 46.5812%;\"><\/td>\n<td style=\"width: 88.2626%;\"><\/td>\n<\/tr>\n<tr>\n<td style=\"width: 46.5812%;\"><strong>2n ESO A<\/strong><\/td>\n<td style=\"width: 88.2626%;\">Ester Grau<\/td>\n<\/tr>\n<tr>\n<td style=\"width: 46.5812%;\"><strong>2n ESO B<\/strong><\/td>\n<td style=\"width: 88.2626%;\">Gemma Moln\u00e9<\/td>\n<\/tr>\n<tr>\n<td style=\"width: 46.5812%;\"><\/td>\n<td style=\"width: 88.2626%;\"><\/td>\n<\/tr>\n<tr>\n<td style=\"width: 46.5812%;\"><strong>3r ESO A<\/strong><\/td>\n<td style=\"width: 88.2626%;\">Anna Seluy<\/td>\n<\/tr>\n<tr>\n<td style=\"width: 46.5812%;\"><strong>3r ESO B<\/strong><\/td>\n<td style=\"width: 88.2626%;\">Juli Carri\u00f3n<\/td>\n<\/tr>\n<tr>\n<td style=\"width: 46.5812%;\"><strong>3r ESO C<\/strong><\/td>\n<td style=\"width: 88.2626%;\">\u00a0Miguel Mac\u00edas<\/td>\n<\/tr>\n<tr>\n<td style=\"width: 46.5812%;\"><\/td>\n<td style=\"width: 88.2626%;\"><\/td>\n<\/tr>\n<tr>\n<td style=\"width: 46.5812%;\"><strong>4t ESO A<\/strong><\/td>\n<td style=\"width: 88.2626%;\">Regina Pall\u00e0s<\/td>\n<\/tr>\n<tr>\n<td style=\"width: 46.5812%;\"><strong>4t ESO B<\/strong><\/td>\n<td style=\"width: 88.2626%;\">Anna Quintana<\/td>\n<\/tr>\n<\/tbody>\n<\/table>\n<p><strong>DELEGATS<\/strong><\/p>\n<table style=\"width: 451px; height: 364px;\">\n<tbody>\n<tr style=\"height: 31px;\">\n<td style=\"width: 96px; height: 31px;\"><strong>CURS<\/strong><\/td>\n<td style=\"width: 183px; height: 31px;\"><strong>DELEGAT<\/strong><\/td>\n<td style=\"width: 172px; height: 31px;\"><strong>SOTSDELEGAT<\/strong><\/td>\n<\/tr>\n<tr style=\"height: 42px;\">\n<td style=\"width: 96px; height: 42px;\"><strong>1r A<\/strong><\/td>\n<td style=\"width: 183px; height: 42px;\"><\/td>\n<td style=\"width: 172px; height: 42px;\"><\/td>\n<\/tr>\n<tr style=\"height: 31px;\">\n<td style=\"width: 96px; height: 31px;\"><strong>1r B<\/strong><\/td>\n<td style=\"width: 183px;\" width=\"314\"><\/td>\n<td style=\"width: 172px;\" width=\"314\"><\/td>\n<\/tr>\n<tr>\n<td style=\"width: 96px;\"><strong>1r C<\/strong><\/td>\n<td style=\"width: 183px;\"><\/td>\n<td style=\"width: 172px;\"><\/td>\n<\/tr>\n<tr>\n<td style=\"width: 96px;\"><strong>\u00a0<\/strong><\/td>\n<td style=\"width: 183px;\"><\/td>\n<td style=\"width: 172px;\"><\/td>\n<\/tr>\n<tr style=\"height: 41px;\">\n<td style=\"width: 96px; height: 41px;\"><strong>2n A<br \/>\n<\/strong><\/td>\n<td style=\"width: 183px;\" width=\"314\"><\/td>\n<td style=\"width: 172px;\" width=\"314\"><\/td>\n<\/tr>\n<tr style=\"height: 31px;\">\n<td style=\"width: 96px; height: 31px;\"><strong>2n B<\/strong><\/td>\n<td style=\"width: 183px;\" width=\"314\"><\/td>\n<td style=\"width: 172px;\" width=\"314\"><\/td>\n<\/tr>\n<tr style=\"height: 31px;\">\n<td style=\"width: 96px; height: 31px;\"><\/td>\n<td style=\"width: 183px;\" width=\"314\"><\/td>\n<td style=\"width: 172px;\" width=\"314\"><\/td>\n<\/tr>\n<tr style=\"height: 31px;\">\n<td style=\"width: 96px; height: 31px;\"><strong>3r A<\/strong><\/td>\n<td style=\"width: 183px; height: 31px;\"><\/td>\n<td style=\"width: 172px; height: 31px;\"><\/td>\n<\/tr>\n<tr style=\"height: 31px;\">\n<td style=\"width: 96px; height: 31px;\"><strong>3r B<\/strong><\/td>\n<td style=\"width: 183px; height: 31px;\"><\/td>\n<td style=\"width: 172px; height: 31px;\"><\/td>\n<\/tr>\n<tr>\n<td style=\"width: 96px;\"><\/td>\n<td style=\"width: 183px; height: 31px;\"><\/td>\n<td style=\"width: 172px; height: 31px;\"><\/td>\n<\/tr>\n<tr style=\"height: 31px;\">\n<td style=\"width: 96px; height: 31px;\"><strong>4t A<\/strong><\/td>\n<td style=\"width: 183px;\" width=\"314\"><\/td>\n<td style=\"width: 172px;\" width=\"314\"><\/td>\n<\/tr>\n<tr style=\"height: 31px;\">\n<td style=\"width: 96px; height: 31px;\"><strong>4t B<\/strong><\/td>\n<td style=\"width: 183px;\" width=\"314\"><\/td>\n<td style=\"width: 172px;\" width=\"314\"><\/td>\n<\/tr>\n<\/tbody>\n<\/table>\n<p>&nbsp;<\/p>\n<p><strong>Dies de lliure disposici\u00f3 i festiu local<\/strong><\/p>\n<p>Divendres 10 d\u2019octubre de 2025<br \/>\nDilluns 3 de novembre de 2025<br \/>\nDimarts 20 de gener de 2026<br \/>\nDilluns 23 de febrer de 2026<br \/>\nDijous 30 d\u2019abril de 2026<br \/>\nDivendres 29 de maig de 2026<\/p>\n<p><strong>CALENDARI D&#8217;AVALUACIONS<\/strong><\/p>\n<p dir=\"ltr\">Pre-avaluaci\u00f3: Darrera setmana d\u2019octubre.<\/p>\n<p dir=\"ltr\">1\u00aa avaluaci\u00f3: Desembre 2025<\/p>\n<p dir=\"ltr\">2\u00aa avaluaci\u00f3: Mar\u00e7 2026<\/p>\n<p dir=\"ltr\">3\u00aa avaluaci\u00f3 i final: Juny 2026<\/p>\n<p dir=\"ltr\"><strong>Finals de trimestre i quadrimestre:<\/strong><\/p>\n<p dir=\"ltr\">1r trimestre:\u00a0 Divendres 5 de desembre de 2025<\/p>\n<p dir=\"ltr\">1r quadrimestre: Divendres 30 de gener de 2026<\/p>\n<p dir=\"ltr\">2n trimestre: Divendres 13 de mar\u00e7 de 2026<\/p>\n<p dir=\"ltr\">3r trimestre: Divendres 19 de juny de 2026<\/p>\n<p dir=\"ltr\">2n quadrimestre: Divendres 19 de juny de 2026<\/p>\n<p>&nbsp;<\/p>\n<p><strong>CURR\u00cdCULUM<\/strong><\/p>\n<p><strong>LOMLOE<\/strong><\/p>\n<table style=\"width: 51.0931%; height: 858px;\">\n<tbody>\n<tr style=\"height: 33px;\">\n<td style=\"width: 50.7824%; height: 66px;\" rowspan=\"2\" width=\"356\"><\/td>\n<td style=\"width: 47.226%; height: 33px;\" colspan=\"4\" width=\"331\"><strong>CURSOS<\/strong><\/td>\n<\/tr>\n<tr style=\"height: 33px;\">\n<td style=\"width: 11.8065%; height: 33px;\" width=\"83\"><strong>1r<\/strong><\/td>\n<td style=\"width: 11.8065%; height: 33px;\" width=\"83\"><strong>2n<\/strong><\/td>\n<td style=\"width: 11.8065%; height: 33px;\" width=\"83\"><strong>3r<\/strong><\/td>\n<td style=\"width: 11.8065%; height: 33px;\" width=\"83\"><strong>4t<\/strong><\/td>\n<\/tr>\n<tr style=\"height: 33px;\">\n<td style=\"width: 50.7824%; height: 33px;\" width=\"356\">Llengua catalana i literatura<\/td>\n<td style=\"width: 11.8065%; height: 33px;\" width=\"83\">2<\/td>\n<td style=\"width: 11.8065%; height: 33px;\" width=\"83\">3<\/td>\n<td style=\"width: 11.8065%; height: 33px;\" width=\"83\">2<\/td>\n<td style=\"width: 11.8065%; height: 33px;\" width=\"83\">3<\/td>\n<\/tr>\n<tr style=\"height: 33px;\">\n<td style=\"width: 50.7824%; height: 33px;\" width=\"356\">Llengua castellana i literatura<\/td>\n<td style=\"width: 11.8065%; height: 33px;\" width=\"83\">2<\/td>\n<td style=\"width: 11.8065%; height: 33px;\" width=\"83\">3<\/td>\n<td style=\"width: 11.8065%; height: 33px;\" width=\"83\">2<\/td>\n<td style=\"width: 11.8065%; height: 33px;\" width=\"83\">3<\/td>\n<\/tr>\n<tr style=\"height: 33px;\">\n<td style=\"width: 50.7824%; height: 33px;\" width=\"356\">Llengua estrangera<\/td>\n<td style=\"width: 11.8065%; height: 33px;\" width=\"83\">3<\/td>\n<td style=\"width: 11.8065%; height: 33px;\" width=\"83\">3<\/td>\n<td style=\"width: 11.8065%; height: 33px;\" width=\"83\">2<span style=\"color: #3366ff;\">+1<\/span><\/td>\n<td style=\"width: 11.8065%; height: 33px;\" width=\"83\">3<\/td>\n<\/tr>\n<tr style=\"height: 33px;\">\n<td style=\"width: 50.7824%; height: 33px;\" width=\"356\">Matem\u00e0tiques<\/td>\n<td style=\"width: 11.8065%; height: 33px;\" width=\"83\">3<\/td>\n<td style=\"width: 11.8065%; height: 33px;\" width=\"83\">3<\/td>\n<td style=\"width: 11.8065%; height: 33px;\" width=\"83\">3<\/td>\n<td style=\"width: 11.8065%; height: 33px;\" width=\"83\">4<\/td>\n<\/tr>\n<tr style=\"height: 33px;\">\n<td style=\"width: 50.7824%; height: 33px;\" width=\"356\">Ci\u00e8ncies de la naturalesa: biologia i geologia<\/td>\n<td style=\"width: 11.8065%; height: 33px;\" width=\"83\">2<\/td>\n<td style=\"width: 11.8065%; height: 33px;\" width=\"83\"><\/td>\n<td style=\"width: 11.8065%; height: 33px;\" width=\"83\">2<\/td>\n<td style=\"width: 11.8065%; height: 33px;\" width=\"83\"><\/td>\n<\/tr>\n<tr style=\"height: 33px;\">\n<td style=\"width: 50.7824%; height: 33px;\" width=\"356\">Ci\u00e8ncies de la naturalesa: f\u00edsica i qu\u00edmica<\/td>\n<td style=\"width: 11.8065%; height: 33px;\" width=\"83\"><\/td>\n<td style=\"width: 11.8065%; height: 33px;\" width=\"83\">2<\/td>\n<td style=\"width: 11.8065%; height: 33px;\" width=\"83\">2<\/td>\n<td style=\"width: 11.8065%; height: 33px;\" width=\"83\"><\/td>\n<\/tr>\n<tr style=\"height: 33px;\">\n<td style=\"width: 50.7824%; height: 33px;\" width=\"356\">Ci\u00e8ncies socials<\/td>\n<td style=\"width: 11.8065%; height: 33px;\" width=\"83\">2<\/td>\n<td style=\"width: 11.8065%; height: 33px;\" width=\"83\">3<\/td>\n<td style=\"width: 11.8065%; height: 33px;\" width=\"83\">3<\/td>\n<td style=\"width: 11.8065%; height: 33px;\" width=\"83\">2<span style=\"color: #3366ff;\">+1<\/span><\/td>\n<\/tr>\n<tr style=\"height: 33px;\">\n<td style=\"width: 50.7824%; height: 33px;\" width=\"356\">Educaci\u00f3 f\u00edsica<\/td>\n<td style=\"width: 11.8065%; height: 33px;\" width=\"83\">2<\/td>\n<td style=\"width: 11.8065%; height: 33px;\" width=\"83\">2<\/td>\n<td style=\"width: 11.8065%; height: 33px;\" width=\"83\">2<\/td>\n<td style=\"width: 11.8065%; height: 33px;\" width=\"83\">2<\/td>\n<\/tr>\n<tr style=\"height: 33px;\">\n<td style=\"width: 50.7824%; height: 33px;\" width=\"356\">M\u00fasica<\/td>\n<td style=\"width: 11.8065%; height: 33px;\" width=\"83\">2<\/td>\n<td style=\"width: 11.8065%; height: 33px;\" width=\"83\">2<\/td>\n<td style=\"width: 11.8065%; height: 33px;\" width=\"83\"><\/td>\n<td style=\"width: 11.8065%; height: 33px;\" width=\"83\"><\/td>\n<\/tr>\n<tr style=\"height: 33px;\">\n<td style=\"width: 50.7824%; height: 33px;\" width=\"356\">Educaci\u00f3 visual i pl\u00e0stica<\/td>\n<td style=\"width: 11.8065%; height: 33px;\" width=\"83\">2<\/td>\n<td style=\"width: 11.8065%; height: 33px;\" width=\"83\"><\/td>\n<td style=\"width: 11.8065%; height: 33px;\" width=\"83\">2<\/td>\n<td style=\"width: 11.8065%; height: 33px;\" width=\"83\"><\/td>\n<\/tr>\n<tr style=\"height: 33px;\">\n<td style=\"width: 50.7824%; height: 33px;\" width=\"356\">Tecnologia<\/td>\n<td style=\"width: 11.8065%; height: 33px;\" width=\"83\">2<\/td>\n<td style=\"width: 11.8065%; height: 33px;\" width=\"83\">1<\/td>\n<td style=\"width: 11.8065%; height: 33px;\" width=\"83\">2<\/td>\n<td style=\"width: 11.8065%; height: 33px;\" width=\"83\"><\/td>\n<\/tr>\n<tr style=\"height: 33px;\">\n<td style=\"width: 50.7824%; height: 33px;\" width=\"356\">Religi\u00f3 o alternativa a la religi\u00f3<\/td>\n<td style=\"width: 11.8065%; height: 33px;\" width=\"83\">1<\/td>\n<td style=\"width: 11.8065%; height: 33px;\" width=\"83\">1<\/td>\n<td style=\"width: 11.8065%; height: 33px;\" width=\"83\">1<\/td>\n<td style=\"width: 11.8065%; height: 33px;\" width=\"83\">1<\/td>\n<\/tr>\n<tr style=\"height: 33px;\">\n<td style=\"width: 50.7824%; height: 33px;\">Educaci\u00f3 en valors \u00e8tics i c\u00edvics<\/td>\n<td style=\"width: 11.8065%; height: 33px;\"><\/td>\n<td style=\"width: 11.8065%; height: 33px;\"><\/td>\n<td style=\"width: 11.8065%; height: 33px;\"><span style=\"color: #3366ff;\">1**<\/span><\/td>\n<td style=\"width: 11.8065%; height: 33px;\">1<\/td>\n<\/tr>\n<tr style=\"height: 33px;\">\n<td style=\"width: 50.7824%; height: 33px;\" width=\"356\">Tutoria<\/td>\n<td style=\"width: 11.8065%; height: 33px;\" width=\"83\">1<\/td>\n<td style=\"width: 11.8065%; height: 33px;\" width=\"83\">1<\/td>\n<td style=\"width: 11.8065%; height: 33px;\" width=\"83\">1<\/td>\n<td style=\"width: 11.8065%; height: 33px;\" width=\"83\">1<\/td>\n<\/tr>\n<tr style=\"height: 33px;\">\n<td style=\"width: 50.7824%; height: 33px;\" width=\"356\">Mat\u00e8ries optatives<\/td>\n<td style=\"width: 11.8065%; height: 33px;\" width=\"83\">2<\/td>\n<td style=\"width: 11.8065%; height: 33px;\" width=\"83\">2<\/td>\n<td style=\"width: 11.8065%; height: 33px;\" width=\"83\">2<\/td>\n<td style=\"width: 11.8065%; height: 33px;\" width=\"83\">6<span style=\"color: #3366ff;\">+3<\/span><\/td>\n<\/tr>\n<tr style=\"height: 33px;\">\n<td style=\"width: 50.7824%; height: 33px;\"><span style=\"color: #3366ff;\">Estrat\u00e8gia digital<\/span><\/td>\n<td style=\"width: 11.8065%; height: 33px;\"><span style=\"color: #3366ff;\">1<\/span><\/td>\n<td style=\"width: 11.8065%; height: 33px;\"><span style=\"color: #3366ff;\">1<\/span><\/td>\n<td style=\"width: 11.8065%; height: 33px;\"><\/td>\n<td style=\"width: 11.8065%; height: 33px;\"><\/td>\n<\/tr>\n<tr style=\"height: 33px;\">\n<td style=\"width: 50.7824%; height: 33px;\"><span style=\"color: #3366ff;\">Science<\/span><\/td>\n<td style=\"width: 11.8065%; height: 33px;\"><span style=\"color: #3366ff;\">1<\/span><\/td>\n<td style=\"width: 11.8065%; height: 33px;\"><\/td>\n<td style=\"width: 11.8065%; height: 33px;\"><\/td>\n<td style=\"width: 11.8065%; height: 33px;\"><\/td>\n<\/tr>\n<tr style=\"height: 33px;\">\n<td style=\"width: 50.7824%; height: 33px;\"><span style=\"color: #3366ff;\">STEAM<\/span><\/td>\n<td style=\"width: 11.8065%; height: 33px;\"><\/td>\n<td style=\"width: 11.8065%; height: 33px;\"><span style=\"color: #3366ff;\">1<\/span><\/td>\n<td style=\"width: 11.8065%; height: 33px;\"><\/td>\n<td style=\"width: 11.8065%; height: 33px;\"><\/td>\n<\/tr>\n<tr style=\"height: 33px;\">\n<td style=\"width: 50.7824%; height: 33px;\"><span style=\"color: #0000ff;\">Fem r\u00e0dio<\/span><\/td>\n<td style=\"width: 11.8065%; height: 33px;\"><\/td>\n<td style=\"width: 11.8065%; height: 33px;\"><span style=\"color: #3366ff;\">1<\/span><\/td>\n<td style=\"width: 11.8065%; height: 33px;\"><\/td>\n<td style=\"width: 11.8065%; height: 33px;\"><\/td>\n<\/tr>\n<tr style=\"height: 33px;\">\n<td style=\"width: 50.7824%; height: 33px;\"><span style=\"color: #3366ff;\">M\u00f3n de lletres i Llenguatge al teu ritme<\/span><\/td>\n<td style=\"width: 11.8065%; height: 33px;\"><span style=\"color: #3366ff;\">2*<\/span><\/td>\n<td style=\"width: 11.8065%; height: 33px;\"><span style=\"color: #0000ff;\">1*<\/span><\/td>\n<td style=\"width: 11.8065%; height: 33px;\"><span style=\"color: #3366ff;\">2<\/span><\/td>\n<td style=\"width: 11.8065%; height: 33px;\"><\/td>\n<\/tr>\n<tr style=\"height: 33px;\">\n<td style=\"width: 50.7824%; height: 33px;\" width=\"356\"><span style=\"color: #3366ff;\">Servei comunitari<\/span><\/td>\n<td style=\"width: 11.8065%; height: 33px;\" width=\"83\"><\/td>\n<td style=\"width: 11.8065%; height: 33px;\" width=\"83\"><\/td>\n<td style=\"width: 23.613%; height: 33px;\" colspan=\"2\" width=\"165\"><span style=\"color: #3366ff;\">1**<\/span><\/td>\n<\/tr>\n<tr style=\"height: 33px;\">\n<td style=\"width: 50.7824%; height: 33px;\"><span style=\"color: #3366ff;\">Mat\u00e8ries de gesti\u00f3 aut\u00f2noma<\/span><\/td>\n<td style=\"width: 11.8065%; height: 33px;\"><span style=\"color: #3366ff;\">4<\/span><\/td>\n<td style=\"width: 11.8065%; height: 33px;\"><span style=\"color: #3366ff;\">4<\/span><\/td>\n<td style=\"width: 11.8065%; height: 33px;\"><span style=\"color: #3366ff;\">4<\/span><\/td>\n<td style=\"width: 11.8065%; height: 33px;\"><span style=\"color: #3366ff;\">4<\/span><\/td>\n<\/tr>\n<tr style=\"height: 33px;\">\n<td style=\"width: 50.7824%; height: 33px;\" width=\"356\">Treball de s\u00edntesi\/Projecte de recerca<\/td>\n<td style=\"width: 11.8065%; height: 33px;\" width=\"83\">(1)<\/td>\n<td style=\"width: 11.8065%; height: 33px;\" width=\"83\">(1)<\/td>\n<td style=\"width: 11.8065%; height: 33px;\" width=\"83\">(1)<\/td>\n<td style=\"width: 11.8065%; height: 33px;\" width=\"83\">(1)<\/td>\n<\/tr>\n<tr style=\"height: 33px;\">\n<td style=\"width: 50.7824%; height: 33px;\" width=\"356\"><strong>TOTAL<\/strong><\/td>\n<td style=\"width: 11.8065%; height: 33px;\" width=\"83\"><strong>30<\/strong><\/td>\n<td style=\"width: 11.8065%; height: 33px;\" width=\"83\"><strong>30<\/strong><\/td>\n<td style=\"width: 11.8065%; height: 33px;\" width=\"83\"><strong>30<\/strong><\/td>\n<td style=\"width: 11.8065%; height: 33px;\" width=\"83\"><strong>30<\/strong><\/td>\n<\/tr>\n<\/tbody>\n<\/table>\n<p>(*)M\u00f3n de lletres. 1r ESO :1h castell\u00e0, 1h catal\u00e0; 3r ESO: 2h catal\u00e0. Llenguatge al teu ritme 2n ESO: 1h castell\u00e0<\/p>\n<p>(**) Servei comunitari i educaci\u00f3 en valors<\/p>\n<p>(1) Mat\u00e8ria obligat\u00f2ria sense c\u00e0rrega lectiva<\/p>\n<p>&nbsp;<\/p>\n<p><strong>MAT\u00c8RIES OPTATIVES<br \/>\n<\/strong><\/p>\n<p><strong>FRANC\u00c8S<\/strong>:\u00a0 mat\u00e8ria anual: Lourdes Casals<\/p>\n<p><strong>4t ESO <\/strong>(3 hores setmanals)<\/p>\n<table style=\"width: 78.4346%; height: 177px;\">\n<tbody>\n<tr style=\"height: 32px;\">\n<td style=\"width: 209px; height: 32px;\"><strong>BLOC 1<\/strong><\/td>\n<td style=\"width: 188px; height: 32px;\"><strong>BLOC 2<\/strong><\/td>\n<td style=\"width: 167px; height: 32px;\"><strong>BLOC 3<\/strong><\/td>\n<\/tr>\n<tr style=\"height: 48px;\">\n<td style=\"width: 209px; height: 48px;\">Biologia i geologia <strong>(Olga Ciutat)<\/strong><\/td>\n<td style=\"width: 188px; height: 48px;\">F\u00edsica i qu\u00edmica (<strong>Ester Parache)<\/strong><\/td>\n<td style=\"width: 167px; height: 48px;\"><span style=\"background-color: #ffffff;\">Franc\u00e8s <strong>(Andrea Rubio<\/strong><\/span><strong style=\"background-color: #ffffff;\">)<\/strong><\/td>\n<\/tr>\n<tr style=\"height: 48px;\">\n<td style=\"width: 209px; height: 49px;\"><span style=\"background-color: #f9f9f9;\">Tecnologia\u00a0<\/span><strong style=\"background-color: #f9f9f9;\">(Edu Tudel)<\/strong><\/td>\n<td style=\"width: 188px; height: 49px;\">Expressi\u00f3 art\u00edstica\u00a0<strong>(Llu\u00eds Gim\u00e9nez)<\/strong><\/td>\n<td style=\"width: 167px; height: 49px;\">Digitalitzaci\u00f3 (<strong>Susana Garrido<\/strong>)<\/td>\n<\/tr>\n<tr style=\"height: 48px;\">\n<td style=\"width: 209px; height: 48px;\">Emprenedoria <strong>(Ana\u00efs Faiges)<\/strong><\/td>\n<td style=\"width: 188px; height: 48px;\">Filosofia: <strong>Martina Mart\u00ed<\/strong><\/td>\n<td style=\"width: 167px; height: 48px;\">M\u00fasica: <strong>\u00c8dison Montava<\/strong><\/td>\n<\/tr>\n<\/tbody>\n<\/table>\n<p>Els alumnes escullen una mat\u00e8ria de cada bloc i la fan tot el curs.<\/p>\n<p><strong>RELIGI\u00d3\/ ALTERNATIVA\u00a0\u00a0<\/strong><\/p>\n<p><strong>1r ESO <\/strong>(1 hora setmanal \/mat\u00e8ria anual)<\/p>\n<p>Religi\u00f3:<strong> professor\/a Religi\u00f3<\/strong><\/p>\n<p>1r ESO A. Alternativa a la Religi\u00f3: Gesti\u00f3 emocional<span style=\"font-family: inherit; font-size: 1em;\">: <\/span><strong style=\"font-family: inherit; font-size: 1em;\">Verena Viaene<\/strong><\/p>\n<p>1r ESO B. Alternativa a la Religi\u00f3: Gesti\u00f3 emocional<span style=\"font-family: inherit; font-size: 1em;\">: <strong>Anna Batlle<\/strong><\/span><\/p>\n<p>&nbsp;<\/p>\n<p><strong>2n ESO <\/strong>(1 hora setmanal \/mat\u00e8ria anual)<\/p>\n<p>Religi\u00f3:<strong>\u00a0professor\/a Religi\u00f3<\/strong><\/p>\n<p>2n ESO A: Alternativa a la Religi\u00f3: Club de debat: <b>Ana\u00efs Faiges<\/b><\/p>\n<p>2n ESO B: Alternativa a la Religi\u00f3: Club de debat: <strong>Anna Batlle<\/strong><\/p>\n<p>&nbsp;<\/p>\n<p><strong>3r ESO <\/strong>(1 hora setmanal \/mat\u00e8ria anual))<\/p>\n<p>Religi\u00f3:<strong>\u00a0professor\/a Religi\u00f3<\/strong><\/p>\n<p>3r ESO A: Alternativa a la Religi\u00f3: L&#8217;Art dels sentits : <strong>Andrea Rubio<\/strong><\/p>\n<p>3r ESO B: Alternativa a la Religi\u00f3: L&#8217;Art dels sentits : <strong>Ana\u00efs Faiges<\/strong><\/p>\n<p>3r ESO C: Alternativa a la Religi\u00f3: L&#8217;Art dels sentits : <strong>Llu\u00eds Gim\u00e9nez<\/strong><\/p>\n<p>&nbsp;<\/p>\n<p><strong>4t ESO <\/strong>(1 hora setmanal \/mat\u00e8ria anual)<\/p>\n<p>Religi\u00f3:<strong>\u00a0professor\/a Religi\u00f3<\/strong><\/p>\n<p>4t ESO A: Alternativa a la Religi\u00f3: Get ready for the world: <strong>Lluis Gim\u00e9nez<\/strong><\/p>\n<p>4t ESO B: Alternativa a la Religi\u00f3: Get ready for the world: <strong>Anna Quintana<\/strong><\/p>\n<p>&nbsp;<\/p>\n<p>&nbsp;<\/p>\n","protected":false},"excerpt":{"rendered":"<p>HORARIS\u00a0 Curs 2025\/2026 Horaris ESO Llibres de text curs 25\/26 &nbsp; TUTORS\u00a0 \u00a0Curs 2025\/2026 ESO NOM 1r ESO A \u00c8dison Montava 1r ESO B Cristian Fondevila 2n ESO A Ester Grau 2n ESO B Gemma Moln\u00e9 3r ESO A Anna Seluy 3r ESO B Juli Carri\u00f3n 3r ESO C \u00a0Miguel Mac\u00edas 4t ESO A Regina [&hellip;]<\/p>\n","protected":false},"author":1,"featured_media":0,"parent":195,"menu_order":0,"comment_status":"closed","ping_status":"closed","template":"","meta":{"_bbp_topic_count":0,"_bbp_reply_count":0,"_bbp_total_topic_count":0,"_bbp_total_reply_count":0,"_bbp_voice_count":0,"_bbp_anonymous_reply_count":0,"_bbp_topic_count_hidden":0,"_bbp_reply_count_hidden":0,"_bbp_forum_subforum_count":0,"site-sidebar-layout":"default","site-content-layout":"","ast-site-content-layout":"default","site-content-style":"default","site-sidebar-style":"default","ast-global-header-display":"","ast-banner-title-visibility":"","ast-main-header-display":"","ast-hfb-above-header-display":"","ast-hfb-below-header-display":"","ast-hfb-mobile-header-display":"","site-post-title":"","ast-breadcrumbs-content":"","ast-featured-img":"","footer-sml-layout":"","theme-transparent-header-meta":"default","adv-header-id-meta":"","stick-header-meta":"","header-above-stick-meta":"","header-main-stick-meta":"","header-below-stick-meta":"","astra-migrate-meta-layouts":"set","ast-page-background-enabled":"default","ast-page-background-meta":{"desktop":{"background-color":"var(--ast-global-color-4)","background-image":"","background-repeat":"repeat","background-position":"center center","background-size":"auto","background-attachment":"scroll","background-type":"","background-media":"","overlay-type":"","overlay-color":"","overlay-opacity":"","overlay-gradient":""},"tablet":{"background-color":"","background-image":"","background-repeat":"repeat","background-position":"center center","background-size":"auto","background-attachment":"scroll","background-type":"","background-media":"","overlay-type":"","overlay-color":"","overlay-opacity":"","overlay-gradient":""},"mobile":{"background-color":"","background-image":"","background-repeat":"repeat","background-position":"center center","background-size":"auto","background-attachment":"scroll","background-type":"","background-media":"","overlay-type":"","overlay-color":"","overlay-opacity":"","overlay-gradient":""}},"ast-content-background-meta":{"desktop":{"background-color":"var(--ast-global-color-5)","background-image":"","background-repeat":"repeat","background-position":"center center","background-size":"auto","background-attachment":"scroll","background-type":"","background-media":"","overlay-type":"","overlay-color":"","overlay-opacity":"","overlay-gradient":""},"tablet":{"background-color":"var(--ast-global-color-5)","background-image":"","background-repeat":"repeat","background-position":"center center","background-size":"auto","background-attachment":"scroll","background-type":"","background-media":"","overlay-type":"","overlay-color":"","overlay-opacity":"","overlay-gradient":""},"mobile":{"background-color":"var(--ast-global-color-5)","background-image":"","background-repeat":"repeat","background-position":"center center","background-size":"auto","background-attachment":"scroll","background-type":"","background-media":"","overlay-type":"","overlay-color":"","overlay-opacity":"","overlay-gradient":""}},"footnotes":""},"class_list":["post-1306","page","type-page","status-publish","hentry"],"post_mailing_queue_ids":[],"_links":{"self":[{"href":"https:\/\/agora.xtec.cat\/iespontdesuert\/wp-json\/wp\/v2\/pages\/1306","targetHints":{"allow":["GET"]}}],"collection":[{"href":"https:\/\/agora.xtec.cat\/iespontdesuert\/wp-json\/wp\/v2\/pages"}],"about":[{"href":"https:\/\/agora.xtec.cat\/iespontdesuert\/wp-json\/wp\/v2\/types\/page"}],"author":[{"embeddable":true,"href":"https:\/\/agora.xtec.cat\/iespontdesuert\/wp-json\/wp\/v2\/users\/1"}],"replies":[{"embeddable":true,"href":"https:\/\/agora.xtec.cat\/iespontdesuert\/wp-json\/wp\/v2\/comments?post=1306"}],"version-history":[{"count":8,"href":"https:\/\/agora.xtec.cat\/iespontdesuert\/wp-json\/wp\/v2\/pages\/1306\/revisions"}],"predecessor-version":[{"id":5523,"href":"https:\/\/agora.xtec.cat\/iespontdesuert\/wp-json\/wp\/v2\/pages\/1306\/revisions\/5523"}],"up":[{"embeddable":true,"href":"https:\/\/agora.xtec.cat\/iespontdesuert\/wp-json\/wp\/v2\/pages\/195"}],"wp:attachment":[{"href":"https:\/\/agora.xtec.cat\/iespontdesuert\/wp-json\/wp\/v2\/media?parent=1306"}],"curies":[{"name":"wp","href":"https:\/\/api.w.org\/{rel}","templated":true}]}}