{"id":796,"date":"2024-02-27T12:21:09","date_gmt":"2024-02-27T11:21:09","guid":{"rendered":"https:\/\/agora.xtec.cat\/iespompeufabra-bdn\/?page_id=796"},"modified":"2024-11-25T14:22:33","modified_gmt":"2024-11-25T13:22:33","slug":"carrosseria-dual","status":"publish","type":"page","link":"https:\/\/agora.xtec.cat\/iespompeufabra-bdn\/oferta-educativa\/formacio-profesional\/grau-mitja\/carrosseria-dual\/","title":{"rendered":"TM20 Carrosseria (Dual)"},"content":{"rendered":"<p><img loading=\"lazy\" decoding=\"async\" class=\"alignright wp-image-1809 size-full\" src=\"https:\/\/agora.xtec.cat\/iespompeufabra-bdn\/wp-content\/uploads\/usu2935\/2024\/11\/FPGM-FPGS-PFI-TransportiMantenimentDeVehicles.png\" alt=\"\" width=\"380\" height=\"285\" \/>Aquests estudis capaciten per reparar i muntar accessoris del vehicle i transformar-ne la carrosseria, el bastidor, la cabina i els equips, ajustant-se a procediments i temps establerts, complint amb les especificacions de qualitat, seguretat i protecci\u00f3 ambiental.<\/p>\n<p>La durada \u00e9s de 2.000 hores (1.485 en un centre educatiu i 515 (hores d&#8217;estada a l&#8217;empresa) en un centre de treball) distribu\u00efdes en\u00a0<strong>dos cursos<\/strong>\u00a0acad\u00e8mics.<\/p>\n<p><strong>Mat\u00e8ries i continguts que s&#8217;imparteixen:<\/strong><\/p>\n<ul class=\"llista-especial\">\n<li>Elements Amovibles<\/li>\n<li>Elements Met\u00e0l\u00b7lics i Sint\u00e8tics<\/li>\n<li>Elements Fixos<\/li>\n<li>Preparaci\u00f3 de Superf\u00edcies<\/li>\n<li>Elements Estructurals del Vehicle<\/li>\n<li>Embelliment de Superf\u00edcies<\/li>\n<li>Personalitzaci\u00f3 i Decoraci\u00f3 de Vehicles<\/li>\n<li>Angl\u00e8s Professional<\/li>\n<li>Digitalitzaci\u00f3 Aplicada als Sectors Productius<\/li>\n<li>Sostenibilitat Aplicada al Sistema Productiu<\/li>\n<li>Itinerari Personal per a l&#8217;Ocupabilitat I<\/li>\n<li>Itinerari Personal per a l&#8217;Ocupabilitat II<\/li>\n<li>Projecte Intermodular<\/li>\n<li>M\u00f2dul Professional Optatiu<\/li>\n<\/ul>\n<p><strong>Qu\u00e8 necessito per accedir-hi:<\/strong><\/p>\n<p>Pots accedir als cicles de grau mitj\u00e0 si compleixes algun dels requisits seg\u00fcents:<\/p>\n<p>Tenir un d\u2019aquests t\u00edtols:<\/p>\n<ul class=\"llista-especial\">\n<li>\u00a0Graduat\/ada en educaci\u00f3 secund\u00e0ria obligat\u00f2ria.<\/li>\n<li>\u00a0T\u00e8cnic\/a b\u00e0sic\/a.<\/li>\n<li>\u00a0T\u00e8cnic\/a.<\/li>\n<li>\u00a0T\u00e8cnic\/a superior.<\/li>\n<li>\u00a0T\u00e8cnic\/a auxiliar.<\/li>\n<li>\u00a0Batxillerat superior (plans educatius anteriors a la Llei org\u00e0nica 2\/2006, de 3 de maig).<\/li>\n<li>\u00a0Titulacions equivalents per accedir als cicles formatius de grau superior.<\/li>\n<\/ul>\n<p>O b\u00e9, haver superat:<\/p>\n<ul class=\"llista-especial\">\n<li>\u00a0Una oferta formativa de certificat professional inclosa en el cicle.<\/li>\n<li>\u00a0Un\u00a0curs de formaci\u00f3 preparatori per a l&#8217;acc\u00e9s als cicles de grau mitj\u00e0.<\/li>\n<li>\u00a0Una\u00a0prova d&#8217;acc\u00e9s.<\/li>\n<li>\u00a0El segon curs del primer cicle experimental de reforma dels ensenyaments mitjans.<\/li>\n<li>\u00a0El tercer curs del Pla 1963 o segon de comuns experimental dels ensenyaments d&#8217;arts aplicades i oficis art\u00edstics.<\/li>\n<li>\u00a0El segon curs de BUP, amb un m\u00e0xim de dues mat\u00e8ries suspeses.<\/li>\n<li>\u00a0Haver superat la prova d&#8217;acc\u00e9s a la universitat per a m\u00e9s grans de 25 o de 45 anys, o haver accedit a la universitat per tenir 40 anys o m\u00e9s i acreditar experi\u00e8ncia laboral o professional.<\/li>\n<li>Altres estudis o cursos de formaci\u00f3 equivalents acad\u00e8micament.<\/li>\n<\/ul>\n<div>\n<div class=\"row\">\n<h2 class=\"subtitle\">Quines s\u00f3n les sortides acad\u00e8miques i professionals<\/h2>\n<div id=\"bloc1-1\" class=\"panel-collapse collapse in\">\n<div class=\"col-xs-12 columna_esquerra\">\n<p><strong>Sortides acad\u00e8miques:<\/strong><br \/>\nAmb aquests estudis s&#8217;obt\u00e9 el t\u00edtol de\u00a0<strong>t\u00e8cnic o t\u00e8cnica<\/strong>, que permet accedir:<\/p>\n<ul>\n<li>Al batxillerat,<\/li>\n<li>A un cicle de grau superior de formaci\u00f3 professional<\/li>\n<\/ul>\n<p><strong>Sortides professionals:<\/strong><br \/>\nLa superaci\u00f3 d&#8217;aquest cicle formatiu permet accedir al <strong>m\u00f3n laboral<\/strong>\u00a0com a:<\/p>\n<ul>\n<li>Planxista, reparador o reparadora de carrosseries de vehicles;<\/li>\n<li>Instal\u00b7lador o instal\u00b7ladora de vidres i muntador o muntadora d\u2019accessoris, i<\/li>\n<li>Pintor o pintora de carrosseries de vehicles<\/li>\n<\/ul>\n<\/div>\n<\/div>\n<\/div>\n<\/div>\n","protected":false},"excerpt":{"rendered":"<p>Aquests estudis capaciten per reparar i muntar accessoris del vehicle i transformar-ne la carrosseria, el bastidor, la cabina i els [&hellip;]<\/p>\n","protected":false},"author":1,"featured_media":0,"parent":762,"menu_order":0,"comment_status":"closed","ping_status":"closed","template":"page-templates\/side-menu.php","meta":{"_bbp_topic_count":0,"_bbp_reply_count":0,"_bbp_total_topic_count":0,"_bbp_total_reply_count":0,"_bbp_voice_count":0,"_bbp_anonymous_reply_count":0,"_bbp_topic_count_hidden":0,"_bbp_reply_count_hidden":0,"_bbp_forum_subforum_count":0,"site-sidebar-layout":"default","site-content-layout":"","ast-site-content-layout":"","site-content-style":"default","site-sidebar-style":"default","ast-global-header-display":"","ast-banner-title-visibility":"","ast-main-header-display":"","ast-hfb-above-header-display":"","ast-hfb-below-header-display":"","ast-hfb-mobile-header-display":"","site-post-title":"","ast-breadcrumbs-content":"","ast-featured-img":"","footer-sml-layout":"","theme-transparent-header-meta":"","adv-header-id-meta":"","stick-header-meta":"","header-above-stick-meta":"","header-main-stick-meta":"","header-below-stick-meta":"","astra-migrate-meta-layouts":"default","ast-page-background-enabled":"default","ast-page-background-meta":{"desktop":{"background-color":"var(--ast-global-color-4)","background-image":"","background-repeat":"repeat","background-position":"center center","background-size":"auto","background-attachment":"scroll","background-type":"","background-media":"","overlay-type":"","overlay-color":"","overlay-opacity":"","overlay-gradient":""},"tablet":{"background-color":"","background-image":"","background-repeat":"repeat","background-position":"center center","background-size":"auto","background-attachment":"scroll","background-type":"","background-media":"","overlay-type":"","overlay-color":"","overlay-opacity":"","overlay-gradient":""},"mobile":{"background-color":"","background-image":"","background-repeat":"repeat","background-position":"center center","background-size":"auto","background-attachment":"scroll","background-type":"","background-media":"","overlay-type":"","overlay-color":"","overlay-opacity":"","overlay-gradient":""}},"ast-content-background-meta":{"desktop":{"background-color":"var(--ast-global-color-5)","background-image":"","background-repeat":"repeat","background-position":"center center","background-size":"auto","background-attachment":"scroll","background-type":"","background-media":"","overlay-type":"","overlay-color":"","overlay-opacity":"","overlay-gradient":""},"tablet":{"background-color":"var(--ast-global-color-5)","background-image":"","background-repeat":"repeat","background-position":"center center","background-size":"auto","background-attachment":"scroll","background-type":"","background-media":"","overlay-type":"","overlay-color":"","overlay-opacity":"","overlay-gradient":""},"mobile":{"background-color":"var(--ast-global-color-5)","background-image":"","background-repeat":"repeat","background-position":"center center","background-size":"auto","background-attachment":"scroll","background-type":"","background-media":"","overlay-type":"","overlay-color":"","overlay-opacity":"","overlay-gradient":""}},"footnotes":""},"class_list":["post-796","page","type-page","status-publish","hentry"],"post_mailing_queue_ids":[],"_links":{"self":[{"href":"https:\/\/agora.xtec.cat\/iespompeufabra-bdn\/wp-json\/wp\/v2\/pages\/796","targetHints":{"allow":["GET"]}}],"collection":[{"href":"https:\/\/agora.xtec.cat\/iespompeufabra-bdn\/wp-json\/wp\/v2\/pages"}],"about":[{"href":"https:\/\/agora.xtec.cat\/iespompeufabra-bdn\/wp-json\/wp\/v2\/types\/page"}],"author":[{"embeddable":true,"href":"https:\/\/agora.xtec.cat\/iespompeufabra-bdn\/wp-json\/wp\/v2\/users\/1"}],"replies":[{"embeddable":true,"href":"https:\/\/agora.xtec.cat\/iespompeufabra-bdn\/wp-json\/wp\/v2\/comments?post=796"}],"version-history":[{"count":6,"href":"https:\/\/agora.xtec.cat\/iespompeufabra-bdn\/wp-json\/wp\/v2\/pages\/796\/revisions"}],"predecessor-version":[{"id":1860,"href":"https:\/\/agora.xtec.cat\/iespompeufabra-bdn\/wp-json\/wp\/v2\/pages\/796\/revisions\/1860"}],"up":[{"embeddable":true,"href":"https:\/\/agora.xtec.cat\/iespompeufabra-bdn\/wp-json\/wp\/v2\/pages\/762"}],"wp:attachment":[{"href":"https:\/\/agora.xtec.cat\/iespompeufabra-bdn\/wp-json\/wp\/v2\/media?parent=796"}],"curies":[{"name":"wp","href":"https:\/\/api.w.org\/{rel}","templated":true}]}}

<p><img loading="lazy" decoding="async" class="alignright wp-image-1809 size-full" src="https://agora.xtec.cat/iespompeufabra-bdn/wp-content/uploads/usu2935/2024/11/FPGM-FPGS-PFI-TransportiMantenimentDeVehicles.png" alt="" width="380" height="285" />Aquests estudis capaciten per reparar i muntar accessoris del vehicle i transformar-ne la carrosseria, el bastidor, la cabina i els equips, ajustant-se a procediments i temps establerts, complint amb les especificacions de qualitat, seguretat i protecció ambiental.</p>
<p>La durada és de 2.000 hores (1.485 en un centre educatiu i 515 (hores d&#8217;estada a l&#8217;empresa) en un centre de treball) distribuïdes en <strong>dos cursos</strong> acadèmics.</p>
<p><strong>Matèries i continguts que s&#8217;imparteixen:</strong></p>
<ul class="llista-especial">
<li>Elements Amovibles</li>
<li>Elements Metàl·lics i Sintètics</li>
<li>Elements Fixos</li>
<li>Preparació de Superfícies</li>
<li>Elements Estructurals del Vehicle</li>
<li>Embelliment de Superfícies</li>
<li>Personalització i Decoració de Vehicles</li>
<li>Anglès Professional</li>
<li>Digitalització Aplicada als Sectors Productius</li>
<li>Sostenibilitat Aplicada al Sistema Productiu</li>
<li>Itinerari Personal per a l&#8217;Ocupabilitat I</li>
<li>Itinerari Personal per a l&#8217;Ocupabilitat II</li>
<li>Projecte Intermodular</li>
<li>Mòdul Professional Optatiu</li>
</ul>
<p><strong>Què necessito per accedir-hi:</strong></p>
<p>Pots accedir als cicles de grau mitjà si compleixes algun dels requisits següents:</p>
<p>Tenir un d’aquests títols:</p>
<ul class="llista-especial">
<li> Graduat/ada en educació secundària obligatòria.</li>
<li> Tècnic/a bàsic/a.</li>
<li> Tècnic/a.</li>
<li> Tècnic/a superior.</li>
<li> Tècnic/a auxiliar.</li>
<li> Batxillerat superior (plans educatius anteriors a la Llei orgànica 2/2006, de 3 de maig).</li>
<li> Titulacions equivalents per accedir als cicles formatius de grau superior.</li>
</ul>
<p>O bé, haver superat:</p>
<ul class="llista-especial">
<li> Una oferta formativa de certificat professional inclosa en el cicle.</li>
<li> Un curs de formació preparatori per a l&#8217;accés als cicles de grau mitjà.</li>
<li> Una prova d&#8217;accés.</li>
<li> El segon curs del primer cicle experimental de reforma dels ensenyaments mitjans.</li>
<li> El tercer curs del Pla 1963 o segon de comuns experimental dels ensenyaments d&#8217;arts aplicades i oficis artístics.</li>
<li> El segon curs de BUP, amb un màxim de dues matèries suspeses.</li>
<li> Haver superat la prova d&#8217;accés a la universitat per a més grans de 25 o de 45 anys, o haver accedit a la universitat per tenir 40 anys o més i acreditar experiència laboral o professional.</li>
<li>Altres estudis o cursos de formació equivalents acadèmicament.</li>
</ul>
<div>
<div class="row">
<h2 class="subtitle">Quines són les sortides acadèmiques i professionals</h2>
<div id="bloc1-1" class="panel-collapse collapse in">
<div class="col-xs-12 columna_esquerra">
<p><strong>Sortides acadèmiques:</strong><br />
Amb aquests estudis s&#8217;obté el títol de <strong>tècnic o tècnica</strong>, que permet accedir:</p>
<ul>
<li>Al batxillerat,</li>
<li>A un cicle de grau superior de formació professional</li>
</ul>
<p><strong>Sortides professionals:</strong><br />
La superació d&#8217;aquest cicle formatiu permet accedir al <strong>món laboral</strong> com a:</p>
<ul>
<li>Planxista, reparador o reparadora de carrosseries de vehicles;</li>
<li>Instal·lador o instal·ladora de vidres i muntador o muntadora d’accessoris, i</li>
<li>Pintor o pintora de carrosseries de vehicles</li>
</ul>
</div>
</div>
</div>
</div>
