{"id":778,"date":"2024-02-26T21:37:56","date_gmt":"2024-02-26T20:37:56","guid":{"rendered":"https:\/\/agora.xtec.cat\/iespompeufabra-bdn\/?page_id=778"},"modified":"2025-02-17T11:14:08","modified_gmt":"2025-02-17T10:14:08","slug":"erasmus","status":"publish","type":"page","link":"https:\/\/agora.xtec.cat\/iespompeufabra-bdn\/comissions\/erasmus\/","title":{"rendered":"Mobilitat Internacional"},"content":{"rendered":"<div id=\"block-eacheaderblock\" class=\"block block-eac-theme-helper block-eac-header-block\" style=\"background-color: #004494;\">\n<div class=\"ecl-container eac-header\">\n<h1><span style=\"color: #ffffff;\">Erasmus+<\/span><\/h1>\n<p class=\"eac-header--site-slogan\" style=\"color: #ffffff;\">EU programme for education, training, youth and sport<\/p>\n<\/div>\n<\/div>\n<h2 class=\"subtitle\" data-crawling=\"principal-title\"><strong>Vols viure una experi\u00e8ncia cultural \u00fanica en un altre pa\u00eds?<\/strong><\/h2>\n<p><img loading=\"lazy\" decoding=\"async\" class=\"alignleft wp-image-2119 size-medium\" src=\"https:\/\/agora.xtec.cat\/iespompeufabra-bdn\/wp-content\/uploads\/usu2935\/2025\/01\/erasmus.png_1149208599-300x217.png\" alt=\"\" width=\"300\" height=\"217\" srcset=\"https:\/\/agora.xtec.cat\/iespompeufabra-bdn\/wp-content\/uploads\/usu2935\/2025\/01\/erasmus.png_1149208599-300x217.png 300w, https:\/\/agora.xtec.cat\/iespompeufabra-bdn\/wp-content\/uploads\/usu2935\/2025\/01\/erasmus.png_1149208599.png 656w\" sizes=\"auto, (max-width: 300px) 100vw, 300px\" \/><\/p>\n<p><strong>El programa Erasmus+ et permet:<\/strong><\/p>\n<ul>\n<li>Estudiar en un altre pa\u00eds i en un altre idioma.<\/li>\n<li>Combinar formaci\u00f3 en centres de treball amb estudis.<\/li>\n<li>Obrir-te cam\u00ed en el m\u00f3n professional a Europa.<\/li>\n<\/ul>\n<h2><strong>Qu\u00e8 \u00e9s el programa Erasmus+?<\/strong><\/h2>\n<p>L&#8217;Erasmus+ promou l&#8217;intercanvi d&#8217;estudiants, principalment entre pa\u00efsos de la Uni\u00f3 Europea:<\/p>\n<ul>\n<li>T&#8217;ofereix fer part dels teus estudis a Europa.<\/li>\n<li>Pots fer una part o la totalitat de les hores de FCT\/DUAL a l&#8217;estranger i\/o estudiar una part del curr\u00edculum del cicle en un altre centre educatiu a Europa, i obtenir el ple reconeixement dels estudis cursats.<\/li>\n<li>Tamb\u00e9 tens l&#8217;opci\u00f3 de combinar FCT\/DUAL amb altres estudis.<\/li>\n<\/ul>\n<p>La mobilitat et permet millorar professionalment, et brinda l&#8217;oportunitat de viure una experi\u00e8ncia cultural \u00fanica en un altre pa\u00eds, aprendre un idioma nou, i con\u00e8ixer persones d&#8217;altres parts del m\u00f3n.<\/p>\n<p>La mobilitat t&#8217;obre cam\u00ed en el m\u00f3n professional a Europa!<\/p>\n<h2 class=\"basic_title col-sm-12 pd-10\"><strong>A qui s&#8217;adre\u00e7a?<\/strong><\/h2>\n<p>A alumnes de formaci\u00f3 professional que volen formar-se i adquirir aprenentatge pr\u00e0ctic en un altre pa\u00eds, amb la possibilitat d&#8217;obrir-se cam\u00ed en el mon professional a Europa.<\/p>\n<p><strong>Per a la convocat\u00f2ria 2022:<\/strong><\/p>\n<p><strong>Mobilitat de persones per motius d&#8217;aprenentatge (KA1)<\/strong>, que facilita la mobilitat d&#8217;estudiants de formaci\u00f3 professional.<\/p>\n<ul>\n<li>KA120-VET: Acreditacions Erasmus en formaci\u00f3 professional<\/li>\n<li>KA121-VET: Projectes acreditats de mobilitat d&#8217;estudiants i personal de formaci\u00f3 professional<\/li>\n<li>KA122-VET: Projectes de curta durada per a la mobilitat d&#8217;estudiants i personal de formaci\u00f3 professional<\/li>\n<\/ul>\n<p><strong>Cooperaci\u00f3 per a la innovaci\u00f3 i l&#8217;intercanvi de bones pr\u00e0ctiques (KA2)<\/strong>, que promou associacions estrat\u00e8giques entre organitzacions educatives o juvenils i altres actors rellevants.<\/p>\n<ul>\n<li>KA210-VET: Associacions a petita escala en formaci\u00f3n profesional.<\/li>\n<li>KA220-VET: Associacions de cooperaci\u00f3 en formaci\u00f3n profesional.<\/li>\n<\/ul>\n<h2 class=\"basic_title col-sm-12 pd-10\"><strong>CERTIFICAT<\/strong><\/h2>\n<p><embed width=\"500\" height=\"500\" src=\"https:\/\/agora.xtec.cat\/iespompeufabra-bdn\/wp-content\/uploads\/usu2935\/2024\/02\/Descarrega-en-angles.pdf\" type=\"application\/pdf\"><\/embed><\/p>\n","protected":false},"excerpt":{"rendered":"<p>Erasmus+ EU programme for education, training, youth and sport Vols viure una experi\u00e8ncia cultural \u00fanica en un altre pa\u00eds? El [&hellip;]<\/p>\n","protected":false},"author":1,"featured_media":0,"parent":529,"menu_order":0,"comment_status":"closed","ping_status":"closed","template":"","meta":{"_bbp_topic_count":0,"_bbp_reply_count":0,"_bbp_total_topic_count":0,"_bbp_total_reply_count":0,"_bbp_voice_count":0,"_bbp_anonymous_reply_count":0,"_bbp_topic_count_hidden":0,"_bbp_reply_count_hidden":0,"_bbp_forum_subforum_count":0,"site-sidebar-layout":"default","site-content-layout":"","ast-site-content-layout":"default","site-content-style":"default","site-sidebar-style":"default","ast-global-header-display":"","ast-banner-title-visibility":"","ast-main-header-display":"","ast-hfb-above-header-display":"","ast-hfb-below-header-display":"","ast-hfb-mobile-header-display":"","site-post-title":"","ast-breadcrumbs-content":"","ast-featured-img":"","footer-sml-layout":"","theme-transparent-header-meta":"","adv-header-id-meta":"","stick-header-meta":"","header-above-stick-meta":"","header-main-stick-meta":"","header-below-stick-meta":"","astra-migrate-meta-layouts":"set","ast-page-background-enabled":"default","ast-page-background-meta":{"desktop":{"background-color":"var(--ast-global-color-4)","background-image":"","background-repeat":"repeat","background-position":"center center","background-size":"auto","background-attachment":"scroll","background-type":"","background-media":"","overlay-type":"","overlay-color":"","overlay-opacity":"","overlay-gradient":""},"tablet":{"background-color":"","background-image":"","background-repeat":"repeat","background-position":"center center","background-size":"auto","background-attachment":"scroll","background-type":"","background-media":"","overlay-type":"","overlay-color":"","overlay-opacity":"","overlay-gradient":""},"mobile":{"background-color":"","background-image":"","background-repeat":"repeat","background-position":"center center","background-size":"auto","background-attachment":"scroll","background-type":"","background-media":"","overlay-type":"","overlay-color":"","overlay-opacity":"","overlay-gradient":""}},"ast-content-background-meta":{"desktop":{"background-color":"var(--ast-global-color-5)","background-image":"","background-repeat":"repeat","background-position":"center center","background-size":"auto","background-attachment":"scroll","background-type":"","background-media":"","overlay-type":"","overlay-color":"","overlay-opacity":"","overlay-gradient":""},"tablet":{"background-color":"var(--ast-global-color-5)","background-image":"","background-repeat":"repeat","background-position":"center center","background-size":"auto","background-attachment":"scroll","background-type":"","background-media":"","overlay-type":"","overlay-color":"","overlay-opacity":"","overlay-gradient":""},"mobile":{"background-color":"var(--ast-global-color-5)","background-image":"","background-repeat":"repeat","background-position":"center center","background-size":"auto","background-attachment":"scroll","background-type":"","background-media":"","overlay-type":"","overlay-color":"","overlay-opacity":"","overlay-gradient":""}},"footnotes":""},"class_list":["post-778","page","type-page","status-publish","hentry"],"post_mailing_queue_ids":[],"_links":{"self":[{"href":"https:\/\/agora.xtec.cat\/iespompeufabra-bdn\/wp-json\/wp\/v2\/pages\/778","targetHints":{"allow":["GET"]}}],"collection":[{"href":"https:\/\/agora.xtec.cat\/iespompeufabra-bdn\/wp-json\/wp\/v2\/pages"}],"about":[{"href":"https:\/\/agora.xtec.cat\/iespompeufabra-bdn\/wp-json\/wp\/v2\/types\/page"}],"author":[{"embeddable":true,"href":"https:\/\/agora.xtec.cat\/iespompeufabra-bdn\/wp-json\/wp\/v2\/users\/1"}],"replies":[{"embeddable":true,"href":"https:\/\/agora.xtec.cat\/iespompeufabra-bdn\/wp-json\/wp\/v2\/comments?post=778"}],"version-history":[{"count":6,"href":"https:\/\/agora.xtec.cat\/iespompeufabra-bdn\/wp-json\/wp\/v2\/pages\/778\/revisions"}],"predecessor-version":[{"id":2286,"href":"https:\/\/agora.xtec.cat\/iespompeufabra-bdn\/wp-json\/wp\/v2\/pages\/778\/revisions\/2286"}],"up":[{"embeddable":true,"href":"https:\/\/agora.xtec.cat\/iespompeufabra-bdn\/wp-json\/wp\/v2\/pages\/529"}],"wp:attachment":[{"href":"https:\/\/agora.xtec.cat\/iespompeufabra-bdn\/wp-json\/wp\/v2\/media?parent=778"}],"curies":[{"name":"wp","href":"https:\/\/api.w.org\/{rel}","templated":true}]}}

<div id="block-eacheaderblock" class="block block-eac-theme-helper block-eac-header-block" style="background-color: #004494;">
<div class="ecl-container eac-header">
<h1><span style="color: #ffffff;">Erasmus+</span></h1>
<p class="eac-header--site-slogan" style="color: #ffffff;">EU programme for education, training, youth and sport</p>
</div>
</div>
<h2 class="subtitle" data-crawling="principal-title"><strong>Vols viure una experiència cultural única en un altre país?</strong></h2>
<p><img loading="lazy" decoding="async" class="alignleft wp-image-2119 size-medium" src="https://agora.xtec.cat/iespompeufabra-bdn/wp-content/uploads/usu2935/2025/01/erasmus.png_1149208599-300x217.png" alt="" width="300" height="217" srcset="https://agora.xtec.cat/iespompeufabra-bdn/wp-content/uploads/usu2935/2025/01/erasmus.png_1149208599-300x217.png 300w, https://agora.xtec.cat/iespompeufabra-bdn/wp-content/uploads/usu2935/2025/01/erasmus.png_1149208599.png 656w" sizes="auto, (max-width: 300px) 100vw, 300px" /></p>
<p><strong>El programa Erasmus+ et permet:</strong></p>
<ul>
<li>Estudiar en un altre país i en un altre idioma.</li>
<li>Combinar formació en centres de treball amb estudis.</li>
<li>Obrir-te camí en el món professional a Europa.</li>
</ul>
<h2><strong>Què és el programa Erasmus+?</strong></h2>
<p>L&#8217;Erasmus+ promou l&#8217;intercanvi d&#8217;estudiants, principalment entre països de la Unió Europea:</p>
<ul>
<li>T&#8217;ofereix fer part dels teus estudis a Europa.</li>
<li>Pots fer una part o la totalitat de les hores de FCT/DUAL a l&#8217;estranger i/o estudiar una part del currículum del cicle en un altre centre educatiu a Europa, i obtenir el ple reconeixement dels estudis cursats.</li>
<li>També tens l&#8217;opció de combinar FCT/DUAL amb altres estudis.</li>
</ul>
<p>La mobilitat et permet millorar professionalment, et brinda l&#8217;oportunitat de viure una experiència cultural única en un altre país, aprendre un idioma nou, i conèixer persones d&#8217;altres parts del món.</p>
<p>La mobilitat t&#8217;obre camí en el món professional a Europa!</p>
<h2 class="basic_title col-sm-12 pd-10"><strong>A qui s&#8217;adreça?</strong></h2>
<p>A alumnes de formació professional que volen formar-se i adquirir aprenentatge pràctic en un altre país, amb la possibilitat d&#8217;obrir-se camí en el mon professional a Europa.</p>
<p><strong>Per a la convocatòria 2022:</strong></p>
<p><strong>Mobilitat de persones per motius d&#8217;aprenentatge (KA1)</strong>, que facilita la mobilitat d&#8217;estudiants de formació professional.</p>
<ul>
<li>KA120-VET: Acreditacions Erasmus en formació professional</li>
<li>KA121-VET: Projectes acreditats de mobilitat d&#8217;estudiants i personal de formació professional</li>
<li>KA122-VET: Projectes de curta durada per a la mobilitat d&#8217;estudiants i personal de formació professional</li>
</ul>
<p><strong>Cooperació per a la innovació i l&#8217;intercanvi de bones pràctiques (KA2)</strong>, que promou associacions estratègiques entre organitzacions educatives o juvenils i altres actors rellevants.</p>
<ul>
<li>KA210-VET: Associacions a petita escala en formación profesional.</li>
<li>KA220-VET: Associacions de cooperació en formación profesional.</li>
</ul>
<h2 class="basic_title col-sm-12 pd-10"><strong>CERTIFICAT</strong></h2>
<p><embed width="500" height="500" src="https://agora.xtec.cat/iespompeufabra-bdn/wp-content/uploads/usu2935/2024/02/Descarrega-en-angles.pdf" type="application/pdf"></embed></p>

<p>Erasmus+ EU programme for education, training, youth and sport Vols viure una experiència cultural única en un altre país? El [&hellip;]</p>
