{"id":768,"date":"2024-02-26T21:35:30","date_gmt":"2024-02-26T20:35:30","guid":{"rendered":"https:\/\/agora.xtec.cat\/iespompeufabra-bdn\/?page_id=768"},"modified":"2025-03-27T20:04:28","modified_gmt":"2025-03-27T19:04:28","slug":"programes-de-formacio-i-insercio-pfi","status":"publish","type":"page","link":"https:\/\/agora.xtec.cat\/iespompeufabra-bdn\/oferta-educativa\/programes-de-formacio-i-insercio-pfi\/","title":{"rendered":"PROGRAMES DE FORMACI\u00d3 I INSERCI\u00d3 (PFI)"},"content":{"rendered":"\n<figure class=\"wp-block-image alignright\"><img loading=\"lazy\" decoding=\"async\" width=\"300\" height=\"273\" src=\"https:\/\/agora.xtec.cat\/iespompeufabra-bdn\/wp-content\/uploads\/usu2935\/2024\/11\/380x285_PFI-300x273.png\" alt=\"\" class=\"wp-image-1836\" srcset=\"https:\/\/agora.xtec.cat\/iespompeufabra-bdn\/wp-content\/uploads\/usu2935\/2024\/11\/380x285_PFI-300x273.png 300w, https:\/\/agora.xtec.cat\/iespompeufabra-bdn\/wp-content\/uploads\/usu2935\/2024\/11\/380x285_PFI.png 313w\" sizes=\"auto, (max-width: 300px) 100vw, 300px\" \/><\/figure>\n\n\n\n<p>Els programes de formaci\u00f3 i inserci\u00f3 (PFI) s\u00f3n el primer nivell de qualificaci\u00f3 dins dels estudis de formaci\u00f3 professional i s&#8217;adscriuen a diferents fam\u00edlies professionals.<\/p>\n\n\n\n<p>Els PFI s&#8217;adrecen a joves d&#8217;entre 16 i 21 anys que no han finalitzat l&#8217;educaci\u00f3 secund\u00e0ria obligat\u00f2ria. S\u00f3n estudis voluntaris i la seva durada \u00e9s d&#8217;un curs acad\u00e8mic (1.000 hores).<\/p>\n\n\n\n<p>Els i les alumnes de PFI reben un acompanyament i una tutoritzaci\u00f3 essencial per a l&#8217;assoliment dels objectius del programa. Els aprenentatges s\u00f3n vivencials i vinculats amb l&#8217;entorn proper, i inclouen pr\u00e0ctiques en empresa; s&#8217;apr\u00e8n fent, utilitzant metodologies actives i globals.<\/p>\n\n\n\n<p>Amb els PFI, d&#8217;una banda, es facilita la continu\u00eftat formativa dins de la formaci\u00f3 professional i, de l&#8217;altra, l&#8217;aprenentatge de les compet\u00e8ncies transversals i professionals necess\u00e0ries per al m\u00f3n del treball.<\/p>\n\n\n\n<p>A l&#8217;institut Pompeu Fabra de Badalona actualment s&#8217;imparteix els programe de formaci\u00f3 i inserci\u00f3 (PFI) de la Fam\u00edlia professional:<\/p>\n\n\n\n<p><strong>Edificaci\u00f3 i obra civil:<\/strong><\/p>\n\n\n\n<ul class=\"wp-block-list\">\n<li><a href=\"https:\/\/agora.xtec.cat\/iespompeufabra-bdn\/oferta-educativa\/programes-de-formacio-i-insercio-pfi\/auxiliar-de-pintura\/\">Auxiliar de Pintura.<\/a><\/li>\n<\/ul>\n\n\n\n<div>\n<div>\n<div class=\"row\">\n<h2 class=\"subtitle\">Qu\u00e8 necessito per accedir-hi<\/h2>\n<\/div>\n<\/div>\n<\/div>\n\n\n\n<div class=\"pd-15x\">\n<p>Poden accedir a aquest programa de formaci\u00f3 i inserci\u00f3 (PFI) els joves&nbsp;que compleixin com a m\u00ednim 16 anys d&#8217;edat i com a m\u00e0xim 21 en l&#8217;any d\u2019inici del programa i que no hagin obtingut el graduat en ESO.<\/p>\n<p>Els&nbsp;<strong>tr\u00e0mits<\/strong>&nbsp;s\u00f3n:<\/p>\n<ul>\n<li>Per cursar un programa de formaci\u00f3 i inserci\u00f3 organitzat pel Departament d&#8217;Educaci\u00f3 (PTT, FIAP i PIP en institut) cal fer la preinscripci\u00f3 i matr\u00edcula segons les directrius d&#8217;aquest Departament.<\/li>\n<li>Per cursar un programa de formaci\u00f3 i inserci\u00f3 (PFI) organitzat per centres docents privats o establiments, cal informar-se&#8217;n en el mateix centre o establiment.<\/li>\n<\/ul>\n<div>\n<div>\n<div class=\"row\">\n<h2 class=\"subtitle\">Quines s\u00f3n les sortides acad\u00e8miques i professionals<\/h2>\n<\/div>\n<\/div>\n<\/div>\n<div class=\"pd-15x\">\n<p>La superaci\u00f3 d&#8217;aquest programa de formaci\u00f3 i inserci\u00f3 (PFI) comporta el seg\u00fcent:<\/p>\n<ul>\n<li>Certificat acad\u00e8mic i professional, que cont\u00e9 la qualificaci\u00f3 final obtinguda en el PFI i acredita les compet\u00e8ncies professionals assolides.<\/li>\n<li>Certificat del Curs d\u2019acc\u00e9s als cicles formatius de grau mitj\u00e0 (CAM), si el PFI s\u2019ha cursat en un centre autoritzat a impartir aquest Curs d\u2019acc\u00e9s.<\/li>\n<li>Acc\u00e9s als cicles formatius de grau mitj\u00e0, d\u2019acord amb la Resoluci\u00f3 EDU\/2638\/2020, de 26 d&#8217;octubre.<\/li>\n<li>Reconeixement dels m\u00f2duls professionals superats en el PFI per a l&#8217;obtenci\u00f3 del t\u00edtol professional b\u00e0sic associat al perfil.<\/li>\n<li>Certificat de professionalitat que emet l&#8217;Administraci\u00f3 laboral.<\/li>\n<li>Acc\u00e9s als centres de formaci\u00f3 d&#8217;adults per obtenir el graduat en educaci\u00f3 secund\u00e0ria obligat\u00f2ria (GESO), sense complir el requisit de tenir 18 anys.<\/li>\n<\/ul>\n<\/div>\n<\/div>\n\n\n\n<ul class=\"wp-block-list\"><\/ul>\n","protected":false},"excerpt":{"rendered":"<p>Els programes de formaci\u00f3 i inserci\u00f3 (PFI) s\u00f3n el primer nivell de qualificaci\u00f3 dins dels estudis de formaci\u00f3 professional i [&hellip;]<\/p>\n","protected":false},"author":1,"featured_media":0,"parent":1513,"menu_order":6,"comment_status":"closed","ping_status":"closed","template":"","meta":{"_bbp_topic_count":0,"_bbp_reply_count":0,"_bbp_total_topic_count":0,"_bbp_total_reply_count":0,"_bbp_voice_count":0,"_bbp_anonymous_reply_count":0,"_bbp_topic_count_hidden":0,"_bbp_reply_count_hidden":0,"_bbp_forum_subforum_count":0,"site-sidebar-layout":"default","site-content-layout":"","ast-site-content-layout":"default","site-content-style":"default","site-sidebar-style":"default","ast-global-header-display":"","ast-banner-title-visibility":"","ast-main-header-display":"","ast-hfb-above-header-display":"","ast-hfb-below-header-display":"","ast-hfb-mobile-header-display":"","site-post-title":"","ast-breadcrumbs-content":"","ast-featured-img":"","footer-sml-layout":"","theme-transparent-header-meta":"","adv-header-id-meta":"","stick-header-meta":"","header-above-stick-meta":"","header-main-stick-meta":"","header-below-stick-meta":"","astra-migrate-meta-layouts":"set","ast-page-background-enabled":"default","ast-page-background-meta":{"desktop":{"background-color":"var(--ast-global-color-4)","background-image":"","background-repeat":"repeat","background-position":"center center","background-size":"auto","background-attachment":"scroll","background-type":"","background-media":"","overlay-type":"","overlay-color":"","overlay-opacity":"","overlay-gradient":""},"tablet":{"background-color":"","background-image":"","background-repeat":"repeat","background-position":"center center","background-size":"auto","background-attachment":"scroll","background-type":"","background-media":"","overlay-type":"","overlay-color":"","overlay-opacity":"","overlay-gradient":""},"mobile":{"background-color":"","background-image":"","background-repeat":"repeat","background-position":"center center","background-size":"auto","background-attachment":"scroll","background-type":"","background-media":"","overlay-type":"","overlay-color":"","overlay-opacity":"","overlay-gradient":""}},"ast-content-background-meta":{"desktop":{"background-color":"var(--ast-global-color-5)","background-image":"","background-repeat":"repeat","background-position":"center center","background-size":"auto","background-attachment":"scroll","background-type":"","background-media":"","overlay-type":"","overlay-color":"","overlay-opacity":"","overlay-gradient":""},"tablet":{"background-color":"var(--ast-global-color-5)","background-image":"","background-repeat":"repeat","background-position":"center center","background-size":"auto","background-attachment":"scroll","background-type":"","background-media":"","overlay-type":"","overlay-color":"","overlay-opacity":"","overlay-gradient":""},"mobile":{"background-color":"var(--ast-global-color-5)","background-image":"","background-repeat":"repeat","background-position":"center center","background-size":"auto","background-attachment":"scroll","background-type":"","background-media":"","overlay-type":"","overlay-color":"","overlay-opacity":"","overlay-gradient":""}},"footnotes":""},"class_list":["post-768","page","type-page","status-publish","hentry"],"post_mailing_queue_ids":[],"_links":{"self":[{"href":"https:\/\/agora.xtec.cat\/iespompeufabra-bdn\/wp-json\/wp\/v2\/pages\/768","targetHints":{"allow":["GET"]}}],"collection":[{"href":"https:\/\/agora.xtec.cat\/iespompeufabra-bdn\/wp-json\/wp\/v2\/pages"}],"about":[{"href":"https:\/\/agora.xtec.cat\/iespompeufabra-bdn\/wp-json\/wp\/v2\/types\/page"}],"author":[{"embeddable":true,"href":"https:\/\/agora.xtec.cat\/iespompeufabra-bdn\/wp-json\/wp\/v2\/users\/1"}],"replies":[{"embeddable":true,"href":"https:\/\/agora.xtec.cat\/iespompeufabra-bdn\/wp-json\/wp\/v2\/comments?post=768"}],"version-history":[{"count":6,"href":"https:\/\/agora.xtec.cat\/iespompeufabra-bdn\/wp-json\/wp\/v2\/pages\/768\/revisions"}],"predecessor-version":[{"id":2595,"href":"https:\/\/agora.xtec.cat\/iespompeufabra-bdn\/wp-json\/wp\/v2\/pages\/768\/revisions\/2595"}],"up":[{"embeddable":true,"href":"https:\/\/agora.xtec.cat\/iespompeufabra-bdn\/wp-json\/wp\/v2\/pages\/1513"}],"wp:attachment":[{"href":"https:\/\/agora.xtec.cat\/iespompeufabra-bdn\/wp-json\/wp\/v2\/media?parent=768"}],"curies":[{"name":"wp","href":"https:\/\/api.w.org\/{rel}","templated":true}]}}

PROGRAMES DE FORMACIÓ I INSERCIÓ (PFI)

<figure class="wp-block-image alignright"><img loading="lazy" decoding="async" width="300" height="273" src="https://agora.xtec.cat/iespompeufabra-bdn/wp-content/uploads/usu2935/2024/11/380x285_PFI-300x273.png" alt="" class="wp-image-1836" srcset="https://agora.xtec.cat/iespompeufabra-bdn/wp-content/uploads/usu2935/2024/11/380x285_PFI-300x273.png 300w, https://agora.xtec.cat/iespompeufabra-bdn/wp-content/uploads/usu2935/2024/11/380x285_PFI.png 313w" sizes="auto, (max-width: 300px) 100vw, 300px" /></figure>



<p>Els programes de formació i inserció (PFI) són el primer nivell de qualificació dins dels estudis de formació professional i s&#8217;adscriuen a diferents famílies professionals.</p>



<p>Els PFI s&#8217;adrecen a joves d&#8217;entre 16 i 21 anys que no han finalitzat l&#8217;educació secundària obligatòria. Són estudis voluntaris i la seva durada és d&#8217;un curs acadèmic (1.000 hores).</p>



<p>Els i les alumnes de PFI reben un acompanyament i una tutorització essencial per a l&#8217;assoliment dels objectius del programa. Els aprenentatges són vivencials i vinculats amb l&#8217;entorn proper, i inclouen pràctiques en empresa; s&#8217;aprèn fent, utilitzant metodologies actives i globals.</p>



<p>Amb els PFI, d&#8217;una banda, es facilita la continuïtat formativa dins de la formació professional i, de l&#8217;altra, l&#8217;aprenentatge de les competències transversals i professionals necessàries per al món del treball.</p>



<p>A l&#8217;institut Pompeu Fabra de Badalona actualment s&#8217;imparteix els programe de formació i inserció (PFI) de la Família professional:</p>



<p><strong>Edificació i obra civil:</strong></p>



<ul class="wp-block-list">
<li><a href="https://agora.xtec.cat/iespompeufabra-bdn/oferta-educativa/programes-de-formacio-i-insercio-pfi/auxiliar-de-pintura/">Auxiliar de Pintura.</a></li>
</ul>



<div>
<div>
<div class="row">
<h2 class="subtitle">Què necessito per accedir-hi</h2>
</div>
</div>
</div>



<div class="pd-15x">
<p>Poden accedir a aquest programa de formació i inserció (PFI) els joves&nbsp;que compleixin com a mínim 16 anys d&#8217;edat i com a màxim 21 en l&#8217;any d’inici del programa i que no hagin obtingut el graduat en ESO.</p>
<p>Els&nbsp;<strong>tràmits</strong>&nbsp;són:</p>
<ul>
<li>Per cursar un programa de formació i inserció organitzat pel Departament d&#8217;Educació (PTT, FIAP i PIP en institut) cal fer la preinscripció i matrícula segons les directrius d&#8217;aquest Departament.</li>
<li>Per cursar un programa de formació i inserció (PFI) organitzat per centres docents privats o establiments, cal informar-se&#8217;n en el mateix centre o establiment.</li>
</ul>
<div>
<div>
<div class="row">
<h2 class="subtitle">Quines són les sortides acadèmiques i professionals</h2>
</div>
</div>
</div>
<div class="pd-15x">
<p>La superació d&#8217;aquest programa de formació i inserció (PFI) comporta el següent:</p>
<ul>
<li>Certificat acadèmic i professional, que conté la qualificació final obtinguda en el PFI i acredita les competències professionals assolides.</li>
<li>Certificat del Curs d’accés als cicles formatius de grau mitjà (CAM), si el PFI s’ha cursat en un centre autoritzat a impartir aquest Curs d’accés.</li>
<li>Accés als cicles formatius de grau mitjà, d’acord amb la Resolució EDU/2638/2020, de 26 d&#8217;octubre.</li>
<li>Reconeixement dels mòduls professionals superats en el PFI per a l&#8217;obtenció del títol professional bàsic associat al perfil.</li>
<li>Certificat de professionalitat que emet l&#8217;Administració laboral.</li>
<li>Accés als centres de formació d&#8217;adults per obtenir el graduat en educació secundària obligatòria (GESO), sense complir el requisit de tenir 18 anys.</li>
</ul>
</div>
</div>



<ul class="wp-block-list"></ul>

<p>Els programes de formació i inserció (PFI) són el primer nivell de qualificació dins dels estudis de formació professional i [&hellip;]</p>
