{"id":3055,"date":"2025-09-12T12:36:19","date_gmt":"2025-09-12T10:36:19","guid":{"rendered":"https:\/\/agora.xtec.cat\/iespompeufabra-bdn\/?page_id=3055"},"modified":"2025-11-24T10:31:28","modified_gmt":"2025-11-24T09:31:28","slug":"fp-dual","status":"publish","type":"page","link":"https:\/\/agora.xtec.cat\/iespompeufabra-bdn\/fp-dual\/","title":{"rendered":"FP Dual"},"content":{"rendered":"\n<p>La formaci\u00f3 dual \u00e9s la modalitat de la formaci\u00f3 professional (FP) en la qual <strong>l&#8217;estudiant esdev\u00e9<br>aprenent i combina la formaci\u00f3 en el centre educatiu<\/strong> amb l&#8217;activitat productiva en empreses<br>col\u00b7laboradores. Els <strong>objectius<\/strong> s\u00f3n:<br>&#8211; <strong>Adequar la formaci\u00f3 professional<\/strong> a les necessitats de les empreses,<br>&#8211; <strong>Establir una major vinculaci\u00f3 i corresponsabilitat entre els centres de formaci\u00f3 professional<br>i les empreses<\/strong>, en el proc\u00e9s formatiu del jovent,<br>&#8211; <strong>Millorar el proc\u00e9s d&#8217;aprenentatge<\/strong> dels estudiants de formaci\u00f3 professional.<\/p>\n\n\n\n<p><strong>Quins s\u00f3n els seus beneficis?<\/strong><\/p>\n\n\n\n<p>La formaci\u00f3 dual aporta als alumnes:<\/p>\n\n\n\n<ul class=\"wp-block-list\">\n<li>Millorar el curr\u00edculum professional<\/li>\n\n\n\n<li>Desenvolupar les compet\u00e8ncies professionals en un entorn laboral real<\/li>\n\n\n\n<li>Afavorir la incorporaci\u00f3 al m\u00f3n laboral com a aprenent qualificat<\/li>\n\n\n\n<li>Recon\u00e8ixer el valor que aporta l&#8217;estudiant per l&#8217;activitat desenvolupada a l&#8217;empresa<br>Alhora l&#8217;empresa i el centre educatiu tamb\u00e9 n&#8217;obtenen beneficis, en tant en quant incorporen<br>personal qualificat a l&#8217;empresa,i els centres intercanvien i transfereixen coneixements amb les<br>empreses.<\/li>\n<\/ul>\n\n\n\n<p><strong>Com Funciona?<\/strong><\/p>\n\n\n\n<p>La col\u00b7laboraci\u00f3 entre el centre i l&#8217;empresa es formalitza mitjan\u00e7ant un conveni de col\u00b7laboraci\u00f3.<br>Per a cada alumne s&#8217;acorden les activitats formatives a desenvolupar en l&#8217;empresa per completar la<br>seva qualificaci\u00f3, aix\u00ed com l&#8217;horari i el calendari.<br>L&#8217;empresa acull l&#8217;aprenent i li assigna un lloc de treball adient.<br>El centre educatiu i l&#8217;empresa designen els tutors que fan el seguiment dels alumnes aprenents.<br>El seguiment i la valoraci\u00f3 de l&#8217;aprenent es fa de forma conjunta entre l&#8217;empresa i el centre.<\/p>\n\n\n\n<p><strong>Galeria de v\u00eddeos d\u2019informaci\u00f3<\/strong><\/p>\n\n\n\n<figure class=\"wp-block-image size-large\"><a href=\"https:\/\/www.youtube.com\/@PROF-AbelJimenezBarrantes\"><img loading=\"lazy\" decoding=\"async\" width=\"1024\" height=\"583\" src=\"https:\/\/agora.xtec.cat\/iespompeufabra-bdn\/wp-content\/uploads\/usu2935\/2025\/11\/Captura-de-pantalla-2025-11-24-a-las-10.29.49-1024x583.png\" alt=\"\" class=\"wp-image-3215\" srcset=\"https:\/\/agora.xtec.cat\/iespompeufabra-bdn\/wp-content\/uploads\/usu2935\/2025\/11\/Captura-de-pantalla-2025-11-24-a-las-10.29.49-1024x583.png 1024w, https:\/\/agora.xtec.cat\/iespompeufabra-bdn\/wp-content\/uploads\/usu2935\/2025\/11\/Captura-de-pantalla-2025-11-24-a-las-10.29.49-300x171.png 300w, https:\/\/agora.xtec.cat\/iespompeufabra-bdn\/wp-content\/uploads\/usu2935\/2025\/11\/Captura-de-pantalla-2025-11-24-a-las-10.29.49-768x438.png 768w, https:\/\/agora.xtec.cat\/iespompeufabra-bdn\/wp-content\/uploads\/usu2935\/2025\/11\/Captura-de-pantalla-2025-11-24-a-las-10.29.49.png 1246w\" sizes=\"auto, (max-width: 1024px) 100vw, 1024px\" \/><\/a><\/figure>\n\n\n\n<ol class=\"wp-block-list\"><\/ol>\n\n\n\n<p><a href=\"https:\/\/youtu.be\/QHSBOxAG3eE\">1. <strong>L&#8217;FP DUAL &#8211; Qu\u00e8 \u00e9s i r\u00e8gims<\/strong><\/a><\/p>\n\n\n\n<p><strong><a href=\"https:\/\/www.youtube.com\/watch?v=1RZd2iWSneA\">2. L&#8217;FP Dual &#8211; Import beca formativa<\/a><\/strong><\/p>\n\n\n\n<p><strong><a href=\"https:\/\/www.youtube.com\/watch?v=H5-Yzu5bvkw\">3. Dual intensiva amb contracte<\/a><\/strong><\/p>\n\n\n\n<p><strong>Empreses ol\u00b7laboradores<\/strong><\/p>\n\n\n\n<figure class=\"wp-block-image size-large\"><a href=\"https:\/\/agora.xtec.cat\/iespompeufabra-bdn\/wp-content\/uploads\/usu2935\/2025\/10\/Captura-de-pantalla-2025-10-06-a-las-11.28.56-1.png\"><img loading=\"lazy\" decoding=\"async\" width=\"1024\" height=\"555\" src=\"https:\/\/agora.xtec.cat\/iespompeufabra-bdn\/wp-content\/uploads\/usu2935\/2025\/10\/Captura-de-pantalla-2025-10-06-a-las-11.28.56-1-1024x555.png\" alt=\"\" class=\"wp-image-3112\" srcset=\"https:\/\/agora.xtec.cat\/iespompeufabra-bdn\/wp-content\/uploads\/usu2935\/2025\/10\/Captura-de-pantalla-2025-10-06-a-las-11.28.56-1-1024x555.png 1024w, https:\/\/agora.xtec.cat\/iespompeufabra-bdn\/wp-content\/uploads\/usu2935\/2025\/10\/Captura-de-pantalla-2025-10-06-a-las-11.28.56-1-300x163.png 300w, https:\/\/agora.xtec.cat\/iespompeufabra-bdn\/wp-content\/uploads\/usu2935\/2025\/10\/Captura-de-pantalla-2025-10-06-a-las-11.28.56-1-768x416.png 768w, https:\/\/agora.xtec.cat\/iespompeufabra-bdn\/wp-content\/uploads\/usu2935\/2025\/10\/Captura-de-pantalla-2025-10-06-a-las-11.28.56-1-1536x833.png 1536w, https:\/\/agora.xtec.cat\/iespompeufabra-bdn\/wp-content\/uploads\/usu2935\/2025\/10\/Captura-de-pantalla-2025-10-06-a-las-11.28.56-1.png 1704w\" sizes=\"auto, (max-width: 1024px) 100vw, 1024px\" \/><\/a><\/figure>\n\n\n\n<p><\/p>\n","protected":false},"excerpt":{"rendered":"<p>La formaci\u00f3 dual \u00e9s la modalitat de la formaci\u00f3 professional (FP) en la qual l&#8217;estudiant esdev\u00e9aprenent i combina la formaci\u00f3 [&hellip;]<\/p>\n","protected":false},"author":1,"featured_media":0,"parent":0,"menu_order":0,"comment_status":"closed","ping_status":"close","template":"","meta":{"_bbp_topic_count":0,"_bbp_reply_count":0,"_bbp_total_topic_count":0,"_bbp_total_reply_count":0,"_bbp_voice_count":0,"_bbp_anonymous_reply_count":0,"_bbp_topic_count_hidden":0,"_bbp_reply_count_hidden":0,"_bbp_forum_subforum_count":0,"site-sidebar-layout":"default","site-content-layout":"","ast-site-content-layout":"default","site-content-style":"default","site-sidebar-style":"default","ast-global-header-display":"","ast-banner-title-visibility":"","ast-main-header-display":"","ast-hfb-above-header-display":"","ast-hfb-below-header-display":"","ast-hfb-mobile-header-display":"","site-post-title":"","ast-breadcrumbs-content":"","ast-featured-img":"","footer-sml-layout":"","theme-transparent-header-meta":"","adv-header-id-meta":"","stick-header-meta":"","header-above-stick-meta":"","header-main-stick-meta":"","header-below-stick-meta":"","astra-migrate-meta-layouts":"set","ast-page-background-enabled":"default","ast-page-background-meta":{"desktop":{"background-color":"var(--ast-global-color-4)","background-image":"","background-repeat":"repeat","background-position":"center center","background-size":"auto","background-attachment":"scroll","background-type":"","background-media":"","overlay-type":"","overlay-color":"","overlay-opacity":"","overlay-gradient":""},"tablet":{"background-color":"","background-image":"","background-repeat":"repeat","background-position":"center center","background-size":"auto","background-attachment":"scroll","background-type":"","background-media":"","overlay-type":"","overlay-color":"","overlay-opacity":"","overlay-gradient":""},"mobile":{"background-color":"","background-image":"","background-repeat":"repeat","background-position":"center center","background-size":"auto","background-attachment":"scroll","background-type":"","background-media":"","overlay-type":"","overlay-color":"","overlay-opacity":"","overlay-gradient":""}},"ast-content-background-meta":{"desktop":{"background-color":"var(--ast-global-color-5)","background-image":"","background-repeat":"repeat","background-position":"center center","background-size":"auto","background-attachment":"scroll","background-type":"","background-media":"","overlay-type":"","overlay-color":"","overlay-opacity":"","overlay-gradient":""},"tablet":{"background-color":"var(--ast-global-color-5)","background-image":"","background-repeat":"repeat","background-position":"center center","background-size":"auto","background-attachment":"scroll","background-type":"","background-media":"","overlay-type":"","overlay-color":"","overlay-opacity":"","overlay-gradient":""},"mobile":{"background-color":"var(--ast-global-color-5)","background-image":"","background-repeat":"repeat","background-position":"center center","background-size":"auto","background-attachment":"scroll","background-type":"","background-media":"","overlay-type":"","overlay-color":"","overlay-opacity":"","overlay-gradient":""}},"footnotes":""},"class_list":["post-3055","page","type-page","status-publish","hentry"],"post_mailing_queue_ids":[],"_links":{"self":[{"href":"https:\/\/agora.xtec.cat\/iespompeufabra-bdn\/wp-json\/wp\/v2\/pages\/3055","targetHints":{"allow":["GET"]}}],"collection":[{"href":"https:\/\/agora.xtec.cat\/iespompeufabra-bdn\/wp-json\/wp\/v2\/pages"}],"about":[{"href":"https:\/\/agora.xtec.cat\/iespompeufabra-bdn\/wp-json\/wp\/v2\/types\/page"}],"author":[{"embeddable":true,"href":"https:\/\/agora.xtec.cat\/iespompeufabra-bdn\/wp-json\/wp\/v2\/users\/1"}],"replies":[{"embeddable":true,"href":"https:\/\/agora.xtec.cat\/iespompeufabra-bdn\/wp-json\/wp\/v2\/comments?post=3055"}],"version-history":[{"count":6,"href":"https:\/\/agora.xtec.cat\/iespompeufabra-bdn\/wp-json\/wp\/v2\/pages\/3055\/revisions"}],"predecessor-version":[{"id":3216,"href":"https:\/\/agora.xtec.cat\/iespompeufabra-bdn\/wp-json\/wp\/v2\/pages\/3055\/revisions\/3216"}],"wp:attachment":[{"href":"https:\/\/agora.xtec.cat\/iespompeufabra-bdn\/wp-json\/wp\/v2\/media?parent=3055"}],"curies":[{"name":"wp","href":"https:\/\/api.w.org\/{rel}","templated":true}]}}

<p>La formació dual és la modalitat de la formació professional (FP) en la qual <strong>l&#8217;estudiant esdevé<br>aprenent i combina la formació en el centre educatiu</strong> amb l&#8217;activitat productiva en empreses<br>col·laboradores. Els <strong>objectius</strong> són:<br>&#8211; <strong>Adequar la formació professional</strong> a les necessitats de les empreses,<br>&#8211; <strong>Establir una major vinculació i corresponsabilitat entre els centres de formació professional<br>i les empreses</strong>, en el procés formatiu del jovent,<br>&#8211; <strong>Millorar el procés d&#8217;aprenentatge</strong> dels estudiants de formació professional.</p>



<p><strong>Quins són els seus beneficis?</strong></p>



<p>La formació dual aporta als alumnes:</p>



<ul class="wp-block-list">
<li>Millorar el currículum professional</li>



<li>Desenvolupar les competències professionals en un entorn laboral real</li>



<li>Afavorir la incorporació al món laboral com a aprenent qualificat</li>



<li>Reconèixer el valor que aporta l&#8217;estudiant per l&#8217;activitat desenvolupada a l&#8217;empresa<br>Alhora l&#8217;empresa i el centre educatiu també n&#8217;obtenen beneficis, en tant en quant incorporen<br>personal qualificat a l&#8217;empresa,i els centres intercanvien i transfereixen coneixements amb les<br>empreses.</li>
</ul>



<p><strong>Com Funciona?</strong></p>



<p>La col·laboració entre el centre i l&#8217;empresa es formalitza mitjançant un conveni de col·laboració.<br>Per a cada alumne s&#8217;acorden les activitats formatives a desenvolupar en l&#8217;empresa per completar la<br>seva qualificació, així com l&#8217;horari i el calendari.<br>L&#8217;empresa acull l&#8217;aprenent i li assigna un lloc de treball adient.<br>El centre educatiu i l&#8217;empresa designen els tutors que fan el seguiment dels alumnes aprenents.<br>El seguiment i la valoració de l&#8217;aprenent es fa de forma conjunta entre l&#8217;empresa i el centre.</p>



<p><strong>Galeria de vídeos d’informació</strong></p>



<figure class="wp-block-image size-large"><a href="https://www.youtube.com/@PROF-AbelJimenezBarrantes"><img loading="lazy" decoding="async" width="1024" height="583" src="https://agora.xtec.cat/iespompeufabra-bdn/wp-content/uploads/usu2935/2025/11/Captura-de-pantalla-2025-11-24-a-las-10.29.49-1024x583.png" alt="" class="wp-image-3215" srcset="https://agora.xtec.cat/iespompeufabra-bdn/wp-content/uploads/usu2935/2025/11/Captura-de-pantalla-2025-11-24-a-las-10.29.49-1024x583.png 1024w, https://agora.xtec.cat/iespompeufabra-bdn/wp-content/uploads/usu2935/2025/11/Captura-de-pantalla-2025-11-24-a-las-10.29.49-300x171.png 300w, https://agora.xtec.cat/iespompeufabra-bdn/wp-content/uploads/usu2935/2025/11/Captura-de-pantalla-2025-11-24-a-las-10.29.49-768x438.png 768w, https://agora.xtec.cat/iespompeufabra-bdn/wp-content/uploads/usu2935/2025/11/Captura-de-pantalla-2025-11-24-a-las-10.29.49.png 1246w" sizes="auto, (max-width: 1024px) 100vw, 1024px" /></a></figure>



<ol class="wp-block-list"></ol>



<p><a href="https://youtu.be/QHSBOxAG3eE">1. <strong>L&#8217;FP DUAL &#8211; Què és i règims</strong></a></p>



<p><strong><a href="https://www.youtube.com/watch?v=1RZd2iWSneA">2. L&#8217;FP Dual &#8211; Import beca formativa</a></strong></p>



<p><strong><a href="https://www.youtube.com/watch?v=H5-Yzu5bvkw">3. Dual intensiva amb contracte</a></strong></p>



<p><strong>Empreses ol·laboradores</strong></p>



<figure class="wp-block-image size-large"><a href="https://agora.xtec.cat/iespompeufabra-bdn/wp-content/uploads/usu2935/2025/10/Captura-de-pantalla-2025-10-06-a-las-11.28.56-1.png"><img loading="lazy" decoding="async" width="1024" height="555" src="https://agora.xtec.cat/iespompeufabra-bdn/wp-content/uploads/usu2935/2025/10/Captura-de-pantalla-2025-10-06-a-las-11.28.56-1-1024x555.png" alt="" class="wp-image-3112" srcset="https://agora.xtec.cat/iespompeufabra-bdn/wp-content/uploads/usu2935/2025/10/Captura-de-pantalla-2025-10-06-a-las-11.28.56-1-1024x555.png 1024w, https://agora.xtec.cat/iespompeufabra-bdn/wp-content/uploads/usu2935/2025/10/Captura-de-pantalla-2025-10-06-a-las-11.28.56-1-300x163.png 300w, https://agora.xtec.cat/iespompeufabra-bdn/wp-content/uploads/usu2935/2025/10/Captura-de-pantalla-2025-10-06-a-las-11.28.56-1-768x416.png 768w, https://agora.xtec.cat/iespompeufabra-bdn/wp-content/uploads/usu2935/2025/10/Captura-de-pantalla-2025-10-06-a-las-11.28.56-1-1536x833.png 1536w, https://agora.xtec.cat/iespompeufabra-bdn/wp-content/uploads/usu2935/2025/10/Captura-de-pantalla-2025-10-06-a-las-11.28.56-1.png 1704w" sizes="auto, (max-width: 1024px) 100vw, 1024px" /></a></figure>



<p></p>

<p>La formació dual és la modalitat de la formació professional (FP) en la qual l&#8217;estudiant esdevéaprenent i combina la formació [&hellip;]</p>
