{"id":6448,"date":"2026-02-12T17:03:44","date_gmt":"2026-02-12T16:03:44","guid":{"rendered":"https:\/\/agora.xtec.cat\/iespolinya\/?page_id=6448"},"modified":"2026-02-12T17:05:45","modified_gmt":"2026-02-12T16:05:45","slug":"projectes-de-centre-2","status":"publish","type":"page","link":"https:\/\/agora.xtec.cat\/iespolinya\/projectes-de-centre-2\/","title":{"rendered":"PROJECTES DE CENTRE"},"content":{"rendered":"\n<figure class=\"wp-block-image size-large is-resized is-style-default\"><a href=\"https:\/\/agora.xtec.cat\/iespolinya\/wp-content\/uploads\/usu392\/2026\/02\/ChatGPT-Image-12-febr.-2026-16_59_24.png\"><img loading=\"lazy\" decoding=\"async\" width=\"1024\" height=\"683\" src=\"https:\/\/agora.xtec.cat\/iespolinya\/wp-content\/uploads\/usu392\/2026\/02\/ChatGPT-Image-12-febr.-2026-16_59_24-1024x683.png\" alt=\"\" class=\"wp-image-6463\" style=\"width:568px;height:auto\" srcset=\"https:\/\/agora.xtec.cat\/iespolinya\/wp-content\/uploads\/usu392\/2026\/02\/ChatGPT-Image-12-febr.-2026-16_59_24-1024x683.png 1024w, https:\/\/agora.xtec.cat\/iespolinya\/wp-content\/uploads\/usu392\/2026\/02\/ChatGPT-Image-12-febr.-2026-16_59_24-300x200.png 300w, https:\/\/agora.xtec.cat\/iespolinya\/wp-content\/uploads\/usu392\/2026\/02\/ChatGPT-Image-12-febr.-2026-16_59_24-768x512.png 768w, https:\/\/agora.xtec.cat\/iespolinya\/wp-content\/uploads\/usu392\/2026\/02\/ChatGPT-Image-12-febr.-2026-16_59_24.png 1536w\" sizes=\"auto, (max-width: 1024px) 100vw, 1024px\" \/><\/a><\/figure>\n\n\n\n<p class=\"has-ast-global-color-5-color has-text-color has-link-color wp-elements-0251d626c1f158de014e11567a6e4cbb\">Els&nbsp;<strong>projectes de centre<\/strong>&nbsp;constitueixen un dels pilars fonamentals de la nostra acci\u00f3 educativa i reflecteixen el comprom\u00eds del centre amb una educaci\u00f3&nbsp;<strong>inclusiva, competencial i connectada amb la realitat<\/strong>&nbsp;de l\u2019alumnat i del seu entorn.<\/p>\n\n\n\n<p class=\"has-ast-global-color-5-color has-text-color has-link-color wp-elements-5cb09004c2455c5f13c738c636b304cf\">A trav\u00e9s dels&nbsp;<strong>projectes de diversificaci\u00f3 curricular (PDC)<\/strong>&nbsp;i d\u2019iniciatives com&nbsp;<strong>PROPAL<\/strong>, el centre garanteix respostes educatives personalitzades que afavoreixen l\u2019\u00e8xit educatiu, la vinculaci\u00f3 amb l\u2019aprenentatge i la continu\u00eftat formativa de tot l\u2019alumnat, atenent la diversitat de ritmes, interessos i necessitats.<\/p>\n\n\n\n<p class=\"has-ast-global-color-5-color has-text-color has-link-color wp-elements-82710e6328606eb1eb098dbc40881ae7\">El foment de les&nbsp;<strong>compet\u00e8ncies comunicatives<\/strong>&nbsp;\u00e9s un eix estrat\u00e8gic del centre. Projectes com&nbsp;<strong>Generaci\u00f3 Pluriling\u00fce (GEP)<\/strong>, el&nbsp;<strong>projecte de comprensi\u00f3 lectora<\/strong>&nbsp;i les accions d\u2019<strong>animaci\u00f3 a la lectura<\/strong>&nbsp;reforcen l\u2019\u00fas funcional de les lleng\u00fces, la millora de la compet\u00e8ncia lectora i el gust per la lectura com a eina clau d\u2019aprenentatge i creixement personal.<\/p>\n\n\n\n<p class=\"has-ast-global-color-5-color has-text-color has-link-color wp-elements-fc79fc174fd79648d8aab59fc7bda58b\">La formaci\u00f3 en&nbsp;<strong>valors, conviv\u00e8ncia i ciutadania activa<\/strong>&nbsp;es concreta en projectes com el&nbsp;<strong>projecte de coeducaci\u00f3<\/strong>, el&nbsp;<strong>Projecte Pati<\/strong>&nbsp;i el&nbsp;<strong>Servei Comunitari<\/strong>, que promouen la igualtat, el respecte, la inclusi\u00f3, la participaci\u00f3 i el comprom\u00eds social de l\u2019alumnat dins i fora del centre.<\/p>\n\n\n\n<p class=\"has-ast-global-color-5-color has-text-color has-link-color wp-elements-74b247cab55c495f283b6969de2ecd71\">La connexi\u00f3 amb l\u2019entorn i l\u2019aprenentatge vivencial prenen forma a trav\u00e9s de projectes com&nbsp;<strong>Apadrinem el patrimoni<\/strong>&nbsp;i&nbsp;<strong>ERASMUS+<\/strong>, que obren el centre al municipi i a Europa, afavorint el coneixement del patrimoni cultural, l\u2019intercanvi d\u2019experi\u00e8ncies i una mirada oberta i cr\u00edtica cap al m\u00f3n.<\/p>\n\n\n\n<p class=\"has-ast-global-color-5-color has-text-color has-link-color wp-elements-7c9ee663ac256a84811c75b9930a9b23\">Entenem els projectes de centre no com accions a\u00efllades, sin\u00f3 com&nbsp;<strong>eines estrat\u00e8giques de millora cont\u00ednua<\/strong>, alineades amb el Projecte Educatiu de Centre, que contribueixen a la formaci\u00f3 integral de l\u2019alumnat i a la construcci\u00f3 d\u2019una comunitat educativa cohesionada, participativa i compromesa amb els reptes educatius actuals.<\/p>\n\n\n\n<p class=\"has-ast-global-color-5-color has-text-color has-link-color wp-elements-041961107d87c9d9f91e7ccdc2262c67\"><\/p>\n","protected":false},"excerpt":{"rendered":"<p>Els&nbsp;projectes de centre&nbsp;constitueixen un dels pilars fonamentals de la nostra acci\u00f3 educativa i reflecteixen el comprom\u00eds del centre amb una educaci\u00f3&nbsp;inclusiva, competencial i connectada amb la realitat&nbsp;de l\u2019alumnat i del seu entorn. A trav\u00e9s dels&nbsp;projectes de diversificaci\u00f3 curricular (PDC)&nbsp;i d\u2019iniciatives com&nbsp;PROPAL, el centre garanteix respostes educatives personalitzades que afavoreixen l\u2019\u00e8xit educatiu, la vinculaci\u00f3 amb l\u2019aprenentatge [&hellip;]<\/p>\n","protected":false},"author":1,"featured_media":0,"parent":0,"menu_order":0,"comment_status":"closed","ping_status":"close","template":"","meta":{"_bbp_topic_count":0,"_bbp_reply_count":0,"_bbp_total_topic_count":0,"_bbp_total_reply_count":0,"_bbp_voice_count":0,"_bbp_anonymous_reply_count":0,"_bbp_topic_count_hidden":0,"_bbp_reply_count_hidden":0,"_bbp_forum_subforum_count":0,"site-sidebar-layout":"default","site-content-layout":"","ast-site-content-layout":"default","site-content-style":"default","site-sidebar-style":"default","ast-global-header-display":"","ast-banner-title-visibility":"","ast-main-header-display":"","ast-hfb-above-header-display":"","ast-hfb-below-header-display":"","ast-hfb-mobile-header-display":"","site-post-title":"","ast-breadcrumbs-content":"","ast-featured-img":"","footer-sml-layout":"","theme-transparent-header-meta":"","adv-header-id-meta":"","stick-header-meta":"","header-above-stick-meta":"","header-main-stick-meta":"","header-below-stick-meta":"","astra-migrate-meta-layouts":"set","ast-page-background-enabled":"default","ast-page-background-meta":{"desktop":{"background-color":"var(--ast-global-color-4)","background-image":"","background-repeat":"repeat","background-position":"center center","background-size":"auto","background-attachment":"scroll","background-type":"","background-media":"","overlay-type":"","overlay-color":"","overlay-opacity":"","overlay-gradient":""},"tablet":{"background-color":"","background-image":"","background-repeat":"repeat","background-position":"center center","background-size":"auto","background-attachment":"scroll","background-type":"","background-media":"","overlay-type":"","overlay-color":"","overlay-opacity":"","overlay-gradient":""},"mobile":{"background-color":"","background-image":"","background-repeat":"repeat","background-position":"center center","background-size":"auto","background-attachment":"scroll","background-type":"","background-media":"","overlay-type":"","overlay-color":"","overlay-opacity":"","overlay-gradient":""}},"ast-content-background-meta":{"desktop":{"background-color":"var(--ast-global-color-5)","background-image":"","background-repeat":"repeat","background-position":"center center","background-size":"auto","background-attachment":"scroll","background-type":"","background-media":"","overlay-type":"","overlay-color":"","overlay-opacity":"","overlay-gradient":""},"tablet":{"background-color":"var(--ast-global-color-5)","background-image":"","background-repeat":"repeat","background-position":"center center","background-size":"auto","background-attachment":"scroll","background-type":"","background-media":"","overlay-type":"","overlay-color":"","overlay-opacity":"","overlay-gradient":""},"mobile":{"background-color":"var(--ast-global-color-5)","background-image":"","background-repeat":"repeat","background-position":"center center","background-size":"auto","background-attachment":"scroll","background-type":"","background-media":"","overlay-type":"","overlay-color":"","overlay-opacity":"","overlay-gradient":""}},"footnotes":""},"class_list":["post-6448","page","type-page","status-publish","hentry"],"post_mailing_queue_ids":[],"_links":{"self":[{"href":"https:\/\/agora.xtec.cat\/iespolinya\/wp-json\/wp\/v2\/pages\/6448","targetHints":{"allow":["GET"]}}],"collection":[{"href":"https:\/\/agora.xtec.cat\/iespolinya\/wp-json\/wp\/v2\/pages"}],"about":[{"href":"https:\/\/agora.xtec.cat\/iespolinya\/wp-json\/wp\/v2\/types\/page"}],"author":[{"embeddable":true,"href":"https:\/\/agora.xtec.cat\/iespolinya\/wp-json\/wp\/v2\/users\/1"}],"replies":[{"embeddable":true,"href":"https:\/\/agora.xtec.cat\/iespolinya\/wp-json\/wp\/v2\/comments?post=6448"}],"version-history":[{"count":3,"href":"https:\/\/agora.xtec.cat\/iespolinya\/wp-json\/wp\/v2\/pages\/6448\/revisions"}],"predecessor-version":[{"id":6465,"href":"https:\/\/agora.xtec.cat\/iespolinya\/wp-json\/wp\/v2\/pages\/6448\/revisions\/6465"}],"wp:attachment":[{"href":"https:\/\/agora.xtec.cat\/iespolinya\/wp-json\/wp\/v2\/media?parent=6448"}],"curies":[{"name":"wp","href":"https:\/\/api.w.org\/{rel}","templated":true}]}}

<figure class="wp-block-image size-large is-resized is-style-default"><a href="https://agora.xtec.cat/iespolinya/wp-content/uploads/usu392/2026/02/ChatGPT-Image-12-febr.-2026-16_59_24.png"><img loading="lazy" decoding="async" width="1024" height="683" src="https://agora.xtec.cat/iespolinya/wp-content/uploads/usu392/2026/02/ChatGPT-Image-12-febr.-2026-16_59_24-1024x683.png" alt="" class="wp-image-6463" style="width:568px;height:auto" srcset="https://agora.xtec.cat/iespolinya/wp-content/uploads/usu392/2026/02/ChatGPT-Image-12-febr.-2026-16_59_24-1024x683.png 1024w, https://agora.xtec.cat/iespolinya/wp-content/uploads/usu392/2026/02/ChatGPT-Image-12-febr.-2026-16_59_24-300x200.png 300w, https://agora.xtec.cat/iespolinya/wp-content/uploads/usu392/2026/02/ChatGPT-Image-12-febr.-2026-16_59_24-768x512.png 768w, https://agora.xtec.cat/iespolinya/wp-content/uploads/usu392/2026/02/ChatGPT-Image-12-febr.-2026-16_59_24.png 1536w" sizes="auto, (max-width: 1024px) 100vw, 1024px" /></a></figure>



<p class="has-ast-global-color-5-color has-text-color has-link-color wp-elements-0251d626c1f158de014e11567a6e4cbb">Els&nbsp;<strong>projectes de centre</strong>&nbsp;constitueixen un dels pilars fonamentals de la nostra acció educativa i reflecteixen el compromís del centre amb una educació&nbsp;<strong>inclusiva, competencial i connectada amb la realitat</strong>&nbsp;de l’alumnat i del seu entorn.</p>



<p class="has-ast-global-color-5-color has-text-color has-link-color wp-elements-5cb09004c2455c5f13c738c636b304cf">A través dels&nbsp;<strong>projectes de diversificació curricular (PDC)</strong>&nbsp;i d’iniciatives com&nbsp;<strong>PROPAL</strong>, el centre garanteix respostes educatives personalitzades que afavoreixen l’èxit educatiu, la vinculació amb l’aprenentatge i la continuïtat formativa de tot l’alumnat, atenent la diversitat de ritmes, interessos i necessitats.</p>



<p class="has-ast-global-color-5-color has-text-color has-link-color wp-elements-82710e6328606eb1eb098dbc40881ae7">El foment de les&nbsp;<strong>competències comunicatives</strong>&nbsp;és un eix estratègic del centre. Projectes com&nbsp;<strong>Generació Plurilingüe (GEP)</strong>, el&nbsp;<strong>projecte de comprensió lectora</strong>&nbsp;i les accions d’<strong>animació a la lectura</strong>&nbsp;reforcen l’ús funcional de les llengües, la millora de la competència lectora i el gust per la lectura com a eina clau d’aprenentatge i creixement personal.</p>



<p class="has-ast-global-color-5-color has-text-color has-link-color wp-elements-fc79fc174fd79648d8aab59fc7bda58b">La formació en&nbsp;<strong>valors, convivència i ciutadania activa</strong>&nbsp;es concreta en projectes com el&nbsp;<strong>projecte de coeducació</strong>, el&nbsp;<strong>Projecte Pati</strong>&nbsp;i el&nbsp;<strong>Servei Comunitari</strong>, que promouen la igualtat, el respecte, la inclusió, la participació i el compromís social de l’alumnat dins i fora del centre.</p>



<p class="has-ast-global-color-5-color has-text-color has-link-color wp-elements-74b247cab55c495f283b6969de2ecd71">La connexió amb l’entorn i l’aprenentatge vivencial prenen forma a través de projectes com&nbsp;<strong>Apadrinem el patrimoni</strong>&nbsp;i&nbsp;<strong>ERASMUS+</strong>, que obren el centre al municipi i a Europa, afavorint el coneixement del patrimoni cultural, l’intercanvi d’experiències i una mirada oberta i crítica cap al món.</p>



<p class="has-ast-global-color-5-color has-text-color has-link-color wp-elements-7c9ee663ac256a84811c75b9930a9b23">Entenem els projectes de centre no com accions aïllades, sinó com&nbsp;<strong>eines estratègiques de millora contínua</strong>, alineades amb el Projecte Educatiu de Centre, que contribueixen a la formació integral de l’alumnat i a la construcció d’una comunitat educativa cohesionada, participativa i compromesa amb els reptes educatius actuals.</p>



<p class="has-ast-global-color-5-color has-text-color has-link-color wp-elements-041961107d87c9d9f91e7ccdc2262c67"></p>

<p>Els&nbsp;projectes de centre&nbsp;constitueixen un dels pilars fonamentals de la nostra acció educativa i reflecteixen el compromís del centre amb una educació&nbsp;inclusiva, competencial i connectada amb la realitat&nbsp;de l’alumnat i del seu entorn. A través dels&nbsp;projectes de diversificació curricular (PDC)&nbsp;i d’iniciatives com&nbsp;PROPAL, el centre garanteix respostes educatives personalitzades que afavoreixen l’èxit educatiu, la vinculació amb l’aprenentatge [&hellip;]</p>
