{"id":5065,"date":"2022-03-04T08:47:01","date_gmt":"2022-03-04T07:47:01","guid":{"rendered":"https:\/\/agora.xtec.cat\/iespolinya\/?page_id=5065"},"modified":"2026-04-15T13:45:41","modified_gmt":"2026-04-15T11:45:41","slug":"projectes-de-centre","status":"publish","type":"page","link":"https:\/\/agora.xtec.cat\/iespolinya\/projectes-de-centre\/","title":{"rendered":"Projectes de centre"},"content":{"rendered":"<ul>\n<li style=\"list-style-type: none;\">\n<ul>\n<li>Projectes de diversificaci\u00f3 curricular (PDC)<\/li>\n<li><a href=\"https:\/\/agora.xtec.cat\/iespolinya\/categoria\/gep\/\">Generaci\u00f3 Pluriling\u00fce (GEP)<\/a><\/li>\n<li><a href=\"https:\/\/agora.xtec.cat\/iespolinya\/categoria\/PATRIMONI\/\">Apadrinem el patrimoni<\/a><\/li>\n<li><a href=\"https:\/\/drive.google.com\/file\/d\/1Q3gSYs4_qcO17AqJLAwZN7gPgJYPJTQ8\/view?usp=sharing\">Projecte de coeducaci\u00f3<\/a><\/li>\n<li><a href=\"https:\/\/docs.google.com\/presentation\/d\/1PQUm7veFaMxVJr1Rs5xTnrPPOz9nemZz\/edit?usp=sharing&amp;ouid=114318849046907952505&amp;rtpof=true&amp;sd=true\">Projecte de comprensi\u00f3 lectora<\/a><\/li>\n<li><a href=\"https:\/\/docs.google.com\/presentation\/d\/11ZF9pzKtdVmKq73BR7kVcV2EgQ0g-dJa\/edit?usp=drive_link&amp;ouid=114318849046907952505&amp;rtpof=true&amp;sd=true\">Animaci\u00f3 a la lectura<\/a><\/li>\n<li><a href=\"https:\/\/drive.google.com\/file\/d\/1oPoqvFL54URHX2RgML6mNUFMw93dqUNh\/view?usp=sharing\">Projecte Pati<\/a><\/li>\n<li><a href=\"https:\/\/drive.google.com\/file\/d\/1AqWld9aHn0LnmBSwCROwkQ_NaiHwulkg\/view?usp=sharing\">PROPAL<\/a><\/li>\n<li><a href=\"https:\/\/drive.google.com\/file\/d\/1AqWld9aHn0LnmBSwCROwkQ_NaiHwulkg\/view?usp=sharing\">SERVEI COMUNITARI<\/a><\/li>\n<li><a href=\"https:\/\/drive.google.com\/file\/d\/1nhA6wSxOqRSMj3sqtre_K0RRq_6A13Yx\/view?usp=sharing\">ERASMUS +\u00a0<\/a><\/li>\n<li><\/li>\n<\/ul>\n<\/li>\n<\/ul>\n","protected":false},"excerpt":{"rendered":"<p>Projectes de diversificaci\u00f3 curricular (PDC) Generaci\u00f3 Pluriling\u00fce (GEP) Apadrinem el patrimoni Projecte de coeducaci\u00f3 Projecte de comprensi\u00f3 lectora Animaci\u00f3 a la lectura Projecte Pati PROPAL SERVEI COMUNITARI ERASMUS +\u00a0<\/p>\n","protected":false},"author":1,"featured_media":0,"parent":0,"menu_order":0,"comment_status":"closed","ping_status":"closed","template":"","meta":{"_bbp_topic_count":0,"_bbp_reply_count":0,"_bbp_total_topic_count":0,"_bbp_total_reply_count":0,"_bbp_voice_count":0,"_bbp_anonymous_reply_count":0,"_bbp_topic_count_hidden":0,"_bbp_reply_count_hidden":0,"_bbp_forum_subforum_count":0,"site-sidebar-layout":"default","site-content-layout":"","ast-site-content-layout":"default","site-content-style":"default","site-sidebar-style":"default","ast-global-header-display":"","ast-banner-title-visibility":"","ast-main-header-display":"","ast-hfb-above-header-display":"","ast-hfb-below-header-display":"","ast-hfb-mobile-header-display":"","site-post-title":"","ast-breadcrumbs-content":"","ast-featured-img":"","footer-sml-layout":"","theme-transparent-header-meta":"","adv-header-id-meta":"","stick-header-meta":"","header-above-stick-meta":"","header-main-stick-meta":"","header-below-stick-meta":"","astra-migrate-meta-layouts":"set","ast-page-background-enabled":"default","ast-page-background-meta":{"desktop":{"background-color":"var(--ast-global-color-4)","background-image":"","background-repeat":"repeat","background-position":"center center","background-size":"auto","background-attachment":"scroll","background-type":"","background-media":"","overlay-type":"","overlay-color":"","overlay-opacity":"","overlay-gradient":""},"tablet":{"background-color":"","background-image":"","background-repeat":"repeat","background-position":"center center","background-size":"auto","background-attachment":"scroll","background-type":"","background-media":"","overlay-type":"","overlay-color":"","overlay-opacity":"","overlay-gradient":""},"mobile":{"background-color":"","background-image":"","background-repeat":"repeat","background-position":"center center","background-size":"auto","background-attachment":"scroll","background-type":"","background-media":"","overlay-type":"","overlay-color":"","overlay-opacity":"","overlay-gradient":""}},"ast-content-background-meta":{"desktop":{"background-color":"var(--ast-global-color-5)","background-image":"","background-repeat":"repeat","background-position":"center center","background-size":"auto","background-attachment":"scroll","background-type":"","background-media":"","overlay-type":"","overlay-color":"","overlay-opacity":"","overlay-gradient":""},"tablet":{"background-color":"var(--ast-global-color-5)","background-image":"","background-repeat":"repeat","background-position":"center center","background-size":"auto","background-attachment":"scroll","background-type":"","background-media":"","overlay-type":"","overlay-color":"","overlay-opacity":"","overlay-gradient":""},"mobile":{"background-color":"var(--ast-global-color-5)","background-image":"","background-repeat":"repeat","background-position":"center center","background-size":"auto","background-attachment":"scroll","background-type":"","background-media":"","overlay-type":"","overlay-color":"","overlay-opacity":"","overlay-gradient":""}},"footnotes":""},"class_list":["post-5065","page","type-page","status-publish","hentry"],"post_mailing_queue_ids":[],"_links":{"self":[{"href":"https:\/\/agora.xtec.cat\/iespolinya\/wp-json\/wp\/v2\/pages\/5065","targetHints":{"allow":["GET"]}}],"collection":[{"href":"https:\/\/agora.xtec.cat\/iespolinya\/wp-json\/wp\/v2\/pages"}],"about":[{"href":"https:\/\/agora.xtec.cat\/iespolinya\/wp-json\/wp\/v2\/types\/page"}],"author":[{"embeddable":true,"href":"https:\/\/agora.xtec.cat\/iespolinya\/wp-json\/wp\/v2\/users\/1"}],"replies":[{"embeddable":true,"href":"https:\/\/agora.xtec.cat\/iespolinya\/wp-json\/wp\/v2\/comments?post=5065"}],"version-history":[{"count":6,"href":"https:\/\/agora.xtec.cat\/iespolinya\/wp-json\/wp\/v2\/pages\/5065\/revisions"}],"predecessor-version":[{"id":6593,"href":"https:\/\/agora.xtec.cat\/iespolinya\/wp-json\/wp\/v2\/pages\/5065\/revisions\/6593"}],"wp:attachment":[{"href":"https:\/\/agora.xtec.cat\/iespolinya\/wp-json\/wp\/v2\/media?parent=5065"}],"curies":[{"name":"wp","href":"https:\/\/api.w.org\/{rel}","templated":true}]}}

<ul>
<li style="list-style-type: none;">
<ul>
<li>Projectes de diversificació curricular (PDC)</li>
<li><a href="https://agora.xtec.cat/iespolinya/categoria/gep/">Generació Plurilingüe (GEP)</a></li>
<li><a href="https://agora.xtec.cat/iespolinya/categoria/PATRIMONI/">Apadrinem el patrimoni</a></li>
<li><a href="https://drive.google.com/file/d/1Q3gSYs4_qcO17AqJLAwZN7gPgJYPJTQ8/view?usp=sharing">Projecte de coeducació</a></li>
<li><a href="https://docs.google.com/presentation/d/1PQUm7veFaMxVJr1Rs5xTnrPPOz9nemZz/edit?usp=sharing&amp;ouid=114318849046907952505&amp;rtpof=true&amp;sd=true">Projecte de comprensió lectora</a></li>
<li><a href="https://docs.google.com/presentation/d/11ZF9pzKtdVmKq73BR7kVcV2EgQ0g-dJa/edit?usp=drive_link&amp;ouid=114318849046907952505&amp;rtpof=true&amp;sd=true">Animació a la lectura</a></li>
<li><a href="https://drive.google.com/file/d/1oPoqvFL54URHX2RgML6mNUFMw93dqUNh/view?usp=sharing">Projecte Pati</a></li>
<li><a href="https://drive.google.com/file/d/1AqWld9aHn0LnmBSwCROwkQ_NaiHwulkg/view?usp=sharing">PROPAL</a></li>
<li><a href="https://drive.google.com/file/d/1AqWld9aHn0LnmBSwCROwkQ_NaiHwulkg/view?usp=sharing">SERVEI COMUNITARI</a></li>
<li><a href="https://drive.google.com/file/d/1nhA6wSxOqRSMj3sqtre_K0RRq_6A13Yx/view?usp=sharing">ERASMUS + </a></li>
<li></li>
</ul>
</li>
</ul>

<p>Projectes de diversificació curricular (PDC) Generació Plurilingüe (GEP) Apadrinem el patrimoni Projecte de coeducació Projecte de comprensió lectora Animació a la lectura Projecte Pati PROPAL SERVEI COMUNITARI ERASMUS + </p>
