{"id":9863,"date":"2026-01-30T12:39:58","date_gmt":"2026-01-30T11:39:58","guid":{"rendered":"https:\/\/agora.xtec.cat\/iespladelestany\/?page_id=9863"},"modified":"2026-01-30T12:51:36","modified_gmt":"2026-01-30T11:51:36","slug":"certificat-nivell-de-catala","status":"publish","type":"page","link":"https:\/\/agora.xtec.cat\/iespladelestany\/secretaria\/secretaria\/certificat-nivell-de-catala\/","title":{"rendered":"Certificat nivell de catal\u00e0"},"content":{"rendered":"\n<h4 class=\"wp-block-heading\">Normativa<\/h4>\n\n\n\n<h5 class=\"wp-block-heading\">Nivell B (Certificat de nivell intermedi de catal\u00e0)<\/h5>\n\n\n\n<p>Pot demanar el certificat aquell alumnat que:<\/p>\n\n\n\n<ul class=\"wp-block-list\">\n<li>Tingui el T\u00edtol de graduaci\u00f3 escolar (EGB), sempre que s&#8217;hagi cursat tota l&#8217;EGB a Catalunya i s&#8217;hagi cursat la mat\u00e8ria de llengua catalana en la totalitat dels estudis esmentats a partir del curs 1978- 1979.<\/li>\n\n\n\n<li>Tingui el T\u00edtol de t\u00e8cnic\/a auxiliar (FP1), sempre que s&#8217;hagi cursat tota l&#8217;EGB i l&#8217;FP1 a Catalunya i s&#8217;hagi cursat la mat\u00e8ria de llengua catalana en la totalitat dels estudis esmentats a partir del curs 1978-1979.<\/li>\n<\/ul>\n\n\n\n<h5 class=\"wp-block-heading\">Nivell C (Certificat de nivell de sufici\u00e8ncia de catal\u00e0)<\/h5>\n\n\n\n<p>Pot demanar el certificat aquell alumnat que:<\/p>\n\n\n\n<ul class=\"wp-block-list\">\n<li>T\u00edtol de graduaci\u00f3 en educaci\u00f3 secund\u00e0ria (ESO) sempre que s&#8217;hagin cursat a Catalunya almenys tres cursos qualsevol de prim\u00e0ria i tota l&#8217;ESO, i s&#8217;hagi cursat i aprovat la mat\u00e8ria de llengua catalana en la totalitat dels estudis m\u00ednims esmentats. El requisit d&#8217;acreditaci\u00f3 d&#8217;haver aprovat la mat\u00e8ria de llengua catalana \u00e9s d&#8217;aplicaci\u00f3 als t\u00edtols de graduaci\u00f3 en educaci\u00f3 secund\u00e0ria obtinguts a partir del curs 2007-2008.<\/li>\n\n\n\n<li>Tingui el T\u00edtol de graduaci\u00f3 en educaci\u00f3 secund\u00e0ria obtingut a centres i aules de formaci\u00f3 de persones adultes, sempre que s&#8217;hagin cursat a Catalunya almenys vuit cursos qualssevol entre la prim\u00e0ria i l&#8217;ESO, i que s&#8217;hagi cursat i aprovat l&#8217;\u00e0rea de Llengua catalana als centres i aules de formaci\u00f3 de persones adultes.<\/li>\n\n\n\n<li>Tingui el T\u00edtol de batxillerat (LOGSE), sempre que s&#8217;hagin cursat a Catalunya tres cursos qualssevol de prim\u00e0ria i cinc cursos qualssevol entre l&#8217;ESO i el batxillerat i s&#8217;hagi cursat la mat\u00e8ria de llengua catalana en la totalitat dels estudis m\u00ednims esmentats.<\/li>\n\n\n\n<li>Tingui el T\u00edtol de batxillerat (BUP), sempre que s&#8217;hagi cursat tota l&#8217;EGB i el BUP a Catalunya i s&#8217;hagi cursat de manera oficial la mat\u00e8ria de llengua catalana en la totalitat dels estudis esmentats a partir del curs 1978-1979.<\/li>\n\n\n\n<li>Tingui el T\u00edtol de t\u00e8cnic\/a especialista (FP2) sempre que s&#8217;hagi cursat tota l&#8217;EGB, l&#8217;FP1 i l&#8217;FP2 a Catalunya i s&#8217;hagi cursat de manera oficial la mat\u00e8ria de llengua catalana en la totalitat dels estudis esmentats a partir del curs 1978-1979.<\/li>\n<\/ul>\n\n\n\n<h4 class=\"wp-block-heading\">Sol\u00b7licitud<\/h4>\n\n\n\n<p>Per sol\u00b7licitar el certificat haureu de <strong>presentar per correu electr\u00f2nic o a les oficines del centre la documentaci\u00f3 acreditativa d&#8217;haver cursat l&#8217;assignatura de catal\u00e0 a tots els estudis<\/strong> (llibre d&#8217;escolaritat o certificat del centre), t\u00edtol (original t\u00edtol, el del nivell d\u2019estudis m\u00e9s alt (ESO, BAT)), <strong>juntament amb la sol\u00b7licitud degudament omplerta.<\/strong><\/p>\n\n\n\n<p><a href=\"https:\/\/agora.xtec.cat\/iespladelestany\/wp-content\/uploads\/usu35\/2026\/01\/Sollicitud-Nivell-de-catala-2.pdf\">Document<\/a> per iniciar la sol\u00b7licitud d&#8217;acreditaci\u00f3 del nivell de catal\u00e0<\/p>\n","protected":false},"excerpt":{"rendered":"<p>Normativa Nivell B (Certificat de nivell intermedi de catal\u00e0) Pot demanar el certificat aquell alumnat que: Nivell C (Certificat de nivell de sufici\u00e8ncia de catal\u00e0) Pot demanar el certificat aquell alumnat que: Sol\u00b7licitud Per sol\u00b7licitar el certificat haureu de presentar per correu electr\u00f2nic o a les oficines del centre la documentaci\u00f3 acreditativa d&#8217;haver cursat l&#8217;assignatura [&hellip;]<\/p>\n","protected":false},"author":1,"featured_media":0,"parent":81,"menu_order":0,"comment_status":"closed","ping_status":"close","template":"","meta":{"site-sidebar-layout":"default","site-content-layout":"","ast-site-content-layout":"default","site-content-style":"default","site-sidebar-style":"default","ast-global-header-display":"","ast-banner-title-visibility":"","ast-main-header-display":"","ast-hfb-above-header-display":"","ast-hfb-below-header-display":"","ast-hfb-mobile-header-display":"","site-post-title":"","ast-breadcrumbs-content":"","ast-featured-img":"","footer-sml-layout":"","theme-transparent-header-meta":"","adv-header-id-meta":"","stick-header-meta":"","header-above-stick-meta":"","header-main-stick-meta":"","header-below-stick-meta":"","astra-migrate-meta-layouts":"set","ast-page-background-enabled":"default","ast-page-background-meta":{"desktop":{"background-color":"var(--ast-global-color-4)","background-image":"","background-repeat":"repeat","background-position":"center center","background-size":"auto","background-attachment":"scroll","background-type":"","background-media":"","overlay-type":"","overlay-color":"","overlay-opacity":"","overlay-gradient":""},"tablet":{"background-color":"","background-image":"","background-repeat":"repeat","background-position":"center center","background-size":"auto","background-attachment":"scroll","background-type":"","background-media":"","overlay-type":"","overlay-color":"","overlay-opacity":"","overlay-gradient":""},"mobile":{"background-color":"","background-image":"","background-repeat":"repeat","background-position":"center center","background-size":"auto","background-attachment":"scroll","background-type":"","background-media":"","overlay-type":"","overlay-color":"","overlay-opacity":"","overlay-gradient":""}},"ast-content-background-meta":{"desktop":{"background-color":"var(--ast-global-color-5)","background-image":"","background-repeat":"repeat","background-position":"center center","background-size":"auto","background-attachment":"scroll","background-type":"","background-media":"","overlay-type":"","overlay-color":"","overlay-opacity":"","overlay-gradient":""},"tablet":{"background-color":"var(--ast-global-color-5)","background-image":"","background-repeat":"repeat","background-position":"center center","background-size":"auto","background-attachment":"scroll","background-type":"","background-media":"","overlay-type":"","overlay-color":"","overlay-opacity":"","overlay-gradient":""},"mobile":{"background-color":"var(--ast-global-color-5)","background-image":"","background-repeat":"repeat","background-position":"center center","background-size":"auto","background-attachment":"scroll","background-type":"","background-media":"","overlay-type":"","overlay-color":"","overlay-opacity":"","overlay-gradient":""}},"footnotes":""},"class_list":["post-9863","page","type-page","status-publish","hentry"],"post_mailing_queue_ids":[],"_links":{"self":[{"href":"https:\/\/agora.xtec.cat\/iespladelestany\/wp-json\/wp\/v2\/pages\/9863","targetHints":{"allow":["GET"]}}],"collection":[{"href":"https:\/\/agora.xtec.cat\/iespladelestany\/wp-json\/wp\/v2\/pages"}],"about":[{"href":"https:\/\/agora.xtec.cat\/iespladelestany\/wp-json\/wp\/v2\/types\/page"}],"author":[{"embeddable":true,"href":"https:\/\/agora.xtec.cat\/iespladelestany\/wp-json\/wp\/v2\/users\/1"}],"replies":[{"embeddable":true,"href":"https:\/\/agora.xtec.cat\/iespladelestany\/wp-json\/wp\/v2\/comments?post=9863"}],"version-history":[{"count":2,"href":"https:\/\/agora.xtec.cat\/iespladelestany\/wp-json\/wp\/v2\/pages\/9863\/revisions"}],"predecessor-version":[{"id":9870,"href":"https:\/\/agora.xtec.cat\/iespladelestany\/wp-json\/wp\/v2\/pages\/9863\/revisions\/9870"}],"up":[{"embeddable":true,"href":"https:\/\/agora.xtec.cat\/iespladelestany\/wp-json\/wp\/v2\/pages\/81"}],"wp:attachment":[{"href":"https:\/\/agora.xtec.cat\/iespladelestany\/wp-json\/wp\/v2\/media?parent=9863"}],"curies":[{"name":"wp","href":"https:\/\/api.w.org\/{rel}","templated":true}]}}

Certificat nivell de català

<h4 class="wp-block-heading">Normativa</h4>



<h5 class="wp-block-heading">Nivell B (Certificat de nivell intermedi de català)</h5>



<p>Pot demanar el certificat aquell alumnat que:</p>



<ul class="wp-block-list">
<li>Tingui el Títol de graduació escolar (EGB), sempre que s&#8217;hagi cursat tota l&#8217;EGB a Catalunya i s&#8217;hagi cursat la matèria de llengua catalana en la totalitat dels estudis esmentats a partir del curs 1978- 1979.</li>



<li>Tingui el Títol de tècnic/a auxiliar (FP1), sempre que s&#8217;hagi cursat tota l&#8217;EGB i l&#8217;FP1 a Catalunya i s&#8217;hagi cursat la matèria de llengua catalana en la totalitat dels estudis esmentats a partir del curs 1978-1979.</li>
</ul>



<h5 class="wp-block-heading">Nivell C (Certificat de nivell de suficiència de català)</h5>



<p>Pot demanar el certificat aquell alumnat que:</p>



<ul class="wp-block-list">
<li>Títol de graduació en educació secundària (ESO) sempre que s&#8217;hagin cursat a Catalunya almenys tres cursos qualsevol de primària i tota l&#8217;ESO, i s&#8217;hagi cursat i aprovat la matèria de llengua catalana en la totalitat dels estudis mínims esmentats. El requisit d&#8217;acreditació d&#8217;haver aprovat la matèria de llengua catalana és d&#8217;aplicació als títols de graduació en educació secundària obtinguts a partir del curs 2007-2008.</li>



<li>Tingui el Títol de graduació en educació secundària obtingut a centres i aules de formació de persones adultes, sempre que s&#8217;hagin cursat a Catalunya almenys vuit cursos qualssevol entre la primària i l&#8217;ESO, i que s&#8217;hagi cursat i aprovat l&#8217;àrea de Llengua catalana als centres i aules de formació de persones adultes.</li>



<li>Tingui el Títol de batxillerat (LOGSE), sempre que s&#8217;hagin cursat a Catalunya tres cursos qualssevol de primària i cinc cursos qualssevol entre l&#8217;ESO i el batxillerat i s&#8217;hagi cursat la matèria de llengua catalana en la totalitat dels estudis mínims esmentats.</li>



<li>Tingui el Títol de batxillerat (BUP), sempre que s&#8217;hagi cursat tota l&#8217;EGB i el BUP a Catalunya i s&#8217;hagi cursat de manera oficial la matèria de llengua catalana en la totalitat dels estudis esmentats a partir del curs 1978-1979.</li>



<li>Tingui el Títol de tècnic/a especialista (FP2) sempre que s&#8217;hagi cursat tota l&#8217;EGB, l&#8217;FP1 i l&#8217;FP2 a Catalunya i s&#8217;hagi cursat de manera oficial la matèria de llengua catalana en la totalitat dels estudis esmentats a partir del curs 1978-1979.</li>
</ul>



<h4 class="wp-block-heading">Sol·licitud</h4>



<p>Per sol·licitar el certificat haureu de <strong>presentar per correu electrònic o a les oficines del centre la documentació acreditativa d&#8217;haver cursat l&#8217;assignatura de català a tots els estudis</strong> (llibre d&#8217;escolaritat o certificat del centre), títol (original títol, el del nivell d’estudis més alt (ESO, BAT)), <strong>juntament amb la sol·licitud degudament omplerta.</strong></p>



<p><a href="https://agora.xtec.cat/iespladelestany/wp-content/uploads/usu35/2026/01/Sollicitud-Nivell-de-catala-2.pdf">Document</a> per iniciar la sol·licitud d&#8217;acreditació del nivell de català</p>

<p>Normativa Nivell B (Certificat de nivell intermedi de català) Pot demanar el certificat aquell alumnat que: Nivell C (Certificat de nivell de suficiència de català) Pot demanar el certificat aquell alumnat que: Sol·licitud Per sol·licitar el certificat haureu de presentar per correu electrònic o a les oficines del centre la documentació acreditativa d&#8217;haver cursat l&#8217;assignatura [&hellip;]</p>
