{"id":8215,"date":"2024-03-05T17:55:32","date_gmt":"2024-03-05T16:55:32","guid":{"rendered":"https:\/\/agora.xtec.cat\/iespladelestany\/?page_id=8215"},"modified":"2026-04-10T12:43:08","modified_gmt":"2026-04-10T10:43:08","slug":"preinscripcio-batxillerat","status":"publish","type":"page","link":"https:\/\/agora.xtec.cat\/iespladelestany\/secretaria\/preinscripcio\/preinscripcio-batxillerat\/","title":{"rendered":"Preinscripci\u00f3 Batxillerat"},"content":{"rendered":"\n<p>Tota la informaci\u00f3 i tr\u00e0mits a realitzar referent a la preinscripci\u00f3, els podreu trobar a la&nbsp;<a href=\"https:\/\/preinscripcio.gencat.cat\/ca\/estudis\/batxillerat\/inici\/index.html\">p\u00e0gina de la Generalitat<\/a>.<\/p>\n\n\n\n<figure class=\"wp-block-image aligncenter size-full is-resized\"><a href=\"https:\/\/preinscripcio.gencat.cat\/ca\/estudis\/batxillerat\/preinscriute\/sollicitud\/\"><img loading=\"lazy\" decoding=\"async\" width=\"433\" height=\"135\" src=\"https:\/\/agora.xtec.cat\/iespladelestany\/wp-content\/uploads\/usu35\/2026\/03\/preinsBat.png\" alt=\"\" class=\"wp-image-9971\" style=\"width:293px;height:auto\" srcset=\"https:\/\/agora.xtec.cat\/iespladelestany\/wp-content\/uploads\/usu35\/2026\/03\/preinsBat.png 433w, https:\/\/agora.xtec.cat\/iespladelestany\/wp-content\/uploads\/usu35\/2026\/03\/preinsBat-300x94.png 300w\" sizes=\"auto, (max-width: 433px) 100vw, 433px\" \/><\/a><\/figure>\n\n\n\n<h4 class=\"wp-block-heading\">Dates clau<\/h4>\n\n\n\n<ul class=\"wp-block-list\">\n<li><strong>Presenta la sol\u00b7licitud:<\/strong> del 9 al 16 d&#8217;abril<\/li>\n\n\n\n<li><strong>Fes el seguiment de la teva sol\u00b7licitud:<\/strong> des del 14 de maig<\/li>\n\n\n\n<li><strong>Assabenta\u2019t de la pla\u00e7a obtinguda:<\/strong> 29 de maig<\/li>\n\n\n\n<li><strong>Formalitza la matr\u00edcula:<\/strong> del 18 al 30 de juny<\/li>\n<\/ul>\n\n\n\n<p>Podeu trobar totes les dates a l&#8217;apartat <a href=\"https:\/\/preinscripcio.gencat.cat\/ca\/estudis\/batxillerat\/informat\/calendari\/\" data-type=\"link\" data-id=\"https:\/\/preinscripcio.gencat.cat\/ca\/estudis\/eso\/informat\/calendari\/\">Coneix el calendari i els terminis<\/a> de la p\u00e0gina oficial de la Generalitat.<\/p>\n\n\n\n<h4 class=\"wp-block-heading\">Documents publicats<\/h4>\n\n\n\n<p><iframe style=\"width: 100%; height: 320px; border: 0;\" src=\"https:\/\/drive.google.com\/embeddedfolderview?id=19tbyHzCVA2M4ily3ivwR0vzM74Xe1Pfk#list\"><\/iframe><\/p>\n\n\n\n<h4 class=\"wp-block-heading has-text-align-left\">Distribuci\u00f3 de les mat\u00e8ries<\/h4>\n\n\n\n<p>A continuaci\u00f3 trobareu el document per sol\u00b7licitar les mat\u00e8ries de Batxillerat. En el moment de la preinscripci\u00f3 <strong>no cal entregar-lo<\/strong>, \u00e9s perqu\u00e8 pugueu <strong>veure com es distribueixen les mat\u00e8ries.<\/strong><\/p>\n\n\n\n<div data-wp-interactive=\"core\/file\" class=\"wp-block-file\"><object data-wp-bind--hidden=\"!state.hasPdfPreview\" hidden class=\"wp-block-file__embed\" data=\"https:\/\/agora.xtec.cat\/iespladelestany\/wp-content\/uploads\/usu35\/2026\/04\/Tria-de-modalitat-de-1r-BAT.pdf\" type=\"application\/pdf\" style=\"width:100%;height:600px\" aria-label=\"Incrustaci\u00f3 del fitxer Tria de modalitat de 1r BAT.\"><\/object><a id=\"wp-block-file--media-3abba31c-28e0-42b1-9e83-9560a73d47bd\" href=\"https:\/\/agora.xtec.cat\/iespladelestany\/wp-content\/uploads\/usu35\/2026\/04\/Tria-de-modalitat-de-1r-BAT.pdf\">Tria de modalitat de 1r BAT<\/a><a href=\"https:\/\/agora.xtec.cat\/iespladelestany\/wp-content\/uploads\/usu35\/2026\/04\/Tria-de-modalitat-de-1r-BAT.pdf\" class=\"wp-block-file__button wp-element-button\" download aria-describedby=\"wp-block-file--media-3abba31c-28e0-42b1-9e83-9560a73d47bd\">Baixa<\/a><\/div>\n","protected":false},"excerpt":{"rendered":"<p>Tota la informaci\u00f3 i tr\u00e0mits a realitzar referent a la preinscripci\u00f3, els podreu trobar a la&nbsp;p\u00e0gina de la Generalitat. Dates clau Podeu trobar totes les dates a l&#8217;apartat Coneix el calendari i els terminis de la p\u00e0gina oficial de la Generalitat. Documents publicats Distribuci\u00f3 de les mat\u00e8ries A continuaci\u00f3 trobareu el document per sol\u00b7licitar les [&hellip;]<\/p>\n","protected":false},"author":3,"featured_media":0,"parent":8206,"menu_order":0,"comment_status":"closed","ping_status":"closed","template":"","meta":{"site-sidebar-layout":"default","site-content-layout":"","ast-site-content-layout":"default","site-content-style":"default","site-sidebar-style":"default","ast-global-header-display":"","ast-banner-title-visibility":"","ast-main-header-display":"","ast-hfb-above-header-display":"","ast-hfb-below-header-display":"","ast-hfb-mobile-header-display":"","site-post-title":"","ast-breadcrumbs-content":"","ast-featured-img":"","footer-sml-layout":"","theme-transparent-header-meta":"","adv-header-id-meta":"","stick-header-meta":"","header-above-stick-meta":"","header-main-stick-meta":"","header-below-stick-meta":"","astra-migrate-meta-layouts":"set","ast-page-background-enabled":"default","ast-page-background-meta":{"desktop":{"background-color":"var(--ast-global-color-4)","background-image":"","background-repeat":"repeat","background-position":"center center","background-size":"auto","background-attachment":"scroll","background-type":"","background-media":"","overlay-type":"","overlay-color":"","overlay-opacity":"","overlay-gradient":""},"tablet":{"background-color":"","background-image":"","background-repeat":"repeat","background-position":"center center","background-size":"auto","background-attachment":"scroll","background-type":"","background-media":"","overlay-type":"","overlay-color":"","overlay-opacity":"","overlay-gradient":""},"mobile":{"background-color":"","background-image":"","background-repeat":"repeat","background-position":"center center","background-size":"auto","background-attachment":"scroll","background-type":"","background-media":"","overlay-type":"","overlay-color":"","overlay-opacity":"","overlay-gradient":""}},"ast-content-background-meta":{"desktop":{"background-color":"var(--ast-global-color-5)","background-image":"","background-repeat":"repeat","background-position":"center center","background-size":"auto","background-attachment":"scroll","background-type":"","background-media":"","overlay-type":"","overlay-color":"","overlay-opacity":"","overlay-gradient":""},"tablet":{"background-color":"var(--ast-global-color-5)","background-image":"","background-repeat":"repeat","background-position":"center center","background-size":"auto","background-attachment":"scroll","background-type":"","background-media":"","overlay-type":"","overlay-color":"","overlay-opacity":"","overlay-gradient":""},"mobile":{"background-color":"var(--ast-global-color-5)","background-image":"","background-repeat":"repeat","background-position":"center center","background-size":"auto","background-attachment":"scroll","background-type":"","background-media":"","overlay-type":"","overlay-color":"","overlay-opacity":"","overlay-gradient":""}},"footnotes":""},"class_list":["post-8215","page","type-page","status-publish","hentry"],"post_mailing_queue_ids":[],"_links":{"self":[{"href":"https:\/\/agora.xtec.cat\/iespladelestany\/wp-json\/wp\/v2\/pages\/8215","targetHints":{"allow":["GET"]}}],"collection":[{"href":"https:\/\/agora.xtec.cat\/iespladelestany\/wp-json\/wp\/v2\/pages"}],"about":[{"href":"https:\/\/agora.xtec.cat\/iespladelestany\/wp-json\/wp\/v2\/types\/page"}],"author":[{"embeddable":true,"href":"https:\/\/agora.xtec.cat\/iespladelestany\/wp-json\/wp\/v2\/users\/3"}],"replies":[{"embeddable":true,"href":"https:\/\/agora.xtec.cat\/iespladelestany\/wp-json\/wp\/v2\/comments?post=8215"}],"version-history":[{"count":5,"href":"https:\/\/agora.xtec.cat\/iespladelestany\/wp-json\/wp\/v2\/pages\/8215\/revisions"}],"predecessor-version":[{"id":10033,"href":"https:\/\/agora.xtec.cat\/iespladelestany\/wp-json\/wp\/v2\/pages\/8215\/revisions\/10033"}],"up":[{"embeddable":true,"href":"https:\/\/agora.xtec.cat\/iespladelestany\/wp-json\/wp\/v2\/pages\/8206"}],"wp:attachment":[{"href":"https:\/\/agora.xtec.cat\/iespladelestany\/wp-json\/wp\/v2\/media?parent=8215"}],"curies":[{"name":"wp","href":"https:\/\/api.w.org\/{rel}","templated":true}]}}