{"id":81,"date":"2014-09-18T10:38:05","date_gmt":"2014-09-18T10:38:05","guid":{"rendered":"http:\/\/agora.xtec.cat\/iespladelestany\/?page_id=81"},"modified":"2026-01-30T12:56:18","modified_gmt":"2026-01-30T11:56:18","slug":"secretaria","status":"publish","type":"page","link":"https:\/\/agora.xtec.cat\/iespladelestany\/secretaria\/secretaria\/","title":{"rendered":"Tr\u00e0mits i gestions"},"content":{"rendered":"\n<h4 class=\"wp-block-heading\">Beques<\/h4>\n\n\n\n<p>Totes les sol\u00b7licituds i tramitacions de beques es realitzen directament amb els organismes responsables<\/p>\n\n\n\n<ul class=\"wp-block-list\">\n<li><a href=\"http:\/\/ensenyament.gencat.cat\/ca\/tramits\/tramits-temes\/Beques-de-caracter-general-per-a-estudis-postobligatoris\" target=\"_blank\" rel=\"noopener noreferrer\">Beques per a ensenyaments postobligatoris<\/a><\/li>\n\n\n\n<li><a href=\"http:\/\/ensenyament.gencat.cat\/ca\/tramits\/tramits-temes\/Ajuts-per-a-alumnes-amb-necessitat-especifica-de-suport-educatiu\" target=\"_blank\" rel=\"noopener noreferrer\">Beques per a alumnes amb NE<\/a><\/li>\n\n\n\n<li><a href=\"https:\/\/educacio.gencat.cat\/ca\/serveis-tramits\/ajuts-subvencions\/per-destinataris\/families-alumnes\/individuals-desplacament\/index.html\">Ajudes individuals de depla\u00e7ament<\/a><\/li>\n<\/ul>\n\n\n\n<h4 class=\"wp-block-heading\">Certificats<\/h4>\n\n\n\n<ul class=\"wp-block-list\">\n<li>\u00c0mbit acad\u00e8mic (matriculaci\u00f3, expedient acad\u00e8mic, nota mitjana&#8230;)&nbsp;<a href=\"https:\/\/forms.gle\/Q2QFCFF1sweanWyn9\" data-type=\"link\" data-id=\"https:\/\/forms.gle\/Q2QFCFF1sweanWyn9\">\ud83d\udcddEmplena el formulari!<\/a><\/li>\n\n\n\n<li>Nivell B2 o C1 de catal\u00e0 (<a href=\"https:\/\/agora.xtec.cat\/iespladelestany\/tramits-gestions-serveis\/secretaria\/certificat-nivell-de-catala\/\">coneix la normativa i presenta la sol\u00b7licitud<\/a>)<\/li>\n<\/ul>\n\n\n\n<p><\/p>\n\n\n\n<ul class=\"wp-block-list\">\n<li>Convalidacions<\/li>\n\n\n\n<li><a href=\"http:\/\/www.plaestany.cat\/les-arees\/educacio-i-cultura\/educacio\/transport-escolar\" target=\"_blank\" rel=\"noopener noreferrer\">Transport escolar<\/a><\/li>\n<\/ul>\n\n\n\n<p><\/p>\n","protected":false},"excerpt":{"rendered":"<p>Beques Totes les sol\u00b7licituds i tramitacions de beques es realitzen directament amb els organismes responsables Certificats<\/p>\n","protected":false},"author":1,"featured_media":0,"parent":9853,"menu_order":1,"comment_status":"closed","ping_status":"closed","template":"","meta":{"site-sidebar-layout":"default","site-content-layout":"","ast-site-content-layout":"default","site-content-style":"default","site-sidebar-style":"default","ast-global-header-display":"","ast-banner-title-visibility":"","ast-main-header-display":"","ast-hfb-above-header-display":"","ast-hfb-below-header-display":"","ast-hfb-mobile-header-display":"","site-post-title":"","ast-breadcrumbs-content":"","ast-featured-img":"","footer-sml-layout":"","theme-transparent-header-meta":"","adv-header-id-meta":"","stick-header-meta":"","header-above-stick-meta":"","header-main-stick-meta":"","header-below-stick-meta":"","astra-migrate-meta-layouts":"set","ast-page-background-enabled":"default","ast-page-background-meta":{"desktop":{"background-color":"var(--ast-global-color-4)","background-image":"","background-repeat":"repeat","background-position":"center center","background-size":"auto","background-attachment":"scroll","background-type":"","background-media":"","overlay-type":"","overlay-color":"","overlay-opacity":"","overlay-gradient":""},"tablet":{"background-color":"","background-image":"","background-repeat":"repeat","background-position":"center center","background-size":"auto","background-attachment":"scroll","background-type":"","background-media":"","overlay-type":"","overlay-color":"","overlay-opacity":"","overlay-gradient":""},"mobile":{"background-color":"","background-image":"","background-repeat":"repeat","background-position":"center center","background-size":"auto","background-attachment":"scroll","background-type":"","background-media":"","overlay-type":"","overlay-color":"","overlay-opacity":"","overlay-gradient":""}},"ast-content-background-meta":{"desktop":{"background-color":"var(--ast-global-color-5)","background-image":"","background-repeat":"repeat","background-position":"center center","background-size":"auto","background-attachment":"scroll","background-type":"","background-media":"","overlay-type":"","overlay-color":"","overlay-opacity":"","overlay-gradient":""},"tablet":{"background-color":"var(--ast-global-color-5)","background-image":"","background-repeat":"repeat","background-position":"center center","background-size":"auto","background-attachment":"scroll","background-type":"","background-media":"","overlay-type":"","overlay-color":"","overlay-opacity":"","overlay-gradient":""},"mobile":{"background-color":"var(--ast-global-color-5)","background-image":"","background-repeat":"repeat","background-position":"center center","background-size":"auto","background-attachment":"scroll","background-type":"","background-media":"","overlay-type":"","overlay-color":"","overlay-opacity":"","overlay-gradient":""}},"footnotes":""},"class_list":["post-81","page","type-page","status-publish","hentry"],"post_mailing_queue_ids":[],"_links":{"self":[{"href":"https:\/\/agora.xtec.cat\/iespladelestany\/wp-json\/wp\/v2\/pages\/81","targetHints":{"allow":["GET"]}}],"collection":[{"href":"https:\/\/agora.xtec.cat\/iespladelestany\/wp-json\/wp\/v2\/pages"}],"about":[{"href":"https:\/\/agora.xtec.cat\/iespladelestany\/wp-json\/wp\/v2\/types\/page"}],"author":[{"embeddable":true,"href":"https:\/\/agora.xtec.cat\/iespladelestany\/wp-json\/wp\/v2\/users\/1"}],"replies":[{"embeddable":true,"href":"https:\/\/agora.xtec.cat\/iespladelestany\/wp-json\/wp\/v2\/comments?post=81"}],"version-history":[{"count":6,"href":"https:\/\/agora.xtec.cat\/iespladelestany\/wp-json\/wp\/v2\/pages\/81\/revisions"}],"predecessor-version":[{"id":9873,"href":"https:\/\/agora.xtec.cat\/iespladelestany\/wp-json\/wp\/v2\/pages\/81\/revisions\/9873"}],"up":[{"embeddable":true,"href":"https:\/\/agora.xtec.cat\/iespladelestany\/wp-json\/wp\/v2\/pages\/9853"}],"wp:attachment":[{"href":"https:\/\/agora.xtec.cat\/iespladelestany\/wp-json\/wp\/v2\/media?parent=81"}],"curies":[{"name":"wp","href":"https:\/\/api.w.org\/{rel}","templated":true}]}}

Tràmits i gestions

<h4 class="wp-block-heading">Beques</h4>



<p>Totes les sol·licituds i tramitacions de beques es realitzen directament amb els organismes responsables</p>



<ul class="wp-block-list">
<li><a href="http://ensenyament.gencat.cat/ca/tramits/tramits-temes/Beques-de-caracter-general-per-a-estudis-postobligatoris" target="_blank" rel="noopener noreferrer">Beques per a ensenyaments postobligatoris</a></li>



<li><a href="http://ensenyament.gencat.cat/ca/tramits/tramits-temes/Ajuts-per-a-alumnes-amb-necessitat-especifica-de-suport-educatiu" target="_blank" rel="noopener noreferrer">Beques per a alumnes amb NE</a></li>



<li><a href="https://educacio.gencat.cat/ca/serveis-tramits/ajuts-subvencions/per-destinataris/families-alumnes/individuals-desplacament/index.html">Ajudes individuals de deplaçament</a></li>
</ul>



<h4 class="wp-block-heading">Certificats</h4>



<ul class="wp-block-list">
<li>Àmbit acadèmic (matriculació, expedient acadèmic, nota mitjana&#8230;)&nbsp;<a href="https://forms.gle/Q2QFCFF1sweanWyn9" data-type="link" data-id="https://forms.gle/Q2QFCFF1sweanWyn9">📝Emplena el formulari!</a></li>



<li>Nivell B2 o C1 de català (<a href="https://agora.xtec.cat/iespladelestany/tramits-gestions-serveis/secretaria/certificat-nivell-de-catala/">coneix la normativa i presenta la sol·licitud</a>)</li>
</ul>



<p></p>



<ul class="wp-block-list">
<li>Convalidacions</li>



<li><a href="http://www.plaestany.cat/les-arees/educacio-i-cultura/educacio/transport-escolar" target="_blank" rel="noopener noreferrer">Transport escolar</a></li>
</ul>



<p></p>
