{"id":462,"date":"2015-11-18T18:57:56","date_gmt":"2015-11-18T17:57:56","guid":{"rendered":"http:\/\/agora.xtec.cat\/iespladelestany\/?page_id=462"},"modified":"2026-03-04T17:38:55","modified_gmt":"2026-03-04T16:38:55","slug":"tramits-gestions-serveis","status":"publish","type":"page","link":"https:\/\/agora.xtec.cat\/iespladelestany\/tramits-gestions-serveis\/","title":{"rendered":"Tr\u00e0mits, gestions, serveis"},"content":{"rendered":"<h3><a href=\"http:\/\/agora.xtec.cat\/iespladelestany\/?p=81\">Tr\u00e0mits i gestions<\/a><\/h3>\n<ul>\n<li>Horari de secretaria i consergeria<\/li>\n<li>Secretaria: preinscripci\u00f3 i matr\u00edcula, beques, transport escolar, certificats, convalidacions<\/li>\n<li>Tutors: entrevistes, justificants<\/li>\n<li>Consergeria: fotoc\u00f2pies, impressions i fotoc\u00f2pies<\/li>\n<\/ul>\n<h3><a href=\"http:\/\/agora.xtec.cat\/iespladelestany\/?p=63\">Serveis<\/a><\/h3>\n<ul>\n<li>Bar-cantina<\/li>\n<li>Biblioteca<\/li>\n<li>Extraescolars de tarda<\/li>\n<\/ul>\n","protected":false},"excerpt":{"rendered":"<p>Tr\u00e0mits i gestions Horari de secretaria i consergeria Secretaria: preinscripci\u00f3 i matr\u00edcula, beques, transport escolar, certificats, convalidacions Tutors: entrevistes, justificants Consergeria: fotoc\u00f2pies, impressions i fotoc\u00f2pies Serveis Bar-cantina Biblioteca Extraescolars de tarda<\/p>\n","protected":false},"author":1,"featured_media":0,"parent":0,"menu_order":40,"comment_status":"closed","ping_status":"closed","template":"","meta":{"site-sidebar-layout":"default","site-content-layout":"","ast-site-content-layout":"default","site-content-style":"default","site-sidebar-style":"default","ast-global-header-display":"","ast-banner-title-visibility":"","ast-main-header-display":"","ast-hfb-above-header-display":"","ast-hfb-below-header-display":"","ast-hfb-mobile-header-display":"","site-post-title":"","ast-breadcrumbs-content":"","ast-featured-img":"","footer-sml-layout":"","theme-transparent-header-meta":"","adv-header-id-meta":"","stick-header-meta":"","header-above-stick-meta":"","header-main-stick-meta":"","header-below-stick-meta":"","astra-migrate-meta-layouts":"set","ast-page-background-enabled":"default","ast-page-background-meta":{"desktop":{"background-color":"var(--ast-global-color-4)","background-image":"","background-repeat":"repeat","background-position":"center center","background-size":"auto","background-attachment":"scroll","background-type":"","background-media":"","overlay-type":"","overlay-color":"","overlay-opacity":"","overlay-gradient":""},"tablet":{"background-color":"","background-image":"","background-repeat":"repeat","background-position":"center center","background-size":"auto","background-attachment":"scroll","background-type":"","background-media":"","overlay-type":"","overlay-color":"","overlay-opacity":"","overlay-gradient":""},"mobile":{"background-color":"","background-image":"","background-repeat":"repeat","background-position":"center center","background-size":"auto","background-attachment":"scroll","background-type":"","background-media":"","overlay-type":"","overlay-color":"","overlay-opacity":"","overlay-gradient":""}},"ast-content-background-meta":{"desktop":{"background-color":"var(--ast-global-color-5)","background-image":"","background-repeat":"repeat","background-position":"center center","background-size":"auto","background-attachment":"scroll","background-type":"","background-media":"","overlay-type":"","overlay-color":"","overlay-opacity":"","overlay-gradient":""},"tablet":{"background-color":"var(--ast-global-color-5)","background-image":"","background-repeat":"repeat","background-position":"center center","background-size":"auto","background-attachment":"scroll","background-type":"","background-media":"","overlay-type":"","overlay-color":"","overlay-opacity":"","overlay-gradient":""},"mobile":{"background-color":"var(--ast-global-color-5)","background-image":"","background-repeat":"repeat","background-position":"center center","background-size":"auto","background-attachment":"scroll","background-type":"","background-media":"","overlay-type":"","overlay-color":"","overlay-opacity":"","overlay-gradient":""}},"footnotes":""},"class_list":["post-462","page","type-page","status-publish","hentry"],"post_mailing_queue_ids":[],"_links":{"self":[{"href":"https:\/\/agora.xtec.cat\/iespladelestany\/wp-json\/wp\/v2\/pages\/462","targetHints":{"allow":["GET"]}}],"collection":[{"href":"https:\/\/agora.xtec.cat\/iespladelestany\/wp-json\/wp\/v2\/pages"}],"about":[{"href":"https:\/\/agora.xtec.cat\/iespladelestany\/wp-json\/wp\/v2\/types\/page"}],"author":[{"embeddable":true,"href":"https:\/\/agora.xtec.cat\/iespladelestany\/wp-json\/wp\/v2\/users\/1"}],"replies":[{"embeddable":true,"href":"https:\/\/agora.xtec.cat\/iespladelestany\/wp-json\/wp\/v2\/comments?post=462"}],"version-history":[{"count":4,"href":"https:\/\/agora.xtec.cat\/iespladelestany\/wp-json\/wp\/v2\/pages\/462\/revisions"}],"predecessor-version":[{"id":9952,"href":"https:\/\/agora.xtec.cat\/iespladelestany\/wp-json\/wp\/v2\/pages\/462\/revisions\/9952"}],"wp:attachment":[{"href":"https:\/\/agora.xtec.cat\/iespladelestany\/wp-json\/wp\/v2\/media?parent=462"}],"curies":[{"name":"wp","href":"https:\/\/api.w.org\/{rel}","templated":true}]}}