{"id":1812,"date":"2017-11-23T09:09:30","date_gmt":"2017-11-23T08:09:30","guid":{"rendered":"http:\/\/agora.xtec.cat\/iespladelestany\/?page_id=1812"},"modified":"2022-04-05T15:53:04","modified_gmt":"2022-04-05T13:53:04","slug":"servei-de-reconeixement","status":"publish","type":"page","link":"https:\/\/agora.xtec.cat\/iespladelestany\/tramits-gestions-serveis\/servei-dassessorament-i-reconeixement\/servei-de-reconeixement\/","title":{"rendered":"Servei de Reconeixement"},"content":{"rendered":"<p>El <strong>Servei de reconeixement acad\u00e8mic dels aprenentatges assolits mitjan\u00e7ant l&#8217;experi\u00e8ncia laboral o en activitats socials<\/strong> s&#8217;adre\u00e7a a les persones amb experi\u00e8ncia laboral o en activitats socials que vulguin tenir un reconeixement acad\u00e8mic dels aprenentatges adquirits relacionats amb un determinat cicle formatiu. El centre avalua l&#8217;informe d&#8217;assessorament, la documentaci\u00f3 que aporta l&#8217;interessat i li fa una entrevista i, si escau, emet\u00a0<span style=\"font-weight: 400;\">un certificat parcial amb valor acad\u00e8mic. A partir d&#8217;aqu\u00ed,\u00a0<\/span><span style=\"font-weight: 400;\">si es vol\u00a0obtenir el t\u00edtol del cicle corresponent i convalidar les unitats formatives o cr\u00e8dits (reconeguts) cal matricular-se, totalment o parcial, en el cicle formatiu corresponent, acreditant els requisits acad\u00e8mics d&#8217;acc\u00e9s que s&#8217;estableixen per als cicles formatius de grau mitj\u00e0 o superior, segons correspongui (l<\/span><span style=\"font-weight: 400;\">a convalidaci\u00f3 de les unitats formatives o cr\u00e8dits certificats en els centres del Departament d&#8217;Ensenyament\u00a0\u00e9s gratu\u00efta).<\/span><\/p>\n<p><span style=\"font-weight: 400;\">Els requisits seg\u00fcents:<\/span><\/p>\n<ul>\n<li style=\"font-weight: 400;\"><span style=\"font-weight: 400;\">haver complert <\/span><b>18 anys<\/b><span style=\"font-weight: 400;\">,<\/span><\/li>\n<li style=\"font-weight: 400;\"><span style=\"font-weight: 400;\">acreditar experi\u00e8ncia laboral o en activitats socials d&#8217;almenys <\/span><b>2 anys en el sector<\/b><span style=\"font-weight: 400;\">,<\/span><\/li>\n<li style=\"font-weight: 400;\"><span style=\"font-weight: 400;\">disposar de l&#8217;<\/span><b><a href=\"http:\/\/agora.xtec.cat\/iespladelestany\/tramits-gestions-serveis\/servei-dassessorament-i-reconeixement\/servei-dassessorament\/\" target=\"_blank\" rel=\"noopener noreferrer\">informe d&#8217;assessorament obtingut en el servei d&#8217;assessorament<\/a>,<\/b><span style=\"font-weight: 400;\">\u00a0o document equivalent de convocat\u00f2ries d&#8217;acreditaci\u00f3 o validaci\u00f3 amb l&#8217;orientaci\u00f3 i\/o assessorament del mateix t\u00edtol o d&#8217;un t\u00edtol af\u00ed.<\/span><\/li>\n<\/ul>\n<p>Demaneu m\u00e9s informaci\u00f3 trucant a l&#8217;Institut a la tarda.<\/p>\n","protected":false},"excerpt":{"rendered":"<p>El Servei de reconeixement acad\u00e8mic dels aprenentatges assolits mitjan\u00e7ant l&#8217;experi\u00e8ncia laboral o en activitats socials s&#8217;adre\u00e7a a les persones amb experi\u00e8ncia laboral o en activitats socials que vulguin tenir un reconeixement acad\u00e8mic dels aprenentatges adquirits relacionats amb un determinat cicle formatiu. El centre avalua l&#8217;informe d&#8217;assessorament, la documentaci\u00f3 que aporta l&#8217;interessat i li fa una [&hellip;]<\/p>\n","protected":false},"author":1,"featured_media":0,"parent":1151,"menu_order":72,"comment_status":"closed","ping_status":"closed","template":"page-templates\/side-menu.php","meta":{"site-sidebar-layout":"default","site-content-layout":"","ast-site-content-layout":"","site-content-style":"default","site-sidebar-style":"default","ast-global-header-display":"","ast-banner-title-visibility":"","ast-main-header-display":"","ast-hfb-above-header-display":"","ast-hfb-below-header-display":"","ast-hfb-mobile-header-display":"","site-post-title":"","ast-breadcrumbs-content":"","ast-featured-img":"","footer-sml-layout":"","theme-transparent-header-meta":"","adv-header-id-meta":"","stick-header-meta":"","header-above-stick-meta":"","header-main-stick-meta":"","header-below-stick-meta":"","astra-migrate-meta-layouts":"default","ast-page-background-enabled":"default","ast-page-background-meta":{"desktop":{"background-color":"var(--ast-global-color-4)","background-image":"","background-repeat":"repeat","background-position":"center center","background-size":"auto","background-attachment":"scroll","background-type":"","background-media":"","overlay-type":"","overlay-color":"","overlay-opacity":"","overlay-gradient":""},"tablet":{"background-color":"","background-image":"","background-repeat":"repeat","background-position":"center center","background-size":"auto","background-attachment":"scroll","background-type":"","background-media":"","overlay-type":"","overlay-color":"","overlay-opacity":"","overlay-gradient":""},"mobile":{"background-color":"","background-image":"","background-repeat":"repeat","background-position":"center center","background-size":"auto","background-attachment":"scroll","background-type":"","background-media":"","overlay-type":"","overlay-color":"","overlay-opacity":"","overlay-gradient":""}},"ast-content-background-meta":{"desktop":{"background-color":"var(--ast-global-color-5)","background-image":"","background-repeat":"repeat","background-position":"center center","background-size":"auto","background-attachment":"scroll","background-type":"","background-media":"","overlay-type":"","overlay-color":"","overlay-opacity":"","overlay-gradient":""},"tablet":{"background-color":"var(--ast-global-color-5)","background-image":"","background-repeat":"repeat","background-position":"center center","background-size":"auto","background-attachment":"scroll","background-type":"","background-media":"","overlay-type":"","overlay-color":"","overlay-opacity":"","overlay-gradient":""},"mobile":{"background-color":"var(--ast-global-color-5)","background-image":"","background-repeat":"repeat","background-position":"center center","background-size":"auto","background-attachment":"scroll","background-type":"","background-media":"","overlay-type":"","overlay-color":"","overlay-opacity":"","overlay-gradient":""}},"footnotes":""},"class_list":["post-1812","page","type-page","status-publish","hentry"],"post_mailing_queue_ids":[],"_links":{"self":[{"href":"https:\/\/agora.xtec.cat\/iespladelestany\/wp-json\/wp\/v2\/pages\/1812","targetHints":{"allow":["GET"]}}],"collection":[{"href":"https:\/\/agora.xtec.cat\/iespladelestany\/wp-json\/wp\/v2\/pages"}],"about":[{"href":"https:\/\/agora.xtec.cat\/iespladelestany\/wp-json\/wp\/v2\/types\/page"}],"author":[{"embeddable":true,"href":"https:\/\/agora.xtec.cat\/iespladelestany\/wp-json\/wp\/v2\/users\/1"}],"replies":[{"embeddable":true,"href":"https:\/\/agora.xtec.cat\/iespladelestany\/wp-json\/wp\/v2\/comments?post=1812"}],"version-history":[{"count":3,"href":"https:\/\/agora.xtec.cat\/iespladelestany\/wp-json\/wp\/v2\/pages\/1812\/revisions"}],"predecessor-version":[{"id":6829,"href":"https:\/\/agora.xtec.cat\/iespladelestany\/wp-json\/wp\/v2\/pages\/1812\/revisions\/6829"}],"up":[{"embeddable":true,"href":"https:\/\/agora.xtec.cat\/iespladelestany\/wp-json\/wp\/v2\/pages\/1151"}],"wp:attachment":[{"href":"https:\/\/agora.xtec.cat\/iespladelestany\/wp-json\/wp\/v2\/media?parent=1812"}],"curies":[{"name":"wp","href":"https:\/\/api.w.org\/{rel}","templated":true}]}}