{"id":1151,"date":"2016-07-09T15:44:52","date_gmt":"2016-07-09T14:44:52","guid":{"rendered":"http:\/\/agora.xtec.cat\/iespladelestany\/?page_id=1151"},"modified":"2021-03-15T13:48:51","modified_gmt":"2021-03-15T12:48:51","slug":"servei-dassessorament-i-reconeixement","status":"publish","type":"page","link":"https:\/\/agora.xtec.cat\/iespladelestany\/tramits-gestions-serveis\/servei-dassessorament-i-reconeixement\/","title":{"rendered":"Servei d&#8217;assessorament i reconeixement, i borsa de treball"},"content":{"rendered":"<p><a href=\"http:\/\/agora.xtec.cat\/iespladelestany\/wp-content\/uploads\/usu35\/2016\/07\/assessoramentreconeixement.jpg\"><img loading=\"lazy\" decoding=\"async\" class=\"wp-image-3717 alignleft\" src=\"http:\/\/agora.xtec.cat\/iespladelestany\/wp-content\/uploads\/usu35\/2016\/07\/assessoramentreconeixement.jpg\" alt=\"\" width=\"202\" height=\"101\" \/><\/a>El <strong>Servei d&#8217;assessorament<\/strong> en la formaci\u00f3 professional del sistema educatiu i el <strong>Servei de reconeixement acad\u00e8mic<\/strong> dels aprenentatges assolits mitjan\u00e7ant l&#8217;experi\u00e8ncia laboral o en activitats socials s\u00f3n dues actuacions regulades a la <a title=\"Obre finestra nova (V\u00e9s al DOGC)\" href=\"http:\/\/www20.gencat.cat\/portal\/site\/portaldogc\/menuitem.c973d2fc58aa0083e4492d92b0c0e1a0\/?vgnextoid=485946a6e5dfe210VgnVCM1000000b0c1e0aRCRD&amp;appInstanceName=default&amp;action=fitxa&amp;documentId=617026\" target=\"_blank\" rel=\"noopener noreferrer\">Resoluci\u00f3 ENS\/1891\/2012<\/a>, de 23 d&#8217;agost, d&#8217;organitzaci\u00f3 de diverses mesures flexibilitzadores i actuacions en la formaci\u00f3 professional inicial.<\/p>\n<p>Podeu Consultar:<\/p>\n<ul>\n<li><a href=\"http:\/\/agora.xtec.cat\/iespladelestany\/tramits-gestions-serveis\/servei-dassessorament\/\" target=\"_blank\" rel=\"noopener noreferrer\">Tota la informaci\u00f3 i calendari del Servei d&#8217;assessorament.\u00a0<\/a><\/li>\n<li><a href=\"https:\/\/agora.xtec.cat\/iespladelestany\/?page_id=1812&amp;preview=true\" target=\"_blank\" rel=\"noopener noreferrer\">Tota la informaci\u00f3 del Servei de Reconeixement.\u00a0<\/a><\/li>\n<\/ul>\n<p><b>POSSIBILITAT IMMEDIATA DE CURSAR, AL PROPI INSTITUT, ELS M\u00d2DULS NO RECONEGUTS, AMB MESURES FLEXIBILITZADORES<\/b><\/p>\n<p>Els alumnes que hagin realitzat el proc\u00e9s d\u00b4Assessorament i Reconeixement podran, si els sembla pertinent, comen\u00e7ar a cursar els m\u00f2duls (assignatures) no reconeguts o pendents a partir de setembre, pr\u00e8via matr\u00edcula al centre, en horari compatible amb la feina i amb mesures flexibilitzadores (assist\u00e8ncia a classe de nom\u00e9s el 50% i seguiment tutorial personalitzat). D\u00b4aquesta manera,i amb l\u00b4assoliment corresponent dels m\u00f2duls, aconseguirien el t\u00edtol d\u00b4APD (T\u00e8cnic en Atenci\u00f3 a persones en situaci\u00f3 de Depend\u00e8ncia).<\/p>\n<p>Aquelles\u00a0persones que finalitzen el proc\u00e9s d\u00b4Assessorament-Reconeixement assisteixen a classe amb aquestes condicions, i mantenint l\u00b4horari de la feina personal, amb molt bons resultats.<\/p>\n<h2><strong>Borsa de treball<\/strong><\/h2>\n<p>L&#8217;Institut Pla de l&#8217;Estany ofereix un servei de borsa de treball d&#8217;alumnes titulats en els CFGM seg\u00fcents:<\/p>\n<ul>\n<li>Atenci\u00f3 a les Persones en situaci\u00f3 de depend\u00e8ncia<\/li>\n<li>Sistema microinform\u00e0tics i xarxes<\/li>\n<\/ul>\n<p>Qu\u00e8 heu de fer?<\/p>\n<ul>\n<li>Si sou un ex-alumne, envieu un <a href=\"http:\/\/agora.xtec.cat\/iespladelestany\/wp-content\/uploads\/usu35\/2017\/02\/Plantilla_Cv_Europeu_catala.doc\" target=\"_blank\" rel=\"noopener noreferrer\">curriculum<\/a> a l&#8217;adre\u00e7a <a href=\"mailto:borsadetreball@inspladelestany.cat\" target=\"_blank\" rel=\"noopener noreferrer\">borsadetreball@<wbr \/>inspladelestany.cat<\/a><\/li>\n<li>Si sou una empresa, envieu un correu electr\u00f2nic a l&#8217;adre\u00e7a <a href=\"mailto:borsadetreball@inspladelestany.cat\" target=\"_blank\" rel=\"noopener noreferrer\">borsadetreball@<wbr \/>inspladelestany.cat<\/a>, fent constar en el mateix la seg\u00fcent informaci\u00f3:\n<div id=\"main\" class=\"grid-block\">\n<div id=\"maininner\" class=\"grid-box\">\n<section id=\"content\" class=\"grid-block\">\n<div id=\"system\">\n<article class=\"item\">\n<div class=\"content clearfix\">\n<ul>\n<li>Dades de l&#8217;empresa (nom, sector, activitat principal, ubicaci\u00f3&#8230;)<\/li>\n<li>Nom i cognom, tel\u00e8fon i correu electr\u00f2nic de la persona de contacte i c\u00e0rrec que ocupa a l&#8217;empresa.<\/li>\n<li>Dades referents a l&#8217;oferta de treball indicant sobretot quines s\u00f3n les tasques que ha de realitzar la persona a contractar. Aquestes s\u00f3n indispensables per definir b\u00e9 el perfil professional.<\/li>\n<\/ul>\n<p>Una vegada rebut aquest correu electr\u00f2nic, el centre el respon adjuntant els curr\u00edculums que millor s&#8217;ajustin a la sol\u00b7licitud realitzada. A partir d&#8217;aquest moment, la resta de gestions (trucades, entrevistes, etc.) ja les realitza l&#8217;empresa. \u00c9s molt important comunicar al centre la resoluci\u00f3 del proc\u00e9s de selecci\u00f3 per procedir a donar de baixa del servei a l&#8217;alumne contractat.<\/p>\n<\/div>\n<\/article>\n<\/div>\n<\/section>\n<\/div>\n<\/div>\n<\/li>\n<\/ul>\n","protected":false},"excerpt":{"rendered":"<p>El Servei d&#8217;assessorament en la formaci\u00f3 professional del sistema educatiu i el Servei de reconeixement acad\u00e8mic dels aprenentatges assolits mitjan\u00e7ant l&#8217;experi\u00e8ncia laboral o en activitats socials s\u00f3n dues actuacions regulades a la Resoluci\u00f3 ENS\/1891\/2012, de 23 d&#8217;agost, d&#8217;organitzaci\u00f3 de diverses mesures flexibilitzadores i actuacions en la formaci\u00f3 professional inicial. Podeu Consultar: Tota la informaci\u00f3 i [&hellip;]<\/p>\n","protected":false},"author":1,"featured_media":0,"parent":462,"menu_order":60,"comment_status":"closed","ping_status":"closed","template":"page-templates\/side-menu.php","meta":{"site-sidebar-layout":"default","site-content-layout":"","ast-site-content-layout":"","site-content-style":"default","site-sidebar-style":"default","ast-global-header-display":"","ast-banner-title-visibility":"","ast-main-header-display":"","ast-hfb-above-header-display":"","ast-hfb-below-header-display":"","ast-hfb-mobile-header-display":"","site-post-title":"","ast-breadcrumbs-content":"","ast-featured-img":"","footer-sml-layout":"","theme-transparent-header-meta":"","adv-header-id-meta":"","stick-header-meta":"","header-above-stick-meta":"","header-main-stick-meta":"","header-below-stick-meta":"","astra-migrate-meta-layouts":"default","ast-page-background-enabled":"default","ast-page-background-meta":{"desktop":{"background-color":"var(--ast-global-color-4)","background-image":"","background-repeat":"repeat","background-position":"center center","background-size":"auto","background-attachment":"scroll","background-type":"","background-media":"","overlay-type":"","overlay-color":"","overlay-opacity":"","overlay-gradient":""},"tablet":{"background-color":"","background-image":"","background-repeat":"repeat","background-position":"center center","background-size":"auto","background-attachment":"scroll","background-type":"","background-media":"","overlay-type":"","overlay-color":"","overlay-opacity":"","overlay-gradient":""},"mobile":{"background-color":"","background-image":"","background-repeat":"repeat","background-position":"center center","background-size":"auto","background-attachment":"scroll","background-type":"","background-media":"","overlay-type":"","overlay-color":"","overlay-opacity":"","overlay-gradient":""}},"ast-content-background-meta":{"desktop":{"background-color":"var(--ast-global-color-5)","background-image":"","background-repeat":"repeat","background-position":"center center","background-size":"auto","background-attachment":"scroll","background-type":"","background-media":"","overlay-type":"","overlay-color":"","overlay-opacity":"","overlay-gradient":""},"tablet":{"background-color":"var(--ast-global-color-5)","background-image":"","background-repeat":"repeat","background-position":"center center","background-size":"auto","background-attachment":"scroll","background-type":"","background-media":"","overlay-type":"","overlay-color":"","overlay-opacity":"","overlay-gradient":""},"mobile":{"background-color":"var(--ast-global-color-5)","background-image":"","background-repeat":"repeat","background-position":"center center","background-size":"auto","background-attachment":"scroll","background-type":"","background-media":"","overlay-type":"","overlay-color":"","overlay-opacity":"","overlay-gradient":""}},"footnotes":""},"class_list":["post-1151","page","type-page","status-publish","hentry"],"post_mailing_queue_ids":[],"_links":{"self":[{"href":"https:\/\/agora.xtec.cat\/iespladelestany\/wp-json\/wp\/v2\/pages\/1151","targetHints":{"allow":["GET"]}}],"collection":[{"href":"https:\/\/agora.xtec.cat\/iespladelestany\/wp-json\/wp\/v2\/pages"}],"about":[{"href":"https:\/\/agora.xtec.cat\/iespladelestany\/wp-json\/wp\/v2\/types\/page"}],"author":[{"embeddable":true,"href":"https:\/\/agora.xtec.cat\/iespladelestany\/wp-json\/wp\/v2\/users\/1"}],"replies":[{"embeddable":true,"href":"https:\/\/agora.xtec.cat\/iespladelestany\/wp-json\/wp\/v2\/comments?post=1151"}],"version-history":[{"count":4,"href":"https:\/\/agora.xtec.cat\/iespladelestany\/wp-json\/wp\/v2\/pages\/1151\/revisions"}],"predecessor-version":[{"id":6029,"href":"https:\/\/agora.xtec.cat\/iespladelestany\/wp-json\/wp\/v2\/pages\/1151\/revisions\/6029"}],"up":[{"embeddable":true,"href":"https:\/\/agora.xtec.cat\/iespladelestany\/wp-json\/wp\/v2\/pages\/462"}],"wp:attachment":[{"href":"https:\/\/agora.xtec.cat\/iespladelestany\/wp-json\/wp\/v2\/media?parent=1151"}],"curies":[{"name":"wp","href":"https:\/\/api.w.org\/{rel}","templated":true}]}}

<p><a href="http://agora.xtec.cat/iespladelestany/wp-content/uploads/usu35/2016/07/assessoramentreconeixement.jpg"><img loading="lazy" decoding="async" class="wp-image-3717 alignleft" src="http://agora.xtec.cat/iespladelestany/wp-content/uploads/usu35/2016/07/assessoramentreconeixement.jpg" alt="" width="202" height="101" /></a>El <strong>Servei d&#8217;assessorament</strong> en la formació professional del sistema educatiu i el <strong>Servei de reconeixement acadèmic</strong> dels aprenentatges assolits mitjançant l&#8217;experiència laboral o en activitats socials són dues actuacions regulades a la <a title="Obre finestra nova (Vés al DOGC)" href="http://www20.gencat.cat/portal/site/portaldogc/menuitem.c973d2fc58aa0083e4492d92b0c0e1a0/?vgnextoid=485946a6e5dfe210VgnVCM1000000b0c1e0aRCRD&amp;appInstanceName=default&amp;action=fitxa&amp;documentId=617026" target="_blank" rel="noopener noreferrer">Resolució ENS/1891/2012</a>, de 23 d&#8217;agost, d&#8217;organització de diverses mesures flexibilitzadores i actuacions en la formació professional inicial.</p>
<p>Podeu Consultar:</p>
<ul>
<li><a href="http://agora.xtec.cat/iespladelestany/tramits-gestions-serveis/servei-dassessorament/" target="_blank" rel="noopener noreferrer">Tota la informació i calendari del Servei d&#8217;assessorament. </a></li>
<li><a href="https://agora.xtec.cat/iespladelestany/?page_id=1812&amp;preview=true" target="_blank" rel="noopener noreferrer">Tota la informació del Servei de Reconeixement. </a></li>
</ul>
<p><b>POSSIBILITAT IMMEDIATA DE CURSAR, AL PROPI INSTITUT, ELS MÒDULS NO RECONEGUTS, AMB MESURES FLEXIBILITZADORES</b></p>
<p>Els alumnes que hagin realitzat el procés d´Assessorament i Reconeixement podran, si els sembla pertinent, començar a cursar els mòduls (assignatures) no reconeguts o pendents a partir de setembre, prèvia matrícula al centre, en horari compatible amb la feina i amb mesures flexibilitzadores (assistència a classe de només el 50% i seguiment tutorial personalitzat). D´aquesta manera,i amb l´assoliment corresponent dels mòduls, aconseguirien el títol d´APD (Tècnic en Atenció a persones en situació de Dependència).</p>
<p>Aquelles persones que finalitzen el procés d´Assessorament-Reconeixement assisteixen a classe amb aquestes condicions, i mantenint l´horari de la feina personal, amb molt bons resultats.</p>
<h2><strong>Borsa de treball</strong></h2>
<p>L&#8217;Institut Pla de l&#8217;Estany ofereix un servei de borsa de treball d&#8217;alumnes titulats en els CFGM següents:</p>
<ul>
<li>Atenció a les Persones en situació de dependència</li>
<li>Sistema microinformàtics i xarxes</li>
</ul>
<p>Què heu de fer?</p>
<ul>
<li>Si sou un ex-alumne, envieu un <a href="http://agora.xtec.cat/iespladelestany/wp-content/uploads/usu35/2017/02/Plantilla_Cv_Europeu_catala.doc" target="_blank" rel="noopener noreferrer">curriculum</a> a l&#8217;adreça <a href="mailto:borsadetreball@inspladelestany.cat" target="_blank" rel="noopener noreferrer">borsadetreball@<wbr />inspladelestany.cat</a></li>
<li>Si sou una empresa, envieu un correu electrònic a l&#8217;adreça <a href="mailto:borsadetreball@inspladelestany.cat" target="_blank" rel="noopener noreferrer">borsadetreball@<wbr />inspladelestany.cat</a>, fent constar en el mateix la següent informació:
<div id="main" class="grid-block">
<div id="maininner" class="grid-box">
<section id="content" class="grid-block">
<div id="system">
<article class="item">
<div class="content clearfix">
<ul>
<li>Dades de l&#8217;empresa (nom, sector, activitat principal, ubicació&#8230;)</li>
<li>Nom i cognom, telèfon i correu electrònic de la persona de contacte i càrrec que ocupa a l&#8217;empresa.</li>
<li>Dades referents a l&#8217;oferta de treball indicant sobretot quines són les tasques que ha de realitzar la persona a contractar. Aquestes són indispensables per definir bé el perfil professional.</li>
</ul>
<p>Una vegada rebut aquest correu electrònic, el centre el respon adjuntant els currículums que millor s&#8217;ajustin a la sol·licitud realitzada. A partir d&#8217;aquest moment, la resta de gestions (trucades, entrevistes, etc.) ja les realitza l&#8217;empresa. És molt important comunicar al centre la resolució del procés de selecció per procedir a donar de baixa del servei a l&#8217;alumne contractat.</p>
</div>
</article>
</div>
</section>
</div>
</div>
</li>
</ul>

<p>El Servei d&#8217;assessorament en la formació professional del sistema educatiu i el Servei de reconeixement acadèmic dels aprenentatges assolits mitjançant l&#8217;experiència laboral o en activitats socials són dues actuacions regulades a la Resolució ENS/1891/2012, de 23 d&#8217;agost, d&#8217;organització de diverses mesures flexibilitzadores i actuacions en la formació professional inicial. Podeu Consultar: Tota la informació i [&hellip;]</p>
