{"id":13552,"date":"2023-07-24T10:33:01","date_gmt":"2023-07-24T08:33:01","guid":{"rendered":"https:\/\/agora.xtec.cat\/iespinedademar\/?page_id=13552"},"modified":"2025-10-14T10:55:30","modified_gmt":"2025-10-14T08:55:30","slug":"la-repi","status":"publish","type":"page","link":"https:\/\/agora.xtec.cat\/iespinedademar\/projecte-educatiu\/la-repi\/","title":{"rendered":"LA REPI"},"content":{"rendered":"<p>Els i les alumnes de la mat\u00e8ria de Creaci\u00f3 liter\u00e0ria de 1r de batxillerat realitzen la revista de l&#8217;Institut, LA REPI: L\u2019espai blau de l\u2019INS Pineda. Aqu\u00ed en podeu consultar totes les publicacions:<\/p>\n<ul>\n<li><a href=\"https:\/\/heyzine.com\/flip-book\/778457caef.html\" target=\"_blank\" rel=\"noopener\">N\u00ba 1 de LA REPI<\/a><\/li>\n<li><a href=\"https:\/\/heyzine.com\/admin\/view?n=ef7b6f48fb3055403c4006906c10c75c48dccb43.pdf&amp;adminKey=05b517f93f03eb7fdd6028d832996ef4#page\/10\">N\u00ba 2 de LA REPI<\/a><\/li>\n<li><a href=\"https:\/\/agora.xtec.cat\/iespinedademar\/wp-content\/uploads\/usu647\/2023\/06\/REPI-3-4_compressed.pdf\" target=\"_blank\" rel=\"noopener\">N\u00ba 3 de LA REPI<\/a><\/li>\n<li><a href=\"https:\/\/heyzine.com\/admin\/view?n=f6672abd342f3b91abd1865e53e65d1244bdea00.pdf&amp;adminKey=a6af626d70a2f110da867c2cfdcaa07f#page\/1\" target=\"_blank\" rel=\"noopener\">N\u00ba 4 de LA REPI<\/a><\/li>\n<li><a href=\"https:\/\/heyzine.com\/flip-book\/27260b1291.html\" target=\"_blank\" rel=\"noopener\">N\u00ba 5 de LA REPI<\/a><\/li>\n<li>N\u00ba 6 de LA REPI<\/li>\n<li><a href=\"https:\/\/heyzine.com\/flip-book\/27260b1291.html\" target=\"_blank\" rel=\"noopener\">N\u00ba 7<\/a><a href=\"https:\/\/heyzine.com\/flip-book\/85302190f4.html\" target=\"_blank\" rel=\"noopener\"> de LA REPI<\/a><\/li>\n<li><a href=\"https:\/\/agora.xtec.cat\/iespinedademar\/wp-content\/uploads\/usu647\/2025\/09\/REPI-N8.pdf\" target=\"_blank\" rel=\"noopener\">N\u00ba 8 de LA REPI<\/a><\/li>\n<\/ul>\n<p>&nbsp;<\/p>\n<p>&nbsp;<\/p>\n","protected":false},"excerpt":{"rendered":"<p>Els i les alumnes de la mat\u00e8ria de Creaci\u00f3 liter\u00e0ria de 1r de batxillerat realitzen la revista de l&#8217;Institut, LA REPI: L\u2019espai blau de l\u2019INS Pineda. Aqu\u00ed en podeu consultar totes les publicacions: N\u00ba 1 de LA REPI N\u00ba 2 de LA REPI N\u00ba 3 de LA REPI N\u00ba 4 de LA REPI N\u00ba 5 [&hellip;]<\/p>\n","protected":false},"author":1,"featured_media":0,"parent":57,"menu_order":7,"comment_status":"closed","ping_status":"closed","template":"","meta":{"_bbp_topic_count":0,"_bbp_reply_count":0,"_bbp_total_topic_count":0,"_bbp_total_reply_count":0,"_bbp_voice_count":0,"_bbp_anonymous_reply_count":0,"_bbp_topic_count_hidden":0,"_bbp_reply_count_hidden":0,"_bbp_forum_subforum_count":0,"site-sidebar-layout":"default","site-content-layout":"","ast-site-content-layout":"default","site-content-style":"default","site-sidebar-style":"default","ast-global-header-display":"","ast-banner-title-visibility":"","ast-main-header-display":"","ast-hfb-above-header-display":"","ast-hfb-below-header-display":"","ast-hfb-mobile-header-display":"","site-post-title":"","ast-breadcrumbs-content":"","ast-featured-img":"","footer-sml-layout":"","theme-transparent-header-meta":"default","adv-header-id-meta":"","stick-header-meta":"","header-above-stick-meta":"","header-main-stick-meta":"","header-below-stick-meta":"","astra-migrate-meta-layouts":"set","ast-page-background-enabled":"default","ast-page-background-meta":{"desktop":{"background-color":"var(--ast-global-color-4)","background-image":"","background-repeat":"repeat","background-position":"center center","background-size":"auto","background-attachment":"scroll","background-type":"","background-media":"","overlay-type":"","overlay-color":"","overlay-opacity":"","overlay-gradient":""},"tablet":{"background-color":"","background-image":"","background-repeat":"repeat","background-position":"center center","background-size":"auto","background-attachment":"scroll","background-type":"","background-media":"","overlay-type":"","overlay-color":"","overlay-opacity":"","overlay-gradient":""},"mobile":{"background-color":"","background-image":"","background-repeat":"repeat","background-position":"center center","background-size":"auto","background-attachment":"scroll","background-type":"","background-media":"","overlay-type":"","overlay-color":"","overlay-opacity":"","overlay-gradient":""}},"ast-content-background-meta":{"desktop":{"background-color":"var(--ast-global-color-5)","background-image":"","background-repeat":"repeat","background-position":"center center","background-size":"auto","background-attachment":"scroll","background-type":"","background-media":"","overlay-type":"","overlay-color":"","overlay-opacity":"","overlay-gradient":""},"tablet":{"background-color":"var(--ast-global-color-5)","background-image":"","background-repeat":"repeat","background-position":"center center","background-size":"auto","background-attachment":"scroll","background-type":"","background-media":"","overlay-type":"","overlay-color":"","overlay-opacity":"","overlay-gradient":""},"mobile":{"background-color":"var(--ast-global-color-5)","background-image":"","background-repeat":"repeat","background-position":"center center","background-size":"auto","background-attachment":"scroll","background-type":"","background-media":"","overlay-type":"","overlay-color":"","overlay-opacity":"","overlay-gradient":""}},"footnotes":""},"class_list":["post-13552","page","type-page","status-publish","hentry"],"post_mailing_queue_ids":[],"_links":{"self":[{"href":"https:\/\/agora.xtec.cat\/iespinedademar\/wp-json\/wp\/v2\/pages\/13552","targetHints":{"allow":["GET"]}}],"collection":[{"href":"https:\/\/agora.xtec.cat\/iespinedademar\/wp-json\/wp\/v2\/pages"}],"about":[{"href":"https:\/\/agora.xtec.cat\/iespinedademar\/wp-json\/wp\/v2\/types\/page"}],"author":[{"embeddable":true,"href":"https:\/\/agora.xtec.cat\/iespinedademar\/wp-json\/wp\/v2\/users\/1"}],"replies":[{"embeddable":true,"href":"https:\/\/agora.xtec.cat\/iespinedademar\/wp-json\/wp\/v2\/comments?post=13552"}],"version-history":[{"count":6,"href":"https:\/\/agora.xtec.cat\/iespinedademar\/wp-json\/wp\/v2\/pages\/13552\/revisions"}],"predecessor-version":[{"id":14666,"href":"https:\/\/agora.xtec.cat\/iespinedademar\/wp-json\/wp\/v2\/pages\/13552\/revisions\/14666"}],"up":[{"embeddable":true,"href":"https:\/\/agora.xtec.cat\/iespinedademar\/wp-json\/wp\/v2\/pages\/57"}],"wp:attachment":[{"href":"https:\/\/agora.xtec.cat\/iespinedademar\/wp-json\/wp\/v2\/media?parent=13552"}],"curies":[{"name":"wp","href":"https:\/\/api.w.org\/{rel}","templated":true}]}}