{"id":9,"date":"2014-09-12T10:15:01","date_gmt":"2014-09-12T10:15:01","guid":{"rendered":"http:\/\/agora.xtec.cat\/iespicasso\/?page_id=9"},"modified":"2026-04-30T09:04:40","modified_gmt":"2026-04-30T07:04:40","slug":"pagina-dinici-buida","status":"publish","type":"page","link":"https:\/\/agora.xtec.cat\/iespicasso\/","title":{"rendered":""},"content":{"rendered":"\n<p class=\"has-large-font-size\"><strong>Novetats de tr\u00e0mits<\/strong><\/p>\n\n\n\n<p>Oferta inicial places <a href=\"https:\/\/drive.google.com\/file\/d\/15DWqqA0GryayvrGguQPsDO2nXDtIgff2\/view?usp=sharing\">ESO<\/a><\/p>\n\n\n\n<p>Oferta inicial places <a href=\"https:\/\/drive.google.com\/file\/d\/1CCboI-yzEdAO8jp61M9CvwCPNNkJR5KZ\/view?usp=sharing\" data-type=\"link\" data-id=\"https:\/\/drive.google.com\/file\/d\/1CCboI-yzEdAO8jp61M9CvwCPNNkJR5KZ\/view?usp=sharing\">grau b\u00e0sic<\/a><\/p>\n\n\n\n<p>Oferta inicial places <a href=\"https:\/\/drive.google.com\/file\/d\/1eweO72UYPvrQCPM5h0GhURUMxDlsIYB-\/view?usp=sharing\">batxillerat<\/a><\/p>\n\n\n\n<p>Oferta inicial places <a href=\"https:\/\/drive.google.com\/file\/d\/1jrz4LXw21XfAfWC3TpdWMMYgFERVtrrM\/view?usp=sharing\" data-type=\"link\" data-id=\"https:\/\/drive.google.com\/file\/d\/1jrz4LXw21XfAfWC3TpdWMMYgFERVtrrM\/view?usp=sharing\">PFI<\/a><\/p>\n\n\n\n<p class=\"has-medium-font-size\"><strong>Beques per a ensenyaments postobligatoris no universitaris: <\/strong><a href=\"https:\/\/agora.xtec.cat\/iespicasso\/secretaria\/beques-per-a-ensenyaments-postobligatoris-no-universitaris-convocatoria-oberta\/\" data-type=\"link\" data-id=\"https:\/\/agora.xtec.cat\/iespicasso\/secretaria\/beques-per-a-ensenyaments-postobligatoris-no-universitaris-convocatoria-oberta\/\">convocat\u00f2ria oberta<\/a><\/p>\n\n\n\n<p class=\"has-medium-font-size\"><strong>Consulta la informaci\u00f3 sobre la <\/strong><a href=\"https:\/\/agora.xtec.cat\/iespicasso\/secretaria\/preinscripcio-2\/\" data-type=\"link\" data-id=\"https:\/\/agora.xtec.cat\/iespicasso\/wp-admin\/customize.php?url=https%3A%2F%2Fagora.xtec.cat%2Fiespicasso%2F\">preinscripci\u00f3 i la matriculaci\u00f3 per al curs 2026\/27<\/a><\/p>\n\n\n\n<p><\/p>\n","protected":false},"excerpt":{"rendered":"<p>Novetats de tr\u00e0mits Oferta inicial places ESO Oferta inicial places grau b\u00e0sic Oferta inicial places batxillerat Oferta inicial places PFI Beques per a ensenyaments postobligatoris no universitaris: convocat\u00f2ria oberta Consulta la informaci\u00f3 sobre la preinscripci\u00f3 i la matriculaci\u00f3 per al curs 2026\/27<\/p>\n","protected":false},"author":1,"featured_media":0,"parent":7,"menu_order":0,"comment_status":"closed","ping_status":"closed","template":"","meta":{"_bbp_topic_count":0,"_bbp_reply_count":0,"_bbp_total_topic_count":0,"_bbp_total_reply_count":0,"_bbp_voice_count":0,"_bbp_anonymous_reply_count":0,"_bbp_topic_count_hidden":0,"_bbp_reply_count_hidden":0,"_bbp_forum_subforum_count":0,"site-sidebar-layout":"default","site-content-layout":"","ast-site-content-layout":"default","site-content-style":"default","site-sidebar-style":"default","ast-global-header-display":"","ast-banner-title-visibility":"disabled","ast-main-header-display":"","ast-hfb-above-header-display":"","ast-hfb-below-header-display":"","ast-hfb-mobile-header-display":"","site-post-title":"","ast-breadcrumbs-content":"","ast-featured-img":"","footer-sml-layout":"","theme-transparent-header-meta":"default","adv-header-id-meta":"","stick-header-meta":"","header-above-stick-meta":"","header-main-stick-meta":"","header-below-stick-meta":"","astra-migrate-meta-layouts":"set","ast-page-background-enabled":"default","ast-page-background-meta":{"desktop":{"background-color":"var(--ast-global-color-4)","background-image":"","background-repeat":"repeat","background-position":"center center","background-size":"auto","background-attachment":"scroll","background-type":"","background-media":"","overlay-type":"","overlay-color":"","overlay-opacity":"","overlay-gradient":""},"tablet":{"background-color":"","background-image":"","background-repeat":"repeat","background-position":"center center","background-size":"auto","background-attachment":"scroll","background-type":"","background-media":"","overlay-type":"","overlay-color":"","overlay-opacity":"","overlay-gradient":""},"mobile":{"background-color":"","background-image":"","background-repeat":"repeat","background-position":"center center","background-size":"auto","background-attachment":"scroll","background-type":"","background-media":"","overlay-type":"","overlay-color":"","overlay-opacity":"","overlay-gradient":""}},"ast-content-background-meta":{"desktop":{"background-color":"var(--ast-global-color-5)","background-image":"","background-repeat":"repeat","background-position":"center center","background-size":"auto","background-attachment":"scroll","background-type":"","background-media":"","overlay-type":"","overlay-color":"","overlay-opacity":"","overlay-gradient":""},"tablet":{"background-color":"var(--ast-global-color-5)","background-image":"","background-repeat":"repeat","background-position":"center center","background-size":"auto","background-attachment":"scroll","background-type":"","background-media":"","overlay-type":"","overlay-color":"","overlay-opacity":"","overlay-gradient":""},"mobile":{"background-color":"var(--ast-global-color-5)","background-image":"","background-repeat":"repeat","background-position":"center center","background-size":"auto","background-attachment":"scroll","background-type":"","background-media":"","overlay-type":"","overlay-color":"","overlay-opacity":"","overlay-gradient":""}},"footnotes":""},"class_list":["post-9","page","type-page","status-publish","hentry"],"post_mailing_queue_ids":[],"_links":{"self":[{"href":"https:\/\/agora.xtec.cat\/iespicasso\/wp-json\/wp\/v2\/pages\/9","targetHints":{"allow":["GET"]}}],"collection":[{"href":"https:\/\/agora.xtec.cat\/iespicasso\/wp-json\/wp\/v2\/pages"}],"about":[{"href":"https:\/\/agora.xtec.cat\/iespicasso\/wp-json\/wp\/v2\/types\/page"}],"author":[{"embeddable":true,"href":"https:\/\/agora.xtec.cat\/iespicasso\/wp-json\/wp\/v2\/users\/1"}],"replies":[{"embeddable":true,"href":"https:\/\/agora.xtec.cat\/iespicasso\/wp-json\/wp\/v2\/comments?post=9"}],"version-history":[{"count":5,"href":"https:\/\/agora.xtec.cat\/iespicasso\/wp-json\/wp\/v2\/pages\/9\/revisions"}],"predecessor-version":[{"id":4716,"href":"https:\/\/agora.xtec.cat\/iespicasso\/wp-json\/wp\/v2\/pages\/9\/revisions\/4716"}],"up":[{"embeddable":true,"href":"https:\/\/agora.xtec.cat\/iespicasso\/wp-json\/wp\/v2\/pages\/7"}],"wp:attachment":[{"href":"https:\/\/agora.xtec.cat\/iespicasso\/wp-json\/wp\/v2\/media?parent=9"}],"curies":[{"name":"wp","href":"https:\/\/api.w.org\/{rel}","templated":true}]}}