{"id":4766,"date":"2019-05-08T23:26:29","date_gmt":"2019-05-08T21:26:29","guid":{"rendered":"http:\/\/agora.xtec.cat\/iesperefontdevila\/?page_id=4766"},"modified":"2026-04-13T18:46:58","modified_gmt":"2026-04-13T16:46:58","slug":"preinscripcio-batxillerat","status":"publish","type":"page","link":"https:\/\/agora.xtec.cat\/iesperefontdevila\/serveis\/secretaria\/preinscripcio-batxillerat\/","title":{"rendered":"Preinscripci\u00f3 batxillerat"},"content":{"rendered":"<table style=\"width: 100%;\">\n<tbody>\n<tr>\n<td style=\"vertical-align: top; width: 34.8279%;\"><iframe loading=\"lazy\" title=\"YouTube video player\" src=\"https:\/\/www.youtube.com\/embed\/ojfuoeqaTVU?si=BqtgVZDNxwW1Lhqg\" width=\"295\" height=\"166\" frameborder=\"0\" allowfullscreen=\"allowfullscreen\"><\/iframe><iframe loading=\"lazy\" src=\"https:\/\/docs.google.com\/presentation\/d\/e\/2PACX-1vS2cJgPn8qB33VfEpQd9Bdu5j8gEn0Fe6uWGOU1rW0oCyjML5mslm4xI6of8Kt1jDIf5oOj1a-V8jCJ\/pubembed?start=false&amp;loop=false&amp;delayms=60000\" width=\"295\" height=\"210\" frameborder=\"0\" allowfullscreen=\"allowfullscreen\"><\/iframe><\/td>\n<td style=\"width: 64.4421%;\">\n<h2>Curs 2026-27<\/h2>\n<p>La preinscripci\u00f3 s&#8217;haur\u00e0 de realitzar telem\u00e0ticament entre el 9 i el 16 d&#8217;abril de 2026.<\/p>\n<p>Xerrada informativa i portes obertes: dimecres 8 d&#8217;abril de 2026 a les 18.00 a la sala d&#8217;actes de l&#8217;Institut.<\/p>\n<ul>\n<li style=\"list-style-type: none;\">\n<ul>\n<li>8 d&#8217;abril: <a href=\"https:\/\/agora.xtec.cat\/iesperefontdevila\/wp-content\/uploads\/usu203\/2026\/04\/Preinscripcio_BAT_2026-27_oferta_inicial.pdf\">Oferta inicial de places<\/a>.<\/li>\n<li>del 9 al 16 d&#8217;abril : Presentaci\u00f3 de sol\u00b7licituds.<\/li>\n<li>fins el 17 d&#8217;abril : Presentaci\u00f3 de documentaci\u00f3.<\/li>\n<li>14 de maig : Barem provisional.<\/li>\n<li>del 14 al 20 de maig : Reclamacions.<\/li>\n<li>26 de maig : Barem amb reclamacions resoltes.<\/li>\n<li>29 de maig : Barem definitiu amb sol\u00b7licituds en primera opci\u00f3 ordenades.<\/li>\n<li>17 de juny : Llista de preinscrits, assignats i llista d&#8217;espera.<\/li>\n<li>17 de juny : Oferta definitiva de places.<\/li>\n<li>del 18 al 30 de juny : Matr\u00edculaci\u00f3.<\/li>\n<\/ul>\n<\/li>\n<\/ul>\n<\/td>\n<\/tr>\n<\/tbody>\n<\/table>\n","protected":false},"excerpt":{"rendered":"<p>Curs 2026-27 La preinscripci\u00f3 s&#8217;haur\u00e0 de realitzar telem\u00e0ticament entre el 9 i el 16 d&#8217;abril de 2026. Xerrada informativa i portes obertes: dimecres 8 d&#8217;abril de 2026 a les 18.00 a la sala d&#8217;actes de l&#8217;Institut. 8 d&#8217;abril: Oferta inicial de places. del 9 al 16 d&#8217;abril : Presentaci\u00f3 de sol\u00b7licituds. fins el 17 d&#8217;abril [&hellip;]<\/p>\n","protected":false},"author":1,"featured_media":0,"parent":81,"menu_order":30,"comment_status":"closed","ping_status":"closed","template":"","meta":{"_bbp_topic_count":0,"_bbp_reply_count":0,"_bbp_total_topic_count":0,"_bbp_total_reply_count":0,"_bbp_voice_count":0,"_bbp_anonymous_reply_count":0,"_bbp_topic_count_hidden":0,"_bbp_reply_count_hidden":0,"_bbp_forum_subforum_count":0,"site-sidebar-layout":"default","site-content-layout":"","ast-site-content-layout":"default","site-content-style":"default","site-sidebar-style":"default","ast-global-header-display":"","ast-banner-title-visibility":"","ast-main-header-display":"","ast-hfb-above-header-display":"","ast-hfb-below-header-display":"","ast-hfb-mobile-header-display":"","site-post-title":"","ast-breadcrumbs-content":"","ast-featured-img":"","footer-sml-layout":"","theme-transparent-header-meta":"","adv-header-id-meta":"","stick-header-meta":"","header-above-stick-meta":"","header-main-stick-meta":"","header-below-stick-meta":"","astra-migrate-meta-layouts":"set","ast-page-background-enabled":"default","ast-page-background-meta":{"desktop":{"background-color":"var(--ast-global-color-4)","background-image":"","background-repeat":"repeat","background-position":"center center","background-size":"auto","background-attachment":"scroll","background-type":"","background-media":"","overlay-type":"","overlay-color":"","overlay-opacity":"","overlay-gradient":""},"tablet":{"background-color":"","background-image":"","background-repeat":"repeat","background-position":"center center","background-size":"auto","background-attachment":"scroll","background-type":"","background-media":"","overlay-type":"","overlay-color":"","overlay-opacity":"","overlay-gradient":""},"mobile":{"background-color":"","background-image":"","background-repeat":"repeat","background-position":"center center","background-size":"auto","background-attachment":"scroll","background-type":"","background-media":"","overlay-type":"","overlay-color":"","overlay-opacity":"","overlay-gradient":""}},"ast-content-background-meta":{"desktop":{"background-color":"var(--ast-global-color-5)","background-image":"","background-repeat":"repeat","background-position":"center center","background-size":"auto","background-attachment":"scroll","background-type":"","background-media":"","overlay-type":"","overlay-color":"","overlay-opacity":"","overlay-gradient":""},"tablet":{"background-color":"var(--ast-global-color-5)","background-image":"","background-repeat":"repeat","background-position":"center center","background-size":"auto","background-attachment":"scroll","background-type":"","background-media":"","overlay-type":"","overlay-color":"","overlay-opacity":"","overlay-gradient":""},"mobile":{"background-color":"var(--ast-global-color-5)","background-image":"","background-repeat":"repeat","background-position":"center center","background-size":"auto","background-attachment":"scroll","background-type":"","background-media":"","overlay-type":"","overlay-color":"","overlay-opacity":"","overlay-gradient":""}},"footnotes":""},"class_list":["post-4766","page","type-page","status-publish","hentry"],"post_mailing_queue_ids":[],"_links":{"self":[{"href":"https:\/\/agora.xtec.cat\/iesperefontdevila\/wp-json\/wp\/v2\/pages\/4766","targetHints":{"allow":["GET"]}}],"collection":[{"href":"https:\/\/agora.xtec.cat\/iesperefontdevila\/wp-json\/wp\/v2\/pages"}],"about":[{"href":"https:\/\/agora.xtec.cat\/iesperefontdevila\/wp-json\/wp\/v2\/types\/page"}],"author":[{"embeddable":true,"href":"https:\/\/agora.xtec.cat\/iesperefontdevila\/wp-json\/wp\/v2\/users\/1"}],"replies":[{"embeddable":true,"href":"https:\/\/agora.xtec.cat\/iesperefontdevila\/wp-json\/wp\/v2\/comments?post=4766"}],"version-history":[{"count":6,"href":"https:\/\/agora.xtec.cat\/iesperefontdevila\/wp-json\/wp\/v2\/pages\/4766\/revisions"}],"predecessor-version":[{"id":12373,"href":"https:\/\/agora.xtec.cat\/iesperefontdevila\/wp-json\/wp\/v2\/pages\/4766\/revisions\/12373"}],"up":[{"embeddable":true,"href":"https:\/\/agora.xtec.cat\/iesperefontdevila\/wp-json\/wp\/v2\/pages\/81"}],"wp:attachment":[{"href":"https:\/\/agora.xtec.cat\/iesperefontdevila\/wp-json\/wp\/v2\/media?parent=4766"}],"curies":[{"name":"wp","href":"https:\/\/api.w.org\/{rel}","templated":true}]}}