{"id":46,"date":"2014-09-17T16:53:45","date_gmt":"2014-09-17T15:53:45","guid":{"rendered":"http:\/\/agora.xtec.cat\/iesperefontdevila\/?page_id=46"},"modified":"2026-01-16T16:45:57","modified_gmt":"2026-01-16T15:45:57","slug":"organigrama","status":"publish","type":"page","link":"https:\/\/agora.xtec.cat\/iesperefontdevila\/linstitut\/organigrama\/","title":{"rendered":"Organigrama"},"content":{"rendered":"<p><strong>CONSELL ESCOLAR<\/strong><\/p>\n<p>Format per representants de<\/p>\n<ul style=\"list-style-type: circle;\">\n<li>equip de gesti\u00f3: Susanna Bard\u00e9s, Elisenda Cirera, Rosa Fern\u00e1ndez,<\/li>\n<li>professors: N\u00faria Collell, Miriam Ferr\u00e9, Dolors Pujols, Meritxell Macarro, Marta Casals.<\/li>\n<li>PAS: Medard Castillo,<\/li>\n<li>alumnes: Arnau Dalmau Casades\u00fas, Briana Karina Cadar.<\/li>\n<li>fam\u00edlies: Pilar Raich, Sara Borr\u00e0s.<\/li>\n<li>AMPA: Oriol Dalmau.<\/li>\n<li>ajuntament: Lurdes Roset.<\/li>\n<\/ul>\n<p><strong>REPRESENTACI\u00d3 DE L&#8217;INSTITUT AL CONSELL ESCOLAR MUNICIPAL<\/strong><\/p>\n<ul style=\"list-style-type: circle;\">\n<li>Directora: Susanna Bard\u00e9s<\/li>\n<li>Professor:<\/li>\n<li>Alumnes: <em>pendents renovaci\u00f3<\/em>.<\/li>\n<li>PAS: Medard Castillo<\/li>\n<\/ul>\n<p><strong>EQUIP DE GESTI\u00d3<\/strong><\/p>\n<p>Directora: Susanna Bard\u00e9s<br \/>\nCap d&#8217;estudis: Elisenda Cirera<br \/>\nCoordinadora Pedag\u00f2gica: Maite Fornaroli<br \/>\nSecret\u00e0ria: Rosa Fern\u00e1ndez<\/p>\n<p><strong>CLAUSTRE DE PROFESSORS<\/strong><\/p>\n<p>Composat pel conjunt de professors de les diverses especialitats:<\/p>\n<ul style=\"list-style-type: circle;\">\n<li>Ci\u00e8ncies Socials<\/li>\n<li>Filosofia<\/li>\n<li>Religi\u00f3<\/li>\n<li>Psicopedagogia i orientaci\u00f3<\/li>\n<li>Tecnologies<\/li>\n<li>Ci\u00e8ncies experimentals<\/li>\n<li>Matem\u00e0tiques<\/li>\n<li>M\u00fasica<\/li>\n<li>Educaci\u00f3 f\u00edsica<\/li>\n<li>Visual i pl\u00e0stica<\/li>\n<li>Catal\u00e0<\/li>\n<li>Castell\u00e0<\/li>\n<li>Lleng\u00fces cl\u00e0ssiques<\/li>\n<li>Idioma Angl\u00e8s<\/li>\n<li>Idioma Franc\u00e8s<\/li>\n<\/ul>\n<p><strong>PAS<\/strong><\/p>\n<p>Personal d&#8217;administraci\u00f3 i serveis: Cristina Altarriba, Medard Castillo, N\u00faria Gilibets<\/p>\n<p><strong>ALUMNES<\/strong><\/p>\n<p>Alumnes distribu\u00efts en nivells de 1r,2n,3r,4t ESO i 1r,2n Batxillerat<\/p>\n<p><strong>GRUPS ESO 2025-26<\/strong><\/p>\n<p>NIVELL 1r ESO<br \/>\nTutora 1r A: Imma Comellas<br \/>\nTutora 1r B: Meritxell Macarro<br \/>\nTutora 1r C: Elena Duarri<\/p>\n<p>NIVELL 2n ESO<br \/>\nTutora 2n A: Dolors Pujols<br \/>\nTutora 2n B: Lourdes Manubens<br \/>\nTutor 2n C: Joel Bagur<\/p>\n<p>NIVELL 3r ESO<br \/>\nTutora 3r A: Marta Casals<br \/>\nTutor 3r B: T\u00e0nia Espel<br \/>\nTutor 3r C: Anna Font<\/p>\n<p>NIVELL 4t ESO<br \/>\nTutora 4t A: Anna Ramon<br \/>\nTutora 4t B: Ramon Garcia<br \/>\nTutor 4t C: Joan Huesca<\/p>\n<p><strong>GRUPS BATXILLERAT 2025-26<\/strong><\/p>\n<p>NIVELL 1r BATXILLERAT<br \/>\nTutora 1r BAT A: M\u00edriam Ferr\u00e9<br \/>\nTutor 1r BAT B:\u00a0 S\u00edlvia Monz\u00f3<\/p>\n<p>NIVELL 2n BATXILLERAT<br \/>\nTutora 2n BAT A: Merc\u00e8 Sabata<br \/>\nTutora 2n BAT B: Merc\u00e8 Garcia<\/p>\n<p><strong>COORDINACIONS 2025-26<\/strong><\/p>\n<p>Coord. de 1rESO: Imma Comellas<br \/>\nCoord. de 2nESO: Dolors Pujols<br \/>\nCoord. de 3rESO: Marta Casals<br \/>\nCoord. de 4tESO: Anna Ramon<br \/>\nCoord. 1rBatxillerat: M\u00edriam Ferr\u00e9<br \/>\nCoord. 2nBatxillerat: Merc\u00e8 Sabata<br \/>\nCoord. Activitats: Maurici Tarrag\u00f3<br \/>\nCoord. SIEI: Laia Burgos<br \/>\nCoord. TIC digital: Salvador Cardona<br \/>\nCoord. Pla esports: Alba Pla<br \/>\nCoord. Biblioteca: M\u00edriam Ferr\u00e9<br \/>\nCoord. riscos laborals: Eva Rodr\u00edguez<br \/>\nCoord. Comit\u00e8 ambiental: Josep Marmi<\/p>\n<p><strong>COMISSI\u00d3 DE CONVIV\u00c8NCIA<\/strong><\/p>\n<p>Susanna Bard\u00e9s, Elisenda Cirera, Dolors L\u00f3pez, Lourdes Manubens, Imma Comellas, T\u00e0nia Espel, Ramon Garcia.<\/p>\n<p><strong>COMISSI\u00d3 D&#8217;ATENCI\u00d3 EDUCATIVA INCLUSIVA<\/strong><\/p>\n<p>Maite Fornaroli, Dolors L\u00f3pez, Laia Burgos, Imma Comellas, Meritxell Escayola, M\u00edriam Ferr\u00e9, Anna Ramon.<\/p>\n<p><strong>COMISSI\u00d3 DIGITAL<\/strong><\/p>\n<p>Susanna Bard\u00e9s, Salvador Cardona, Maite Fornaroli.<\/p>\n","protected":false},"excerpt":{"rendered":"<p>CONSELL ESCOLAR Format per representants de equip de gesti\u00f3: Susanna Bard\u00e9s, Elisenda Cirera, Rosa Fern\u00e1ndez, professors: N\u00faria Collell, Miriam Ferr\u00e9, Dolors Pujols, Meritxell Macarro, Marta Casals. PAS: Medard Castillo, alumnes: Arnau Dalmau Casades\u00fas, Briana Karina Cadar. fam\u00edlies: Pilar Raich, Sara Borr\u00e0s. AMPA: Oriol Dalmau. ajuntament: Lurdes Roset. REPRESENTACI\u00d3 DE L&#8217;INSTITUT AL CONSELL ESCOLAR MUNICIPAL Directora: [&hellip;]<\/p>\n","protected":false},"author":1,"featured_media":0,"parent":19,"menu_order":40,"comment_status":"closed","ping_status":"closed","template":"","meta":{"_bbp_topic_count":0,"_bbp_reply_count":0,"_bbp_total_topic_count":0,"_bbp_total_reply_count":0,"_bbp_voice_count":0,"_bbp_anonymous_reply_count":0,"_bbp_topic_count_hidden":0,"_bbp_reply_count_hidden":0,"_bbp_forum_subforum_count":0,"site-sidebar-layout":"default","site-content-layout":"","ast-site-content-layout":"default","site-content-style":"default","site-sidebar-style":"default","ast-global-header-display":"","ast-banner-title-visibility":"","ast-main-header-display":"","ast-hfb-above-header-display":"","ast-hfb-below-header-display":"","ast-hfb-mobile-header-display":"","site-post-title":"","ast-breadcrumbs-content":"","ast-featured-img":"","footer-sml-layout":"","theme-transparent-header-meta":"","adv-header-id-meta":"","stick-header-meta":"","header-above-stick-meta":"","header-main-stick-meta":"","header-below-stick-meta":"","astra-migrate-meta-layouts":"set","ast-page-background-enabled":"default","ast-page-background-meta":{"desktop":{"background-color":"var(--ast-global-color-4)","background-image":"","background-repeat":"repeat","background-position":"center center","background-size":"auto","background-attachment":"scroll","background-type":"","background-media":"","overlay-type":"","overlay-color":"","overlay-opacity":"","overlay-gradient":""},"tablet":{"background-color":"","background-image":"","background-repeat":"repeat","background-position":"center center","background-size":"auto","background-attachment":"scroll","background-type":"","background-media":"","overlay-type":"","overlay-color":"","overlay-opacity":"","overlay-gradient":""},"mobile":{"background-color":"","background-image":"","background-repeat":"repeat","background-position":"center center","background-size":"auto","background-attachment":"scroll","background-type":"","background-media":"","overlay-type":"","overlay-color":"","overlay-opacity":"","overlay-gradient":""}},"ast-content-background-meta":{"desktop":{"background-color":"var(--ast-global-color-5)","background-image":"","background-repeat":"repeat","background-position":"center center","background-size":"auto","background-attachment":"scroll","background-type":"","background-media":"","overlay-type":"","overlay-color":"","overlay-opacity":"","overlay-gradient":""},"tablet":{"background-color":"var(--ast-global-color-5)","background-image":"","background-repeat":"repeat","background-position":"center center","background-size":"auto","background-attachment":"scroll","background-type":"","background-media":"","overlay-type":"","overlay-color":"","overlay-opacity":"","overlay-gradient":""},"mobile":{"background-color":"var(--ast-global-color-5)","background-image":"","background-repeat":"repeat","background-position":"center center","background-size":"auto","background-attachment":"scroll","background-type":"","background-media":"","overlay-type":"","overlay-color":"","overlay-opacity":"","overlay-gradient":""}},"footnotes":""},"class_list":["post-46","page","type-page","status-publish","hentry"],"post_mailing_queue_ids":[],"_links":{"self":[{"href":"https:\/\/agora.xtec.cat\/iesperefontdevila\/wp-json\/wp\/v2\/pages\/46","targetHints":{"allow":["GET"]}}],"collection":[{"href":"https:\/\/agora.xtec.cat\/iesperefontdevila\/wp-json\/wp\/v2\/pages"}],"about":[{"href":"https:\/\/agora.xtec.cat\/iesperefontdevila\/wp-json\/wp\/v2\/types\/page"}],"author":[{"embeddable":true,"href":"https:\/\/agora.xtec.cat\/iesperefontdevila\/wp-json\/wp\/v2\/users\/1"}],"replies":[{"embeddable":true,"href":"https:\/\/agora.xtec.cat\/iesperefontdevila\/wp-json\/wp\/v2\/comments?post=46"}],"version-history":[{"count":6,"href":"https:\/\/agora.xtec.cat\/iesperefontdevila\/wp-json\/wp\/v2\/pages\/46\/revisions"}],"predecessor-version":[{"id":12229,"href":"https:\/\/agora.xtec.cat\/iesperefontdevila\/wp-json\/wp\/v2\/pages\/46\/revisions\/12229"}],"up":[{"embeddable":true,"href":"https:\/\/agora.xtec.cat\/iesperefontdevila\/wp-json\/wp\/v2\/pages\/19"}],"wp:attachment":[{"href":"https:\/\/agora.xtec.cat\/iesperefontdevila\/wp-json\/wp\/v2\/media?parent=46"}],"curies":[{"name":"wp","href":"https:\/\/api.w.org\/{rel}","templated":true}]}}