{"id":27,"date":"2014-09-17T16:24:03","date_gmt":"2014-09-17T16:24:03","guid":{"rendered":"http:\/\/agora.xtec.cat\/iesperefontdevila\/?page_id=27"},"modified":"2025-07-25T16:59:52","modified_gmt":"2025-07-25T14:59:52","slug":"historia","status":"publish","type":"page","link":"https:\/\/agora.xtec.cat\/iesperefontdevila\/linstitut\/historia\/","title":{"rendered":"Hist\u00f2ria"},"content":{"rendered":"<p>L\u2019Institut Pere Fontdevila es troba situat a la vila de Gironella. Va ser, en el moment de la seva creaci\u00f3, el segon del Bergued\u00e0 i el primer fora de la capital de comarca. L\u2019Institut Pere Fontdevila (aleshores \u201cInstitut de Gironella\u201d) va entrar en funcionament el curs 1991-92, impartint estudis de BUP i COU, i substituint l\u2019anterior Col\u2022legi Municipal de Batxillerat \u201cSant Tom\u00e0s d\u2019Aquino\u201d.<br \/>\nA partir del curs seg\u00fcent, l\u2019Institut s\u2019anticipa a l\u2019aplicaci\u00f3 de la que es va con\u00e8ixer com a \u201cReforma del sistema educatiu\u201d esdevenint centre experimental d\u2019ESO.<br \/>\nEn els anys seg\u00fcents, el centre es consolida com a centre d\u2019ESO i Batxillerat, i entre els cursos 1996-97 i 1999-2000 tamb\u00e9 va impartir dos cicles formatius de grau mig (\u201cEquips i instal\u2022lacions electr\u00f2niques\u201d i \u201cGesti\u00f3 administrativa\u201d).<br \/>\nDes del curs 2006-07, l\u2019Institut incorpora la modalitat de batxillerat d\u2019arts, i \u00e9s l\u2019\u00fanic de la comarca que l\u2019ofereix. El mateix curs, el centre canvia el seu nom pel d\u2019Institut Pere Fontdevila, en homenatge a qui fou professor del centre durant 25 anys, impulsor del batxillerat d\u2019arts, a m\u00e9s d\u2019un dels arquitectes autors de l\u2019edifici del centre, i que va morir el 14 d\u2019abril de 2005 deixant un record inesborrable entre els que varen ser alumnes i companys de treball seus. Des de la seva implantaci\u00f3, la modalitat d\u2019arts \u00e9s la m\u00e9s nombrosa quant a nombre d\u2019alumnes.<br \/>\nLa creaci\u00f3 de nous centres a l\u2019entorn (Prats de Llu\u00e7an\u00e8s, Puig-reig) va reduir la zona d\u2019influ\u00e8ncia del centre, que actualment rep alumnat del seu propi municipi aix\u00ed com del d\u2019Olvan i les col\u00f2nies corresponents (Cal Bassacs i Cal Rosal). La singularitat del batxillerat d\u2019arts ha fet, tamb\u00e9, que el centre aculli alumnat de municipis de fora de la seva zona (Berga, Bag\u00e0, Puig-reig, Nav\u00e0s&#8230;) i fins i tot alumnat de batxillerats de modalitats no art\u00edstiques, atrets pel fet de ser un centre petit que pot donar una atenci\u00f3 m\u00e9s personalitzada a l\u2019alumnat, aix\u00ed com pel prestigi que l\u2019Institut s\u2019ha anat guanyant a la comarca.<br \/>\nAquests factors han fet que el nombre d\u2019alumnes es trobi estabilitzat a l\u2019entorn dels 330-350, amb fluctuacions atribu\u00efbles a factors demogr\u00e0fics. Aix\u00f2 comporta que el centre disposi de dues o tres l\u00ednies per a l\u2019ESO i dues per al batxillerat.<\/p>\n","protected":false},"excerpt":{"rendered":"<p>L\u2019Institut Pere Fontdevila es troba situat a la vila de Gironella. Va ser, en el moment de la seva creaci\u00f3, el segon del Bergued\u00e0 i el primer fora de la capital de comarca. L\u2019Institut Pere Fontdevila (aleshores \u201cInstitut de Gironella\u201d) va entrar en funcionament el curs 1991-92, impartint estudis de BUP i COU, i substituint [&hellip;]<\/p>\n","protected":false},"author":1,"featured_media":0,"parent":19,"menu_order":20,"comment_status":"closed","ping_status":"closed","template":"","meta":{"_bbp_topic_count":0,"_bbp_reply_count":0,"_bbp_total_topic_count":0,"_bbp_total_reply_count":0,"_bbp_voice_count":0,"_bbp_anonymous_reply_count":0,"_bbp_topic_count_hidden":0,"_bbp_reply_count_hidden":0,"_bbp_forum_subforum_count":0,"site-sidebar-layout":"default","site-content-layout":"","ast-site-content-layout":"default","site-content-style":"default","site-sidebar-style":"default","ast-global-header-display":"","ast-banner-title-visibility":"","ast-main-header-display":"","ast-hfb-above-header-display":"","ast-hfb-below-header-display":"","ast-hfb-mobile-header-display":"","site-post-title":"","ast-breadcrumbs-content":"","ast-featured-img":"","footer-sml-layout":"","theme-transparent-header-meta":"","adv-header-id-meta":"","stick-header-meta":"","header-above-stick-meta":"","header-main-stick-meta":"","header-below-stick-meta":"","astra-migrate-meta-layouts":"set","ast-page-background-enabled":"default","ast-page-background-meta":{"desktop":{"background-color":"var(--ast-global-color-4)","background-image":"","background-repeat":"repeat","background-position":"center center","background-size":"auto","background-attachment":"scroll","background-type":"","background-media":"","overlay-type":"","overlay-color":"","overlay-opacity":"","overlay-gradient":""},"tablet":{"background-color":"","background-image":"","background-repeat":"repeat","background-position":"center center","background-size":"auto","background-attachment":"scroll","background-type":"","background-media":"","overlay-type":"","overlay-color":"","overlay-opacity":"","overlay-gradient":""},"mobile":{"background-color":"","background-image":"","background-repeat":"repeat","background-position":"center center","background-size":"auto","background-attachment":"scroll","background-type":"","background-media":"","overlay-type":"","overlay-color":"","overlay-opacity":"","overlay-gradient":""}},"ast-content-background-meta":{"desktop":{"background-color":"var(--ast-global-color-5)","background-image":"","background-repeat":"repeat","background-position":"center center","background-size":"auto","background-attachment":"scroll","background-type":"","background-media":"","overlay-type":"","overlay-color":"","overlay-opacity":"","overlay-gradient":""},"tablet":{"background-color":"var(--ast-global-color-5)","background-image":"","background-repeat":"repeat","background-position":"center center","background-size":"auto","background-attachment":"scroll","background-type":"","background-media":"","overlay-type":"","overlay-color":"","overlay-opacity":"","overlay-gradient":""},"mobile":{"background-color":"var(--ast-global-color-5)","background-image":"","background-repeat":"repeat","background-position":"center center","background-size":"auto","background-attachment":"scroll","background-type":"","background-media":"","overlay-type":"","overlay-color":"","overlay-opacity":"","overlay-gradient":""}},"footnotes":""},"class_list":["post-27","page","type-page","status-publish","hentry"],"post_mailing_queue_ids":[],"_links":{"self":[{"href":"https:\/\/agora.xtec.cat\/iesperefontdevila\/wp-json\/wp\/v2\/pages\/27","targetHints":{"allow":["GET"]}}],"collection":[{"href":"https:\/\/agora.xtec.cat\/iesperefontdevila\/wp-json\/wp\/v2\/pages"}],"about":[{"href":"https:\/\/agora.xtec.cat\/iesperefontdevila\/wp-json\/wp\/v2\/types\/page"}],"author":[{"embeddable":true,"href":"https:\/\/agora.xtec.cat\/iesperefontdevila\/wp-json\/wp\/v2\/users\/1"}],"replies":[{"embeddable":true,"href":"https:\/\/agora.xtec.cat\/iesperefontdevila\/wp-json\/wp\/v2\/comments?post=27"}],"version-history":[{"count":4,"href":"https:\/\/agora.xtec.cat\/iesperefontdevila\/wp-json\/wp\/v2\/pages\/27\/revisions"}],"predecessor-version":[{"id":10464,"href":"https:\/\/agora.xtec.cat\/iesperefontdevila\/wp-json\/wp\/v2\/pages\/27\/revisions\/10464"}],"up":[{"embeddable":true,"href":"https:\/\/agora.xtec.cat\/iesperefontdevila\/wp-json\/wp\/v2\/pages\/19"}],"wp:attachment":[{"href":"https:\/\/agora.xtec.cat\/iesperefontdevila\/wp-json\/wp\/v2\/media?parent=27"}],"curies":[{"name":"wp","href":"https:\/\/api.w.org\/{rel}","templated":true}]}}