{"id":1172,"date":"2015-05-03T15:33:01","date_gmt":"2015-05-03T14:33:01","guid":{"rendered":"http:\/\/agora.xtec.cat\/iesperefontdevila\/?page_id=1172"},"modified":"2025-08-24T23:59:20","modified_gmt":"2025-08-24T21:59:20","slug":"arees","status":"publish","type":"page","link":"https:\/\/agora.xtec.cat\/iesperefontdevila\/pagines\/arees\/","title":{"rendered":"\u00c0rees"},"content":{"rendered":"<p><a href=\"https:\/\/agora.xtec.cat\/iesperefontdevila\/categoria\/arees\/ciencies-socials\/\">Ci\u00e8ncies Socials<\/a><br \/>\n<a href=\"https:\/\/agora.xtec.cat\/iesperefontdevila\/categoria\/arees\/filosofia\/\">Filosofia<\/a><br \/>\n<a href=\"https:\/\/agora.xtec.cat\/iesperefontdevila\/categoria\/arees\/religio\/\">Religi\u00f3<\/a><br \/>\n<a href=\"https:\/\/agora.xtec.cat\/iesperefontdevila\/categoria\/arees\/psicopedagogia\/\">Psicopedagogia i orientaci\u00f3<\/a><br \/>\n<a href=\"https:\/\/agora.xtec.cat\/iesperefontdevila\/categoria\/arees\/tecnologia\/\">Tecnologies<\/a><br \/>\n<a href=\"https:\/\/agora.xtec.cat\/iesperefontdevila\/categoria\/arees\/ciencies-experimentals\/\">Ci\u00e8ncies experimentals<\/a><br \/>\n<a href=\"https:\/\/agora.xtec.cat\/iesperefontdevila\/categoria\/arees\/matematiques\/\">Matem\u00e0tiques<\/a><br \/>\n<a href=\"https:\/\/agora.xtec.cat\/iesperefontdevila\/categoria\/arees\/musica\/\">M\u00fasica<\/a><br \/>\n<a href=\"https:\/\/agora.xtec.cat\/iesperefontdevila\/categoria\/arees\/educacio-fisica\/\">Educaci\u00f3 f\u00edsica<\/a><br \/>\n<a href=\"https:\/\/agora.xtec.cat\/iesperefontdevila\/categoria\/arees\/visual-i-plastica\/\">Visual i pl\u00e0stica<\/a><br \/>\n<a href=\"https:\/\/agora.xtec.cat\/iesperefontdevila\/categoria\/arees\/catala\/\">Catal\u00e0<\/a><br \/>\n<a href=\"https:\/\/agora.xtec.cat\/iesperefontdevila\/categoria\/arees\/castella\/\">Castell\u00e0<\/a><br \/>\n<a href=\"https:\/\/agora.xtec.cat\/iesperefontdevila\/categoria\/arees\/llengues-classiques\/\">Lleng\u00fces cl\u00e0ssiques<\/a><br \/>\n<a href=\"https:\/\/agora.xtec.cat\/iesperefontdevila\/categoria\/arees\/angles\/\">Angl\u00e8s<\/a><br \/>\n<a href=\"https:\/\/agora.xtec.cat\/iesperefontdevila\/categoria\/arees\/frances\/\">Franc\u00e8s<\/a><\/p>\n","protected":false},"excerpt":{"rendered":"<p>Ci\u00e8ncies Socials Filosofia Religi\u00f3 Psicopedagogia i orientaci\u00f3 Tecnologies Ci\u00e8ncies experimentals Matem\u00e0tiques M\u00fasica Educaci\u00f3 f\u00edsica Visual i pl\u00e0stica Catal\u00e0 Castell\u00e0 Lleng\u00fces cl\u00e0ssiques Angl\u00e8s Franc\u00e8s<\/p>\n","protected":false},"author":1,"featured_media":0,"parent":1162,"menu_order":500,"comment_status":"closed","ping_status":"closed","template":"","meta":{"_bbp_topic_count":0,"_bbp_reply_count":0,"_bbp_total_topic_count":0,"_bbp_total_reply_count":0,"_bbp_voice_count":0,"_bbp_anonymous_reply_count":0,"_bbp_topic_count_hidden":0,"_bbp_reply_count_hidden":0,"_bbp_forum_subforum_count":0,"site-sidebar-layout":"default","site-content-layout":"","ast-site-content-layout":"default","site-content-style":"default","site-sidebar-style":"default","ast-global-header-display":"","ast-banner-title-visibility":"","ast-main-header-display":"","ast-hfb-above-header-display":"","ast-hfb-below-header-display":"","ast-hfb-mobile-header-display":"","site-post-title":"","ast-breadcrumbs-content":"","ast-featured-img":"","footer-sml-layout":"","theme-transparent-header-meta":"","adv-header-id-meta":"","stick-header-meta":"","header-above-stick-meta":"","header-main-stick-meta":"","header-below-stick-meta":"","astra-migrate-meta-layouts":"set","ast-page-background-enabled":"default","ast-page-background-meta":{"desktop":{"background-color":"var(--ast-global-color-4)","background-image":"","background-repeat":"repeat","background-position":"center center","background-size":"auto","background-attachment":"scroll","background-type":"","background-media":"","overlay-type":"","overlay-color":"","overlay-opacity":"","overlay-gradient":""},"tablet":{"background-color":"","background-image":"","background-repeat":"repeat","background-position":"center center","background-size":"auto","background-attachment":"scroll","background-type":"","background-media":"","overlay-type":"","overlay-color":"","overlay-opacity":"","overlay-gradient":""},"mobile":{"background-color":"","background-image":"","background-repeat":"repeat","background-position":"center center","background-size":"auto","background-attachment":"scroll","background-type":"","background-media":"","overlay-type":"","overlay-color":"","overlay-opacity":"","overlay-gradient":""}},"ast-content-background-meta":{"desktop":{"background-color":"var(--ast-global-color-5)","background-image":"","background-repeat":"repeat","background-position":"center center","background-size":"auto","background-attachment":"scroll","background-type":"","background-media":"","overlay-type":"","overlay-color":"","overlay-opacity":"","overlay-gradient":""},"tablet":{"background-color":"var(--ast-global-color-5)","background-image":"","background-repeat":"repeat","background-position":"center center","background-size":"auto","background-attachment":"scroll","background-type":"","background-media":"","overlay-type":"","overlay-color":"","overlay-opacity":"","overlay-gradient":""},"mobile":{"background-color":"var(--ast-global-color-5)","background-image":"","background-repeat":"repeat","background-position":"center center","background-size":"auto","background-attachment":"scroll","background-type":"","background-media":"","overlay-type":"","overlay-color":"","overlay-opacity":"","overlay-gradient":""}},"footnotes":""},"class_list":["post-1172","page","type-page","status-publish","hentry"],"post_mailing_queue_ids":[],"_links":{"self":[{"href":"https:\/\/agora.xtec.cat\/iesperefontdevila\/wp-json\/wp\/v2\/pages\/1172","targetHints":{"allow":["GET"]}}],"collection":[{"href":"https:\/\/agora.xtec.cat\/iesperefontdevila\/wp-json\/wp\/v2\/pages"}],"about":[{"href":"https:\/\/agora.xtec.cat\/iesperefontdevila\/wp-json\/wp\/v2\/types\/page"}],"author":[{"embeddable":true,"href":"https:\/\/agora.xtec.cat\/iesperefontdevila\/wp-json\/wp\/v2\/users\/1"}],"replies":[{"embeddable":true,"href":"https:\/\/agora.xtec.cat\/iesperefontdevila\/wp-json\/wp\/v2\/comments?post=1172"}],"version-history":[{"count":5,"href":"https:\/\/agora.xtec.cat\/iesperefontdevila\/wp-json\/wp\/v2\/pages\/1172\/revisions"}],"predecessor-version":[{"id":11988,"href":"https:\/\/agora.xtec.cat\/iesperefontdevila\/wp-json\/wp\/v2\/pages\/1172\/revisions\/11988"}],"up":[{"embeddable":true,"href":"https:\/\/agora.xtec.cat\/iesperefontdevila\/wp-json\/wp\/v2\/pages\/1162"}],"wp:attachment":[{"href":"https:\/\/agora.xtec.cat\/iesperefontdevila\/wp-json\/wp\/v2\/media?parent=1172"}],"curies":[{"name":"wp","href":"https:\/\/api.w.org\/{rel}","templated":true}]}}