{"id":1148,"date":"2015-05-01T19:31:23","date_gmt":"2015-05-01T18:31:23","guid":{"rendered":"http:\/\/agora.xtec.cat\/iesperefontdevila\/?page_id=1148"},"modified":"2025-07-08T01:48:48","modified_gmt":"2025-07-07T23:48:48","slug":"batxillerat","status":"publish","type":"page","link":"https:\/\/agora.xtec.cat\/iesperefontdevila\/estudis\/batxillerat\/","title":{"rendered":"Batxillerat"},"content":{"rendered":"<p class=\"Estilo12\"><span style=\"font-family: Arial, Helvetica, sans-serif;\">L&#8217;Institut Pere Fontdevila ofereix totes les modalitats de Batxillerat :<\/span><\/p>\n<ul>\n<li><span style=\"font-family: Arial, Helvetica, sans-serif;\">Arts pl\u00e0stiques<\/span><\/li>\n<li><span style=\"font-family: Arial, Helvetica, sans-serif;\">Ci\u00e8ncies i Tecnologia<\/span><\/li>\n<li><span style=\"font-family: Arial, Helvetica, sans-serif;\">Humanitats i Ci\u00e8ncies socials<\/span><\/li>\n<\/ul>\n\n\n<iframe loading=\"lazy\" src=\"https:\/\/docs.google.com\/presentation\/d\/e\/2PACX-1vSRFI9wfpip9X-J-0ZtJLJAze6xuCx2lcYGwv3WoPVLQKyBM2qBrAri9DfbqCiYDoWP2y6PCo-W6FBB\/pubembed?start=false&#038;loop=false&#038;delayms=60000\" frameborder=\"0\" width=\"960\" height=\"749\" allowfullscreen=\"true\" mozallowfullscreen=\"true\" webkitallowfullscreen=\"true\"><\/iframe>\n\n\n\n<p><\/p>\n\n\n\n<p>Itineraris de batxillerat: <a href=\"https:\/\/drive.google.com\/open?id=1qVvm5DvAGa253e8B2EEkiVNXtXj2zq4DQYJl01Bp-J8\">1BAT<\/a>, <a href=\"https:\/\/drive.google.com\/open?id=1SrEXMB1KbVsw57sPa_w5tZda0PucDvB7VbZSQG_7nVg\">2BAT<\/a><\/p>\n\n\n\n<p><a href=\"https:\/\/drive.google.com\/drive\/folders\/1f0TpZjehiPJWYBT3W04ZgzYbJhGl1Zf0\">Guies de curs<\/a><\/p>\n\n\n\n<p><a href=\"https:\/\/sites.google.com\/iesperefontdevila.cat\/fitxes-avaluacions\">Criteris d&#8217;avaluaci\u00f3<\/a><\/p>\n\n\n\n<p><\/p>\n","protected":false},"excerpt":{"rendered":"<p>L&#8217;Institut Pere Fontdevila ofereix totes les modalitats de Batxillerat : Arts pl\u00e0stiques Ci\u00e8ncies i Tecnologia Humanitats i Ci\u00e8ncies socials Itineraris de batxillerat: 1BAT, 2BAT Guies de curs Criteris d&#8217;avaluaci\u00f3<\/p>\n","protected":false},"author":1,"featured_media":0,"parent":195,"menu_order":20,"comment_status":"closed","ping_status":"closed","template":"","meta":{"_bbp_topic_count":0,"_bbp_reply_count":0,"_bbp_total_topic_count":0,"_bbp_total_reply_count":0,"_bbp_voice_count":0,"_bbp_anonymous_reply_count":0,"_bbp_topic_count_hidden":0,"_bbp_reply_count_hidden":0,"_bbp_forum_subforum_count":0,"site-sidebar-layout":"default","site-content-layout":"","ast-site-content-layout":"default","site-content-style":"default","site-sidebar-style":"default","ast-global-header-display":"","ast-banner-title-visibility":"","ast-main-header-display":"","ast-hfb-above-header-display":"","ast-hfb-below-header-display":"","ast-hfb-mobile-header-display":"","site-post-title":"","ast-breadcrumbs-content":"","ast-featured-img":"","footer-sml-layout":"","theme-transparent-header-meta":"","adv-header-id-meta":"","stick-header-meta":"","header-above-stick-meta":"","header-main-stick-meta":"","header-below-stick-meta":"","astra-migrate-meta-layouts":"set","ast-page-background-enabled":"default","ast-page-background-meta":{"desktop":{"background-color":"var(--ast-global-color-4)","background-image":"","background-repeat":"repeat","background-position":"center center","background-size":"auto","background-attachment":"scroll","background-type":"","background-media":"","overlay-type":"","overlay-color":"","overlay-opacity":"","overlay-gradient":""},"tablet":{"background-color":"","background-image":"","background-repeat":"repeat","background-position":"center center","background-size":"auto","background-attachment":"scroll","background-type":"","background-media":"","overlay-type":"","overlay-color":"","overlay-opacity":"","overlay-gradient":""},"mobile":{"background-color":"","background-image":"","background-repeat":"repeat","background-position":"center center","background-size":"auto","background-attachment":"scroll","background-type":"","background-media":"","overlay-type":"","overlay-color":"","overlay-opacity":"","overlay-gradient":""}},"ast-content-background-meta":{"desktop":{"background-color":"var(--ast-global-color-5)","background-image":"","background-repeat":"repeat","background-position":"center center","background-size":"auto","background-attachment":"scroll","background-type":"","background-media":"","overlay-type":"","overlay-color":"","overlay-opacity":"","overlay-gradient":""},"tablet":{"background-color":"var(--ast-global-color-5)","background-image":"","background-repeat":"repeat","background-position":"center center","background-size":"auto","background-attachment":"scroll","background-type":"","background-media":"","overlay-type":"","overlay-color":"","overlay-opacity":"","overlay-gradient":""},"mobile":{"background-color":"var(--ast-global-color-5)","background-image":"","background-repeat":"repeat","background-position":"center center","background-size":"auto","background-attachment":"scroll","background-type":"","background-media":"","overlay-type":"","overlay-color":"","overlay-opacity":"","overlay-gradient":""}},"footnotes":""},"class_list":["post-1148","page","type-page","status-publish","hentry"],"post_mailing_queue_ids":[],"_links":{"self":[{"href":"https:\/\/agora.xtec.cat\/iesperefontdevila\/wp-json\/wp\/v2\/pages\/1148","targetHints":{"allow":["GET"]}}],"collection":[{"href":"https:\/\/agora.xtec.cat\/iesperefontdevila\/wp-json\/wp\/v2\/pages"}],"about":[{"href":"https:\/\/agora.xtec.cat\/iesperefontdevila\/wp-json\/wp\/v2\/types\/page"}],"author":[{"embeddable":true,"href":"https:\/\/agora.xtec.cat\/iesperefontdevila\/wp-json\/wp\/v2\/users\/1"}],"replies":[{"embeddable":true,"href":"https:\/\/agora.xtec.cat\/iesperefontdevila\/wp-json\/wp\/v2\/comments?post=1148"}],"version-history":[{"count":6,"href":"https:\/\/agora.xtec.cat\/iesperefontdevila\/wp-json\/wp\/v2\/pages\/1148\/revisions"}],"predecessor-version":[{"id":10376,"href":"https:\/\/agora.xtec.cat\/iesperefontdevila\/wp-json\/wp\/v2\/pages\/1148\/revisions\/10376"}],"up":[{"embeddable":true,"href":"https:\/\/agora.xtec.cat\/iesperefontdevila\/wp-json\/wp\/v2\/pages\/195"}],"wp:attachment":[{"href":"https:\/\/agora.xtec.cat\/iesperefontdevila\/wp-json\/wp\/v2\/media?parent=1148"}],"curies":[{"name":"wp","href":"https:\/\/api.w.org\/{rel}","templated":true}]}}