{"id":1146,"date":"2015-05-01T19:30:35","date_gmt":"2015-05-01T18:30:35","guid":{"rendered":"http:\/\/agora.xtec.cat\/iesperefontdevila\/?page_id=1146"},"modified":"2025-07-08T01:41:28","modified_gmt":"2025-07-07T23:41:28","slug":"eso","status":"publish","type":"page","link":"https:\/\/agora.xtec.cat\/iesperefontdevila\/estudis\/eso\/","title":{"rendered":"ESO"},"content":{"rendered":"<p><a href=\"https:\/\/docs.google.com\/document\/d\/1otDDh5y9EqY9IqKExAw9G7gIvtBbTv9tjk5pqxPz-b0\">Organitzaci\u00f3 curricular de l&#8217;ESO<\/a><\/p>\n<p><a href=\"https:\/\/docs.google.com\/document\/d\/1hgBXaOqaF5OsBM4cjmDdB5Ge4QkBW6t4p-FFC7ep9eM\">Projectes<\/a><\/p>\n<p><a href=\"https:\/\/drive.google.com\/drive\/folders\/1f0TpZjehiPJWYBT3W04ZgzYbJhGl1Zf0\">Guies de curs<\/a><\/p>\n<p><a href=\"https:\/\/sites.google.com\/iesperefontdevila.cat\/fitxes-avaluacions\">Criteris d&#8217;avaluaci\u00f3<\/a><\/p>\n<p>PRESENTACI\u00d3 FUTURS ALUMNES 1ESO<\/p>\n<p>ORIENTACI\u00d3 FUTURS ALUMNES 4tESO<\/p>\n<p>DESPR\u00c9S DE L&#8217;ESO: <a href=\"https:\/\/view.genially.com\/60379dd6dbabcf0daabc784b\/guide-mapa-formatiu-bergueda\">Mapa formatiu del Bergued\u00e0<\/a>.<\/p>\n","protected":false},"excerpt":{"rendered":"<p>Organitzaci\u00f3 curricular de l&#8217;ESO Projectes Guies de curs Criteris d&#8217;avaluaci\u00f3 PRESENTACI\u00d3 FUTURS ALUMNES 1ESO ORIENTACI\u00d3 FUTURS ALUMNES 4tESO DESPR\u00c9S DE L&#8217;ESO: Mapa formatiu del Bergued\u00e0.<\/p>\n","protected":false},"author":1,"featured_media":0,"parent":195,"menu_order":10,"comment_status":"closed","ping_status":"closed","template":"","meta":{"_bbp_topic_count":0,"_bbp_reply_count":0,"_bbp_total_topic_count":0,"_bbp_total_reply_count":0,"_bbp_voice_count":0,"_bbp_anonymous_reply_count":0,"_bbp_topic_count_hidden":0,"_bbp_reply_count_hidden":0,"_bbp_forum_subforum_count":0,"site-sidebar-layout":"default","site-content-layout":"","ast-site-content-layout":"default","site-content-style":"default","site-sidebar-style":"default","ast-global-header-display":"","ast-banner-title-visibility":"","ast-main-header-display":"","ast-hfb-above-header-display":"","ast-hfb-below-header-display":"","ast-hfb-mobile-header-display":"","site-post-title":"","ast-breadcrumbs-content":"","ast-featured-img":"","footer-sml-layout":"","theme-transparent-header-meta":"","adv-header-id-meta":"","stick-header-meta":"","header-above-stick-meta":"","header-main-stick-meta":"","header-below-stick-meta":"","astra-migrate-meta-layouts":"set","ast-page-background-enabled":"default","ast-page-background-meta":{"desktop":{"background-color":"var(--ast-global-color-4)","background-image":"","background-repeat":"repeat","background-position":"center center","background-size":"auto","background-attachment":"scroll","background-type":"","background-media":"","overlay-type":"","overlay-color":"","overlay-opacity":"","overlay-gradient":""},"tablet":{"background-color":"","background-image":"","background-repeat":"repeat","background-position":"center center","background-size":"auto","background-attachment":"scroll","background-type":"","background-media":"","overlay-type":"","overlay-color":"","overlay-opacity":"","overlay-gradient":""},"mobile":{"background-color":"","background-image":"","background-repeat":"repeat","background-position":"center center","background-size":"auto","background-attachment":"scroll","background-type":"","background-media":"","overlay-type":"","overlay-color":"","overlay-opacity":"","overlay-gradient":""}},"ast-content-background-meta":{"desktop":{"background-color":"var(--ast-global-color-5)","background-image":"","background-repeat":"repeat","background-position":"center center","background-size":"auto","background-attachment":"scroll","background-type":"","background-media":"","overlay-type":"","overlay-color":"","overlay-opacity":"","overlay-gradient":""},"tablet":{"background-color":"var(--ast-global-color-5)","background-image":"","background-repeat":"repeat","background-position":"center center","background-size":"auto","background-attachment":"scroll","background-type":"","background-media":"","overlay-type":"","overlay-color":"","overlay-opacity":"","overlay-gradient":""},"mobile":{"background-color":"var(--ast-global-color-5)","background-image":"","background-repeat":"repeat","background-position":"center center","background-size":"auto","background-attachment":"scroll","background-type":"","background-media":"","overlay-type":"","overlay-color":"","overlay-opacity":"","overlay-gradient":""}},"footnotes":""},"class_list":["post-1146","page","type-page","status-publish","hentry"],"post_mailing_queue_ids":[],"_links":{"self":[{"href":"https:\/\/agora.xtec.cat\/iesperefontdevila\/wp-json\/wp\/v2\/pages\/1146","targetHints":{"allow":["GET"]}}],"collection":[{"href":"https:\/\/agora.xtec.cat\/iesperefontdevila\/wp-json\/wp\/v2\/pages"}],"about":[{"href":"https:\/\/agora.xtec.cat\/iesperefontdevila\/wp-json\/wp\/v2\/types\/page"}],"author":[{"embeddable":true,"href":"https:\/\/agora.xtec.cat\/iesperefontdevila\/wp-json\/wp\/v2\/users\/1"}],"replies":[{"embeddable":true,"href":"https:\/\/agora.xtec.cat\/iesperefontdevila\/wp-json\/wp\/v2\/comments?post=1146"}],"version-history":[{"count":6,"href":"https:\/\/agora.xtec.cat\/iesperefontdevila\/wp-json\/wp\/v2\/pages\/1146\/revisions"}],"predecessor-version":[{"id":10373,"href":"https:\/\/agora.xtec.cat\/iesperefontdevila\/wp-json\/wp\/v2\/pages\/1146\/revisions\/10373"}],"up":[{"embeddable":true,"href":"https:\/\/agora.xtec.cat\/iesperefontdevila\/wp-json\/wp\/v2\/pages\/195"}],"wp:attachment":[{"href":"https:\/\/agora.xtec.cat\/iesperefontdevila\/wp-json\/wp\/v2\/media?parent=1146"}],"curies":[{"name":"wp","href":"https:\/\/api.w.org\/{rel}","templated":true}]}}