{"id":9657,"date":"2022-06-21T14:43:09","date_gmt":"2022-06-21T12:43:09","guid":{"rendered":"https:\/\/agora.xtec.cat\/iespereborrellpuigcerda\/?page_id=9657"},"modified":"2024-05-10T15:28:31","modified_gmt":"2024-05-10T13:28:31","slug":"erasmus","status":"publish","type":"page","link":"https:\/\/agora.xtec.cat\/iespereborrellpuigcerda\/erasmus\/","title":{"rendered":"Erasmus+ CETE+ MALD"},"content":{"rendered":"<h6><a href=\"https:\/\/agora.xtec.cat\/iespereborrellpuigcerda\/wp-content\/uploads\/usu1157\/2022\/06\/Untitled-design.png\"><img loading=\"lazy\" decoding=\"async\" class=\"wp-image-9703 size-large aligncenter\" src=\"https:\/\/agora.xtec.cat\/iespereborrellpuigcerda\/wp-content\/uploads\/usu1157\/2022\/06\/Untitled-design-1024x236.png\" alt=\"\" width=\"1024\" height=\"236\" srcset=\"https:\/\/agora.xtec.cat\/iespereborrellpuigcerda\/wp-content\/uploads\/usu1157\/2022\/06\/Untitled-design-1024x236.png 1024w, https:\/\/agora.xtec.cat\/iespereborrellpuigcerda\/wp-content\/uploads\/usu1157\/2022\/06\/Untitled-design-300x69.png 300w, https:\/\/agora.xtec.cat\/iespereborrellpuigcerda\/wp-content\/uploads\/usu1157\/2022\/06\/Untitled-design-768x177.png 768w, https:\/\/agora.xtec.cat\/iespereborrellpuigcerda\/wp-content\/uploads\/usu1157\/2022\/06\/Untitled-design.png 1200w\" sizes=\"auto, (max-width: 1024px) 100vw, 1024px\" \/><\/a><\/h6>\n<hr \/>\n<h4 style=\"text-align: center;\">ERASMUS + &#8211;&gt; <strong><a href=\"https:\/\/sites.google.com\/inspereborrell.cat\/erasmusplus\/\">https:\/\/sites.google.com\/inspereborrell.cat\/erasmusplus\/<\/a><\/strong><\/h4>\n<p><a href=\"https:\/\/sites.google.com\/inspereborrell.cat\/erasmusplus\/\"><img loading=\"lazy\" decoding=\"async\" class=\"wp-image-10994 aligncenter\" src=\"https:\/\/agora.xtec.cat\/iespereborrellpuigcerda\/wp-content\/uploads\/usu1157\/2024\/02\/image.png\" sizes=\"auto, (max-width: 197px) 100vw, 197px\" srcset=\"https:\/\/agora.xtec.cat\/iespereborrellpuigcerda\/wp-content\/uploads\/usu1157\/2024\/02\/image.png 897w, https:\/\/agora.xtec.cat\/iespereborrellpuigcerda\/wp-content\/uploads\/usu1157\/2024\/02\/image-300x101.png 300w, https:\/\/agora.xtec.cat\/iespereborrellpuigcerda\/wp-content\/uploads\/usu1157\/2024\/02\/image-768x259.png 768w\" alt=\"\" width=\"197\" height=\"66\" \/><\/a><a href=\"https:\/\/sites.google.com\/inspereborrell.cat\/erasmusplus\/\"><img loading=\"lazy\" decoding=\"async\" class=\"wp-image-10817 aligncenter\" src=\"https:\/\/agora.xtec.cat\/iespereborrellpuigcerda\/wp-content\/uploads\/usu1157\/2023\/11\/ue-1024x215.png\" sizes=\"auto, (max-width: 230px) 100vw, 230px\" srcset=\"https:\/\/agora.xtec.cat\/iespereborrellpuigcerda\/wp-content\/uploads\/usu1157\/2023\/11\/ue-1024x215.png 1024w, https:\/\/agora.xtec.cat\/iespereborrellpuigcerda\/wp-content\/uploads\/usu1157\/2023\/11\/ue-300x63.png 300w, https:\/\/agora.xtec.cat\/iespereborrellpuigcerda\/wp-content\/uploads\/usu1157\/2023\/11\/ue-768x161.png 768w, https:\/\/agora.xtec.cat\/iespereborrellpuigcerda\/wp-content\/uploads\/usu1157\/2023\/11\/ue.png 1100w\" alt=\"\" width=\"230\" height=\"48\" \/><\/a><\/p>\n<hr \/>\n<h5 style=\"text-align: center;\"><a href=\"https:\/\/agora.xtec.cat\/iespereborrellpuigcerda\/erasmus\/\"><strong>CET<\/strong><strong>E (Consorci\u00a0 Europeu per a la Transformaci\u00f3 Educativa)+<\/strong><strong>MALD (Mobilitats de llarga durada)<\/strong><\/a><\/h5>\n<hr \/>\n<h6 class=\"entry-title\"><strong>Enlla\u00e7: <a href=\"https:\/\/agora.xtec.cat\/iespereborrellpuigcerda\/general\/atencio-batxibac-publicats-els-criteris-de-seleccio-per-participar-en-un-intercanvi-escolar-a-franca\/\">Criteris de selecci\u00f3 per participar en un intercanvi escolar a Fran\u00e7a.<\/a><\/strong><\/h6>\n<hr \/>\n<h6><strong>Enlla\u00e7:<\/strong> <strong><a href=\"https:\/\/agora.xtec.cat\/iespereborrellpuigcerda\/general\/concurs-de-logotip-del-projecte-cete-consorci-europeu-per-a-la-transformacio-educativa\/\">Concurs de logotip del projecte CETE+: Consorci Europeu per a la Transformaci\u00f3 Educativa.<\/a><\/strong><\/h6>\n<hr \/>\n<h6><strong>Enlla\u00e7:<\/strong> <strong><a href=\"https:\/\/agora.xtec.cat\/iespereborrellpuigcerda\/general\/resolucio-intercanvi-escolar-erasmus-a-franca\/\">Resultats de la selecci\u00f3 d&#8217;alumnat per a la participaci\u00f3 en un projecte de mobilitat de llarga durada a Fran\u00e7a durant el segon trimestre del curs 2022-2023.<\/a><\/strong><\/h6>\n<hr \/>\n<div>\n<h4 style=\"text-align: center;\"><strong>Noves oportunitats Erasmus+ per al professorat<\/strong><\/h4>\n<p style=\"text-align: justify;\">Afortunadament, el nostre centre ha rebut una nova dotaci\u00f3 per part del Consorci CETE+, cosa que ens permet publicitar dues places per participar en un per\u00edode d&#8217;observaci\u00f3 Erasmus+. Hi poden optar els docents del nostre centre que intervenen a l&#8217;ESO i al batxillerat.<\/p>\n<p style=\"text-align: justify;\">Aquests per\u00edodes d&#8217;observaci\u00f3 es duran a terme durant el mes de febrer i consistiran a visitar un centre de secund\u00e0ria europeu. Una de les dues mobilitats (mobilitat A) va dirigida preferentment a docents dels \u00e0mbits cientificotecnol\u00f2gic i matem\u00e0tic.<\/p>\n<p style=\"text-align: justify;\">El viatge tindr\u00e0 una durada aproximada de set dies (dos de viatge i cinc d&#8217;activitat). Com que \u00e9s una mobilitat que fem a trav\u00e9s del CETE+ MALD, \u00e9s possible que la persona seleccionada del nostre institut viatgi acompanyada de docents d&#8217;altres centres de Catalunya. La subvenci\u00f3 de qu\u00e8 disposem per a aquesta activitat cobreix les despeses de transport, allotjament i manutenci\u00f3 del participant.<\/p>\n<p style=\"text-align: justify;\">Pel que fa a la selecci\u00f3 del participant del nostre centre, queda obert des del 24\/01\/24 el proc\u00e9s de selecci\u00f3. Vetllarem per un proc\u00e9s p\u00fablic, obert i just. Informarem del proc\u00e9s i dels resultats al consell escolar i al claustre de professors, i publicarem els resultats de la selecci\u00f3 a la p\u00e0gina web del centre.<\/p>\n<p style=\"text-align: justify;\">La llengua vehicular de la mobilitat ser\u00e0 l&#8217;angl\u00e8s, per la qual cosa \u00e9s requisit imprescindible acreditar com a m\u00ednim un nivell B2 del MECR. En el document adjunt podeu veure quins s\u00f3n els criteris de selecci\u00f3 que meriten punts.<\/p>\n<p style=\"text-align: justify;\">Abans de presentar la vostra sol\u00b7licitud \u00e9s important que tingueu clar que la persona participant es compromet a:<br \/>\n&#8211; Complir amb el programa d&#8217;aprenentatge redactat entre els participants i el centre acollidor, i que va d&#8217;acord amb la tem\u00e0tica del projecte<br \/>\n&#8211; Fer transfer\u00e8ncia dels aprenentatges: mem\u00f2ria de l&#8217;estada, incorporaci\u00f3 dels aprenentatges en els documents estrat\u00e8gics de centre, elaboraci\u00f3 de documents de suport juntament amb l&#8217;equip impulsor Erasmus+, etc.<br \/>\n&#8211; Fer difusi\u00f3 de l&#8217;activitat en totes les seves fases (abans, durant i despr\u00e9s de la mobilitat)<br \/>\n&#8211; Contribuir amb la seva estada a la xarxa de contactes Erasmus+ del nostre centre, ser ambaixador del centre i de la nostra regi\u00f3<\/p>\n<p style=\"text-align: justify;\">El termini per fer la sol\u00b7licitud s&#8217;acaba el dia 31 de gener. Per a optar a la pla\u00e7a heu de portar el formulari de sol\u00b7licitud i la documentaci\u00f3 que vulgueu al\u00b7legar, a m\u00e9s d&#8217;una c\u00f2pia del document acreditatiu del vostre nivell d&#8217;angl\u00e8s, a secretaria administrativa.<\/p>\n<p style=\"text-align: justify;\">Esperem que trobeu aquesta oportunitat interessant i profitosa.<\/p>\n<p style=\"text-align: justify;\">L&#8217;Equip Impulsor Erasmus+<\/p>\n<p><strong>Documentaci\u00f3:<\/strong><\/p>\n<ul>\n<li><strong><a href=\"https:\/\/agora.xtec.cat\/iespereborrellpuigcerda\/wp-content\/uploads\/usu1157\/2024\/01\/Formulari-de-sollicitud-del-professorat.pdf\">Formulari de sol\u00b7licitud del professorat<\/a><\/strong><\/li>\n<li><strong> <a href=\"https:\/\/agora.xtec.cat\/iespereborrellpuigcerda\/wp-content\/uploads\/usu1157\/2024\/01\/Seleccio-participant-A.pdf\">Selecci\u00f3 participant A<\/a><\/strong><\/li>\n<li><strong><a href=\"https:\/\/agora.xtec.cat\/iespereborrellpuigcerda\/wp-content\/uploads\/usu1157\/2024\/01\/Seleccio-participant-B.pdf\">Selecci\u00f3 participant B<\/a><\/strong><\/li>\n<\/ul>\n<\/div>\n<div>\n<hr \/>\n<\/div>\n<h4 style=\"text-align: center;\"><span style=\"color: #003300;\"><strong>S&#8217;obre el termini de sol\u00b7licitud per a un per\u00edode d&#8217;observaci\u00f3 de professorat<\/strong><\/span><\/h4>\n<p style=\"text-align: justify;\">Els membres del claustre de l&#8217;INS Pere Borrell que ho vulguin poden optar a un per\u00edode d&#8217;observaci\u00f3 en un centre educatiu europeu. Aquest per\u00edode d&#8217;observaci\u00f3 tindr\u00e0 lloc al segon trimestre i s&#8217;emmarca en un projecte Erasmus+ liderat pel CETE+ MALD.<\/p>\n<p style=\"text-align: justify;\">La tem\u00e0tica d&#8217;aquesta mobilitat \u00e9s Plans i activitats d&#8217;internacionalitzaci\u00f3, \u00e9s a dir, els aspectes log\u00edstics i pr\u00e0ctics d&#8217;impulsar projectes d&#8217;internacionalitzaci\u00f3 i com assegurar que aquests projectes tinguin impacte en la comunitat educativa. La subvenci\u00f3 de qu\u00e8 disposem per a aquesta activitat cobreix les despeses de transport, allotjament i manutenci\u00f3 del participant.<\/p>\n<p style=\"text-align: justify;\">El viatge tindr\u00e0 una durada aproximada de set dies (dos de viatge i cinc d&#8217;activitat). La persona seleccionada del nostre institut viatjar\u00e0 acompanyada de dos docents m\u00e9s, un de l&#8217;institut Llan\u00e7\u00e0 i un de l&#8217;institut Manolo Hugu\u00e9 de Caldes de Montbui.<\/p>\n<p style=\"text-align: justify;\">Pel que fa a la selecci\u00f3 del participant del nostre centre, queda obert des del dia 29\/11\/2023 el proc\u00e9s de selecci\u00f3. Vetllarem per un proc\u00e9s p\u00fablic, obert i just. Informarem del proc\u00e9s i dels resultats al consell escolar i al claustre de professors, i publicarem els resultats de la selecci\u00f3 a la p\u00e0gina web del centre.<\/p>\n<p style=\"text-align: justify;\">La llengua vehicular de la mobilitat ser\u00e0 l&#8217;angl\u00e8s, per la qual cosa \u00e9s requisit imprescindible acreditar com a m\u00ednim un nivell B2 del MECR. En el document adjunt podeu veure quins s\u00f3n els criteris de selecci\u00f3 que meriten punts. En cas d&#8217;empat, tindr\u00e0 prioritat el docent amb m\u00e9s antiguitat al centre.<\/p>\n<p style=\"text-align: justify;\">Abans de presentar la vostra sol\u00b7licitud \u00e9s important que tingueu clar que la persona participant es compromet a:<\/p>\n<p style=\"text-align: justify;\"><span style=\"color: #000080;\"><strong>&#8211; Complir amb el programa d&#8217;aprenentatge redactat entre els tres centres i el centre acollidor, i que va d&#8217;acord amb la tem\u00e0tica del projecte.<\/strong><\/span><br \/>\n<span style=\"color: #000080;\"><strong>&#8211; Fer transfer\u00e8ncia dels aprenentatges: mem\u00f2ria de l&#8217;estada, incorporaci\u00f3 dels aprenentatges en els documents estrat\u00e8gics de centre, elaboraci\u00f3 de documents de suport juntament amb l&#8217;equip impulsor Erasmus+, etc.<\/strong><\/span><br \/>\n<span style=\"color: #000080;\"><strong>&#8211; Fer difusi\u00f3 de l&#8217;activitat en totes les seves fases (abans, durant i despr\u00e9s de la mobilitat).<\/strong><\/span><br \/>\n<span style=\"color: #000080;\"><strong>&#8211; Contribuir amb la seva estada a la xarxa de contactes Erasmus+ del nostre centre, ser ambaixador del centre i de la nostra regi\u00f3.<\/strong><\/span><\/p>\n<p style=\"text-align: justify;\"><strong><span style=\"color: #ff0000;\">El termini per fer la sol\u00b7licitud s&#8217;acaba el dia 11 de desembre<\/span><\/strong>. Per a optar a la pla\u00e7a heu de portar el formulari de sol\u00b7licitud i la documentaci\u00f3 que vulgueu al\u00b7legar, a m\u00e9s d&#8217;una c\u00f2pia del document acreditatiu del vostre nivell d&#8217;angl\u00e8s, a secretaria administrativa.<\/p>\n<p style=\"text-align: justify;\">Esperem que trobeu aquesta oportunitat interessant i profitosa, i restem a la vostra disposici\u00f3 per aclarir qualsevol dubte que tingueu.<\/p>\n<p style=\"text-align: justify;\">L&#8217;equip impulsor Erasmus+<\/p>\n<h4 style=\"text-align: center;\"><strong>Documentaci\u00f3: <a href=\"https:\/\/agora.xtec.cat\/iespereborrellpuigcerda\/wp-content\/uploads\/usu1157\/2023\/11\/Seleccio-participant.pdf\">Selecci\u00f3 participant<\/a><\/strong><\/h4>\n<h4 style=\"text-align: center;\"><strong> Documentaci\u00f3: <a href=\"https:\/\/agora.xtec.cat\/iespereborrellpuigcerda\/wp-content\/uploads\/usu1157\/2023\/11\/Formulari-de-sollicitud-del-professorat.pdf\">Formulari de sol\u00b7licitud del professorat<\/a><\/strong><\/h4>\n<hr \/>\n<h5 style=\"text-align: center;\"><span style=\"color: #003300;\">NOVETAT. Acta de selecci\u00f3 del participant en un per\u00edode d\u2019observaci\u00f3 de professorat<\/span><br \/>\n<span style=\"color: #003300;\">Es fa p\u00fablica l&#8217;acta de selecci\u00f3 del participant en un per\u00edode d\u2019observaci\u00f3 de professorat i del seu suplent en cas de ren\u00fancia o d&#8217;incident de for\u00e7a major.<\/span><\/h5>\n<h5 style=\"text-align: center;\"><strong>Documentaci\u00f3: <a href=\"https:\/\/agora.xtec.cat\/iespereborrellpuigcerda\/wp-content\/uploads\/usu1157\/2023\/12\/Acta-de-seleccio.pdf\">Acta de selecci\u00f3<\/a><\/strong><\/h5>\n<p><img loading=\"lazy\" decoding=\"async\" class=\"aligncenter size-large wp-image-10855\" src=\"https:\/\/agora.xtec.cat\/iespereborrellpuigcerda\/wp-content\/uploads\/usu1157\/2023\/12\/Acta-de-seleccio-724x1024.jpg\" alt=\"\" width=\"724\" height=\"1024\" srcset=\"https:\/\/agora.xtec.cat\/iespereborrellpuigcerda\/wp-content\/uploads\/usu1157\/2023\/12\/Acta-de-seleccio-724x1024.jpg 724w, https:\/\/agora.xtec.cat\/iespereborrellpuigcerda\/wp-content\/uploads\/usu1157\/2023\/12\/Acta-de-seleccio-212x300.jpg 212w, https:\/\/agora.xtec.cat\/iespereborrellpuigcerda\/wp-content\/uploads\/usu1157\/2023\/12\/Acta-de-seleccio-768x1086.jpg 768w, https:\/\/agora.xtec.cat\/iespereborrellpuigcerda\/wp-content\/uploads\/usu1157\/2023\/12\/Acta-de-seleccio-1087x1536.jpg 1087w, https:\/\/agora.xtec.cat\/iespereborrellpuigcerda\/wp-content\/uploads\/usu1157\/2023\/12\/Acta-de-seleccio.jpg 1240w\" sizes=\"auto, (max-width: 724px) 100vw, 724px\" \/><\/p>\n<hr \/>\n<p>&nbsp;<\/p>\n<div id=\"gtx-trans\" style=\"position: absolute; left: 379px; top: 263.79px;\">\n<div class=\"gtx-trans-icon\"><\/div>\n<\/div>\n","protected":false},"excerpt":{"rendered":"<p><a href=\"https:\/\/agora.xtec.cat\/iespereborrellpuigcerda\/wp-content\/uploads\/usu1157\/2022\/06\/Untitled-design.png\"><\/a><\/p>\n<p>ERASMUS + &#8211;&gt; <a href=\"https:\/\/sites.google.com\/inspereborrell.cat\/erasmusplus\/\">https:\/\/sites.google.com\/inspereborrell.cat\/erasmusplus\/<\/a><br \/>\n<a href=\"https:\/\/sites.google.com\/inspereborrell.cat\/erasmusplus\/\"><\/a><a href=\"https:\/\/sites.google.com\/inspereborrell.cat\/erasmusplus\/\"><\/a><\/p>\n<p><a href=\"https:\/\/agora.xtec.cat\/iespereborrellpuigcerda\/erasmus\/\">CETE (Consorci\u00a0 Europeu per a la Transformaci\u00f3 Educativa)+MALD (Mobilitats de llarga durada)<\/a><\/p>\n<p>Enlla\u00e7: <a href=\"https:\/\/agora.xtec.cat\/iespereborrellpuigcerda\/general\/atencio-batxibac-publicats-els-criteris-de-seleccio-per-participar-en-un-intercanvi-escolar-a-franca\/\">Criteris de selecci\u00f3 per participar en un intercanvi escolar a Fran\u00e7a.<\/a><\/p>\n<p>Enlla\u00e7: <a href=\"https:\/\/agora.xtec.cat\/iespereborrellpuigcerda\/general\/concurs-de-logotip-del-projecte-cete-consorci-europeu-per-a-la-transformacio-educativa\/\">Concurs de logotip del projecte CETE+: Consorci Europeu per a la Transformaci\u00f3&hellip;  <a href=\"https:\/\/agora.xtec.cat\/iespereborrellpuigcerda\/erasmus\/\" title=\"Read Erasmus+ CETE+ MALD\">Llegeix m\u00e9s\u00bb<\/a><\/p>\n","protected":false},"author":1,"featured_media":0,"parent":0,"menu_order":0,"comment_status":"closed","ping_status":"closed","template":"","meta":{"_bbp_topic_count":0,"_bbp_reply_count":0,"_bbp_total_topic_count":0,"_bbp_total_reply_count":0,"_bbp_voice_count":0,"_bbp_anonymous_reply_count":0,"_bbp_topic_count_hidden":0,"_bbp_reply_count_hidden":0,"_bbp_forum_subforum_count":0,"footnotes":""},"class_list":["post-9657","page","type-page","status-publish","hentry"],"post_mailing_queue_ids":[],"_links":{"self":[{"href":"https:\/\/agora.xtec.cat\/iespereborrellpuigcerda\/wp-json\/wp\/v2\/pages\/9657","targetHints":{"allow":["GET"]}}],"collection":[{"href":"https:\/\/agora.xtec.cat\/iespereborrellpuigcerda\/wp-json\/wp\/v2\/pages"}],"about":[{"href":"https:\/\/agora.xtec.cat\/iespereborrellpuigcerda\/wp-json\/wp\/v2\/types\/page"}],"author":[{"embeddable":true,"href":"https:\/\/agora.xtec.cat\/iespereborrellpuigcerda\/wp-json\/wp\/v2\/users\/1"}],"replies":[{"embeddable":true,"href":"https:\/\/agora.xtec.cat\/iespereborrellpuigcerda\/wp-json\/wp\/v2\/comments?post=9657"}],"version-history":[{"count":6,"href":"https:\/\/agora.xtec.cat\/iespereborrellpuigcerda\/wp-json\/wp\/v2\/pages\/9657\/revisions"}],"predecessor-version":[{"id":11250,"href":"https:\/\/agora.xtec.cat\/iespereborrellpuigcerda\/wp-json\/wp\/v2\/pages\/9657\/revisions\/11250"}],"wp:attachment":[{"href":"https:\/\/agora.xtec.cat\/iespereborrellpuigcerda\/wp-json\/wp\/v2\/media?parent=9657"}],"curies":[{"name":"wp","href":"https:\/\/api.w.org\/{rel}","templated":true}]}}