{"id":9652,"date":"2022-06-21T14:41:37","date_gmt":"2022-06-21T12:41:37","guid":{"rendered":"https:\/\/agora.xtec.cat\/iespereborrellpuigcerda\/?page_id=9652"},"modified":"2022-10-13T15:19:53","modified_gmt":"2022-10-13T13:19:53","slug":"programes-internacionals","status":"publish","type":"page","link":"https:\/\/agora.xtec.cat\/iespereborrellpuigcerda\/programes-internacionals\/","title":{"rendered":"Programes Internacionals"},"content":{"rendered":"<h3><strong>PLA IMPULS<\/strong><\/h3>\n<p style=\"text-align: justify;\">El Departament d\u2019Educaci\u00f3 de la Generalitat de Catalunya desenvolupar\u00e0 el Programa de Foment de les Lleng\u00fces Estrangeres a la Formaci\u00f3 Professional amb la finalitat d\u2019ampliar la compet\u00e8ncia ling\u00fc\u00edstica en lleng\u00fces estrangeres de l\u2019alumnat dels cicles formatius de grau mitj\u00e0 i superior dels ensenyaments de formaci\u00f3 professional.<\/p>\n<p style=\"text-align: justify;\">Un dels objectius dels ensenyaments de formaci\u00f3 professional inicial consisteix en el fet que l\u2019alumnat pugui adquirir la compet\u00e8ncia ling\u00fc\u00edstica instrumental en la llengua o lleng\u00fces estrangeres adients a l\u2019\u00e0mbit professional de treball.<\/p>\n<p style=\"text-align: justify;\">La implementaci\u00f3 del foment de les lleng\u00fces estrangeres en l&#8217;\u00e0mbit de la formaci\u00f3 professional t\u00e9 dos components: la formaci\u00f3 de professorat i la de l&#8217;alumnat.<\/p>\n<p style=\"text-align: justify;\">Un dels objectius del Programa temporal de Foment de les Lleng\u00fces Estrangeres \u00e9s que l\u2019alumnat adquireixi les compet\u00e8ncies comunicatives, tant pel que fa a l\u2019expressi\u00f3 oral com a l\u2019escrita, que li permetin comunicar-se en una llengua estrangera en el desenvolupament de les activitats professionals m\u00e9s habituals.<\/p>\n<p style=\"text-align: justify;\">Amb la finalitat d&#8217;incorporar i normalitzar l&#8217;\u00fas d\u2019una llengua estrangera en situacions professionals habituals i en la presa de decisions en l&#8217;\u00e0mbit laboral, els cicles formatius que participin en el Programa han de desenvolupar les accions seg\u00fcents:<\/p>\n<p style=\"text-align: justify;\">1. Impartir un m\u00f2dul professional en llengua estrangera (angl\u00e8s, franc\u00e8s, alemany o qualsevol llengua oficial de la Uni\u00f3 Europea), associat a unitats de compet\u00e8ncia del Cat\u00e0leg nacional de qualificacions, a primer i a segon curs.<\/p>\n<p style=\"text-align: justify;\">2. Impartir un m\u00f2dul professional de llengua estrangera (angl\u00e8s, franc\u00e8s, alemany o qualsevol llengua oficial de la Uni\u00f3 Europea) amb una c\u00e0rrega lectiva setmanal de, com a m\u00ednim, dues hores, a primer dels cicles formatius del curs 2022-2023 i a segon dels cicles formatius del curs 2023-2024.<\/p>\n<p><strong>Documentaci\u00f3 en PDF -&gt; <a href=\"https:\/\/agora.xtec.cat\/iespereborrellpuigcerda\/wp-content\/uploads\/usu1157\/2022\/10\/Flyer-llarg-PLA-IMPULS.pdf\">PLA IMPULS<\/a><\/strong><\/p>\n<p><a href=\"https:\/\/agora.xtec.cat\/iespereborrellpuigcerda\/wp-content\/uploads\/usu1157\/2022\/10\/1.png\"><img loading=\"lazy\" decoding=\"async\" class=\"aligncenter size-large wp-image-9875\" src=\"https:\/\/agora.xtec.cat\/iespereborrellpuigcerda\/wp-content\/uploads\/usu1157\/2022\/10\/1-724x1024.png\" alt=\"\" width=\"724\" height=\"1024\" srcset=\"https:\/\/agora.xtec.cat\/iespereborrellpuigcerda\/wp-content\/uploads\/usu1157\/2022\/10\/1-724x1024.png 724w, https:\/\/agora.xtec.cat\/iespereborrellpuigcerda\/wp-content\/uploads\/usu1157\/2022\/10\/1-212x300.png 212w, https:\/\/agora.xtec.cat\/iespereborrellpuigcerda\/wp-content\/uploads\/usu1157\/2022\/10\/1-768x1086.png 768w, https:\/\/agora.xtec.cat\/iespereborrellpuigcerda\/wp-content\/uploads\/usu1157\/2022\/10\/1-1086x1536.png 1086w, https:\/\/agora.xtec.cat\/iespereborrellpuigcerda\/wp-content\/uploads\/usu1157\/2022\/10\/1-1448x2048.png 1448w, https:\/\/agora.xtec.cat\/iespereborrellpuigcerda\/wp-content\/uploads\/usu1157\/2022\/10\/1.png 1587w\" sizes=\"auto, (max-width: 724px) 100vw, 724px\" \/><\/a><a href=\"https:\/\/agora.xtec.cat\/iespereborrellpuigcerda\/wp-content\/uploads\/usu1157\/2022\/10\/2.png\"><img loading=\"lazy\" decoding=\"async\" class=\"aligncenter size-large wp-image-9874\" src=\"https:\/\/agora.xtec.cat\/iespereborrellpuigcerda\/wp-content\/uploads\/usu1157\/2022\/10\/2-724x1024.png\" alt=\"\" width=\"724\" height=\"1024\" srcset=\"https:\/\/agora.xtec.cat\/iespereborrellpuigcerda\/wp-content\/uploads\/usu1157\/2022\/10\/2-724x1024.png 724w, https:\/\/agora.xtec.cat\/iespereborrellpuigcerda\/wp-content\/uploads\/usu1157\/2022\/10\/2-212x300.png 212w, https:\/\/agora.xtec.cat\/iespereborrellpuigcerda\/wp-content\/uploads\/usu1157\/2022\/10\/2-768x1086.png 768w, https:\/\/agora.xtec.cat\/iespereborrellpuigcerda\/wp-content\/uploads\/usu1157\/2022\/10\/2-1086x1536.png 1086w, https:\/\/agora.xtec.cat\/iespereborrellpuigcerda\/wp-content\/uploads\/usu1157\/2022\/10\/2-1448x2048.png 1448w, https:\/\/agora.xtec.cat\/iespereborrellpuigcerda\/wp-content\/uploads\/usu1157\/2022\/10\/2.png 1587w\" sizes=\"auto, (max-width: 724px) 100vw, 724px\" \/><\/a><\/p>\n","protected":false},"excerpt":{"rendered":"<p>PLA IMPULS<br \/>\nEl Departament d\u2019Educaci\u00f3 de la Generalitat de Catalunya desenvolupar\u00e0 el Programa de Foment de les Lleng\u00fces Estrangeres a la Formaci\u00f3 Professional amb la finalitat d\u2019ampliar la compet\u00e8ncia ling\u00fc\u00edstica en lleng\u00fces estrangeres de l\u2019alumnat dels cicles formatius de grau mitj\u00e0 i superior dels ensenyaments de&hellip;  <a href=\"https:\/\/agora.xtec.cat\/iespereborrellpuigcerda\/programes-internacionals\/\" title=\"Read Programes Internacionals\">Llegeix m\u00e9s\u00bb<\/a><\/p>\n","protected":false},"author":1,"featured_media":0,"parent":0,"menu_order":0,"comment_status":"closed","ping_status":"closed","template":"","meta":{"_bbp_topic_count":0,"_bbp_reply_count":0,"_bbp_total_topic_count":0,"_bbp_total_reply_count":0,"_bbp_voice_count":0,"_bbp_anonymous_reply_count":0,"_bbp_topic_count_hidden":0,"_bbp_reply_count_hidden":0,"_bbp_forum_subforum_count":0,"footnotes":""},"class_list":["post-9652","page","type-page","status-publish","hentry"],"post_mailing_queue_ids":[],"_links":{"self":[{"href":"https:\/\/agora.xtec.cat\/iespereborrellpuigcerda\/wp-json\/wp\/v2\/pages\/9652","targetHints":{"allow":["GET"]}}],"collection":[{"href":"https:\/\/agora.xtec.cat\/iespereborrellpuigcerda\/wp-json\/wp\/v2\/pages"}],"about":[{"href":"https:\/\/agora.xtec.cat\/iespereborrellpuigcerda\/wp-json\/wp\/v2\/types\/page"}],"author":[{"embeddable":true,"href":"https:\/\/agora.xtec.cat\/iespereborrellpuigcerda\/wp-json\/wp\/v2\/users\/1"}],"replies":[{"embeddable":true,"href":"https:\/\/agora.xtec.cat\/iespereborrellpuigcerda\/wp-json\/wp\/v2\/comments?post=9652"}],"version-history":[{"count":4,"href":"https:\/\/agora.xtec.cat\/iespereborrellpuigcerda\/wp-json\/wp\/v2\/pages\/9652\/revisions"}],"predecessor-version":[{"id":9879,"href":"https:\/\/agora.xtec.cat\/iespereborrellpuigcerda\/wp-json\/wp\/v2\/pages\/9652\/revisions\/9879"}],"wp:attachment":[{"href":"https:\/\/agora.xtec.cat\/iespereborrellpuigcerda\/wp-json\/wp\/v2\/media?parent=9652"}],"curies":[{"name":"wp","href":"https:\/\/api.w.org\/{rel}","templated":true}]}}