{"id":5527,"date":"2019-02-25T14:00:01","date_gmt":"2019-02-25T13:00:01","guid":{"rendered":"http:\/\/agora.xtec.cat\/iespereborrellpuigcerda\/?page_id=5527"},"modified":"2021-05-26T09:55:29","modified_gmt":"2021-05-26T07:55:29","slug":"projecte-linguistic","status":"publish","type":"page","link":"https:\/\/agora.xtec.cat\/iespereborrellpuigcerda\/projecte-linguistic\/","title":{"rendered":"Projecte ling\u00fc\u00edstic"},"content":{"rendered":"<h6><img loading=\"lazy\" decoding=\"async\" class=\"alignleft wp-image-2068\" src=\"https:\/\/agora.xtec.cat\/iespereborrellpuigcerda\/wp-content\/uploads\/usu1157\/2014\/09\/Document.png\" alt=\"\" width=\"89\" height=\"85\" \/><strong>Projecte Ling\u00fc\u00edstic<\/strong><br \/>\n<strong>Data aprovaci\u00f3 del Projecte Ling\u00fc\u00edstic: 05\/02\/20 (Consell Escolar) \/ 20\/12\/19 (Claustre)<\/strong><br \/>\n<strong>Data darrera actualitzaci\u00f3: 19\/12\/19<\/strong><br \/>\n<strong>INS Pere Borrell &#8211; Puigcerd\u00e0 17005741 <\/strong><\/h6>\n<h4><strong>Projecte ling\u00fc\u00edstic<\/strong><\/h4>\n<h6><strong><a href=\"https:\/\/agora.xtec.cat\/iespereborrellpuigcerda\/wp-content\/uploads\/usu1157\/2020\/11\/PROJECTE-LINGU\u0308I\u0301STIC-INS-PERE-BORRELL-aprovat-curs-19-20.docx-1.pdf\">PROJECTE LINGU\u0308I\u0301STIC INS PERE BORRELL (aprovat curs 19-20)<\/a><\/strong><\/h6>\n","protected":false},"excerpt":{"rendered":"<p>Projecte Ling\u00fc\u00edstic<br \/>\nData aprovaci\u00f3 del Projecte Ling\u00fc\u00edstic: 05\/02\/20 (Consell Escolar) \/ 20\/12\/19 (Claustre)<br \/>\nData darrera actualitzaci\u00f3: 19\/12\/19<br \/>\nINS Pere Borrell &#8211; Puigcerd\u00e0 17005741<br \/>\nProjecte ling\u00fc\u00edstic<br \/>\n<a href=\"https:\/\/agora.xtec.cat\/iespereborrellpuigcerda\/wp-content\/uploads\/usu1157\/2020\/11\/PROJECTE-LINGU\u0308I\u0301STIC-INS-PERE-BORRELL-aprovat-curs-19-20.docx-1.pdf\">PROJECTE LINGU\u0308I\u0301STIC INS PERE BORRELL (aprovat curs 19-20)<\/a><\/p>\n","protected":false},"author":1,"featured_media":0,"parent":0,"menu_order":0,"comment_status":"closed","ping_status":"closed","template":"","meta":{"_bbp_topic_count":0,"_bbp_reply_count":0,"_bbp_total_topic_count":0,"_bbp_total_reply_count":0,"_bbp_voice_count":0,"_bbp_anonymous_reply_count":0,"_bbp_topic_count_hidden":0,"_bbp_reply_count_hidden":0,"_bbp_forum_subforum_count":0,"footnotes":""},"class_list":["post-5527","page","type-page","status-publish","hentry"],"post_mailing_queue_ids":[],"_links":{"self":[{"href":"https:\/\/agora.xtec.cat\/iespereborrellpuigcerda\/wp-json\/wp\/v2\/pages\/5527","targetHints":{"allow":["GET"]}}],"collection":[{"href":"https:\/\/agora.xtec.cat\/iespereborrellpuigcerda\/wp-json\/wp\/v2\/pages"}],"about":[{"href":"https:\/\/agora.xtec.cat\/iespereborrellpuigcerda\/wp-json\/wp\/v2\/types\/page"}],"author":[{"embeddable":true,"href":"https:\/\/agora.xtec.cat\/iespereborrellpuigcerda\/wp-json\/wp\/v2\/users\/1"}],"replies":[{"embeddable":true,"href":"https:\/\/agora.xtec.cat\/iespereborrellpuigcerda\/wp-json\/wp\/v2\/comments?post=5527"}],"version-history":[{"count":3,"href":"https:\/\/agora.xtec.cat\/iespereborrellpuigcerda\/wp-json\/wp\/v2\/pages\/5527\/revisions"}],"predecessor-version":[{"id":8250,"href":"https:\/\/agora.xtec.cat\/iespereborrellpuigcerda\/wp-json\/wp\/v2\/pages\/5527\/revisions\/8250"}],"wp:attachment":[{"href":"https:\/\/agora.xtec.cat\/iespereborrellpuigcerda\/wp-json\/wp\/v2\/media?parent=5527"}],"curies":[{"name":"wp","href":"https:\/\/api.w.org\/{rel}","templated":true}]}}