{"id":52,"date":"2014-09-17T16:58:07","date_gmt":"2014-09-17T16:58:07","guid":{"rendered":"http:\/\/agora.xtec.cat\/iespereborrellpuigcerda\/?page_id=52"},"modified":"2025-10-02T13:21:12","modified_gmt":"2025-10-02T11:21:12","slug":"calendari-del-curs","status":"publish","type":"page","link":"https:\/\/agora.xtec.cat\/iespereborrellpuigcerda\/linstitut\/calendari-del-curs\/","title":{"rendered":"Calendari del curs"},"content":{"rendered":"<h4 style=\"text-align: center;\"><\/h4>\n<hr \/>\n<div><\/div>\n<p><center><iframe loading=\"lazy\" style=\"border: solid 1px #777;\" src=\"https:\/\/calendar.google.com\/calendar\/embed?height=600&amp;wkst=2&amp;ctz=Europe%2FMadrid&amp;bgcolor=%23ffffff&amp;src=aW5zcGVyZWJvcnJlbGwuY2F0X2libHE0a2VqNG50dm5xamQzcnZqOGx2MzgwQGdyb3VwLmNhbGVuZGFyLmdvb2dsZS5jb20&amp;src=Y18zNWVmbGdlZ2ZxdHA3MWNzMXU0YW5kcWt1b0Bncm91cC5jYWxlbmRhci5nb29nbGUuY29t&amp;color=%237CB342&amp;color=%239E69AF\" width=\"800\" height=\"600\" frameborder=\"0\" scrolling=\"no\"><\/iframe><\/center><\/p>\n<h4 style=\"text-align: center;\"><b>CALENDARI DEL CURS 25-26<\/b><\/h4>\n<h5 style=\"text-align: left;\"><b>Inici i final de les classes i proves extraordin\u00e0ries<\/b><\/h5>\n<ul style=\"text-align: left;\">\n<li style=\"font-weight: 400;\" aria-level=\"1\">\n<h5><b>9 de setembre de 2025: <\/b><span style=\"font-weight: 400; font-size: 1.125em;\">inici de les classes a l&#8217;educaci\u00f3 secund\u00e0ria obligat\u00f2ria i FP b\u00e0sica..\u00a0<\/span><\/h5>\n<\/li>\n<li style=\"font-weight: 400;\" aria-level=\"1\">\n<h5><b>12 de setembre de 2025: <\/b><span style=\"font-weight: 400; font-size: 1.125em;\">inici de les classes al batxillerat, als cicles de formaci\u00f3 professional de grau mitj\u00e0 i als programes de formaci\u00f3 i inserci\u00f3.\u00a0<\/span><\/h5>\n<\/li>\n<li style=\"font-weight: 400;\" aria-level=\"1\">\n<h5><b>19 de juny de 2026<\/b><span style=\"font-weight: 400;\">: acaben les classes a l&#8217;educaci\u00f3 secund\u00e0ria obligat\u00f2ria, a l&#8217;FP b\u00e0sica i al primer curs de batxillerat.\u00a0<\/span><\/h5>\n<\/li>\n<li style=\"font-weight: 400;\" aria-level=\"1\">\n<h5><span style=\"font-weight: 400;\">Les <\/span><b>proves extraordin\u00e0ries de batxillerat<\/b><span style=\"font-weight: 400;\"> es faran despr\u00e9s de l&#8217;avaluaci\u00f3 final ordin\u00e0ria a partir de la segona setmana de juny, de manera que <strong>hagin finalitzat no m\u00e9s tard del 12 de juny.<\/strong> Les activitats d&#8217;avaluaci\u00f3 dels alumnes <strong>del darrer curs de cicles formatius de grau mitj\u00e0<\/strong> de formaci\u00f3 professional s&#8217;han de programar a cada centre de manera que <strong>no m\u00e9s tard del 12 de juny<\/strong> hagin finalitzat.\u00a0<\/span><\/h5>\n<\/li>\n<\/ul>\n<h5 style=\"text-align: left;\"><b>Vacances<\/b><\/h5>\n<ul style=\"text-align: left;\">\n<li style=\"font-weight: 400;\" aria-level=\"1\">\n<h5><span style=\"font-weight: 400;\">Del 20 de desembre de 2025 al 7 de gener de 2026:<\/span><b>Vacances <\/b><span style=\"font-weight: 400;\"><strong>de Nadal<\/strong>.<\/span><\/h5>\n<\/li>\n<li style=\"font-weight: 400;\" aria-level=\"1\">\n<h5><span style=\"font-weight: 400;\">Del 28 de mar\u00e7 al 6 d&#8217;abril de 2026: vacances de <strong>Setmana Santa<\/strong>.<\/span><\/h5>\n<\/li>\n<\/ul>\n<h5 style=\"text-align: left;\"><b>Dies de lliure disposici\u00f3<\/b><\/h5>\n<ul style=\"text-align: left;\">\n<li style=\"font-weight: 400;\" aria-level=\"1\">\n<h5><span style=\"font-weight: 400;\">Divendres 10 d\u2019octubre de 2025 (pont 12 octubre)<\/span><\/h5>\n<\/li>\n<li style=\"font-weight: 400;\" aria-level=\"1\">\n<h5><span style=\"font-weight: 400;\">Dilluns 3 de novembre de 2025 (pont Tots Sants)<\/span><\/h5>\n<\/li>\n<li style=\"font-weight: 400;\" aria-level=\"1\">\n<h5><span style=\"font-weight: 400;\">Dilluns 8 de desembre de 2025\u00a0<\/span><\/h5>\n<\/li>\n<li style=\"font-weight: 400;\" aria-level=\"1\">\n<h5><span style=\"font-weight: 400;\">Dilluns 16 de febrer de 2026 (Carnestoltes)<\/span><\/h5>\n<\/li>\n<li style=\"font-weight: 400;\" aria-level=\"1\">\n<h5><span style=\"font-weight: 400;\">Dijous 30 d&#8217;abril de 2026 (Pont 1 de maig)<\/span><\/h5>\n<\/li>\n<li style=\"font-weight: 400;\" aria-level=\"1\">\n<h5><span style=\"font-weight: 400;\">Dilluns 25 de maig de 2026\u00a0<\/span><\/h5>\n<\/li>\n<\/ul>\n<h5 style=\"text-align: left;\"><b>Jornada Intensiva:<\/b><\/h5>\n<ul style=\"text-align: left;\">\n<li style=\"font-weight: 400;\" aria-level=\"1\">\n<h5><span style=\"font-weight: 400;\">El 19 de desembre de 2025 l&#8217;horari d&#8217;inici ser\u00e0 l&#8217;habitual i les classes acabaran a les 13 h.<\/span><\/h5>\n<\/li>\n<li style=\"font-weight: 400;\" aria-level=\"1\">\n<h5><span style=\"font-weight: 400;\">Del dia 8 al 19 de juny de 2026 l&#8217;hora d&#8217;inici ser\u00e0 l&#8217;habitual i les classes acabaran a les 14 h.<\/span><\/h5>\n<\/li>\n<\/ul>\n<h5 style=\"text-align: left;\"><b>Altres<\/b><span style=\"font-weight: 400;\">:<\/span><\/h5>\n<ul>\n<li style=\"font-weight: 400; text-align: left;\" aria-level=\"1\">\n<h5><span style=\"font-weight: 400;\">Setmana blanca (previsi\u00f3): Del 2 al 6 de febrer de 2026<\/span><\/h5>\n<\/li>\n<\/ul>\n<p>&nbsp;<\/p>\n","protected":false},"excerpt":{"rendered":"<p>CALENDARI DEL CURS 25-26<br \/>\nInici i final de les classes i proves extraordin\u00e0ries<\/p>\n<ul style=\"text-align: left;\">\n<li style=\"font-weight: 400;\" aria-level=\"1\">\n9 de setembre de 2025: inici de les classes a l&#8217;educaci\u00f3 secund\u00e0ria obligat\u00f2ria i FP b\u00e0sica..\u00a0\n<\/li>\n<li style=\"font-weight: 400;\" aria-level=\"1\">\n12 de setembre de 2025: inici de les classes al batxillerat,&hellip;  <a href=\"https:\/\/agora.xtec.cat\/iespereborrellpuigcerda\/linstitut\/calendari-del-curs\/\" title=\"Read Calendari del curs\">Llegeix m\u00e9s\u00bb<\/a><\/p>\n","protected":false},"author":1,"featured_media":0,"parent":19,"menu_order":70,"comment_status":"closed","ping_status":"closed","template":"","meta":{"_bbp_topic_count":0,"_bbp_reply_count":0,"_bbp_total_topic_count":0,"_bbp_total_reply_count":0,"_bbp_voice_count":0,"_bbp_anonymous_reply_count":0,"_bbp_topic_count_hidden":0,"_bbp_reply_count_hidden":0,"_bbp_forum_subforum_count":0,"footnotes":""},"class_list":["post-52","page","type-page","status-publish","hentry"],"post_mailing_queue_ids":[],"_links":{"self":[{"href":"https:\/\/agora.xtec.cat\/iespereborrellpuigcerda\/wp-json\/wp\/v2\/pages\/52","targetHints":{"allow":["GET"]}}],"collection":[{"href":"https:\/\/agora.xtec.cat\/iespereborrellpuigcerda\/wp-json\/wp\/v2\/pages"}],"about":[{"href":"https:\/\/agora.xtec.cat\/iespereborrellpuigcerda\/wp-json\/wp\/v2\/types\/page"}],"author":[{"embeddable":true,"href":"https:\/\/agora.xtec.cat\/iespereborrellpuigcerda\/wp-json\/wp\/v2\/users\/1"}],"replies":[{"embeddable":true,"href":"https:\/\/agora.xtec.cat\/iespereborrellpuigcerda\/wp-json\/wp\/v2\/comments?post=52"}],"version-history":[{"count":6,"href":"https:\/\/agora.xtec.cat\/iespereborrellpuigcerda\/wp-json\/wp\/v2\/pages\/52\/revisions"}],"predecessor-version":[{"id":12175,"href":"https:\/\/agora.xtec.cat\/iespereborrellpuigcerda\/wp-json\/wp\/v2\/pages\/52\/revisions\/12175"}],"up":[{"embeddable":true,"href":"https:\/\/agora.xtec.cat\/iespereborrellpuigcerda\/wp-json\/wp\/v2\/pages\/19"}],"wp:attachment":[{"href":"https:\/\/agora.xtec.cat\/iespereborrellpuigcerda\/wp-json\/wp\/v2\/media?parent=52"}],"curies":[{"name":"wp","href":"https:\/\/api.w.org\/{rel}","templated":true}]}}