{"id":4916,"date":"2018-06-19T11:06:23","date_gmt":"2018-06-19T09:06:23","guid":{"rendered":"http:\/\/agora.xtec.cat\/iespereborrellpuigcerda\/?page_id=4916"},"modified":"2020-05-31T09:49:39","modified_gmt":"2020-05-31T07:49:39","slug":"recuperacions-feines-estiu","status":"publish","type":"page","link":"https:\/\/agora.xtec.cat\/iespereborrellpuigcerda\/estudis\/recuperacions-feines-estiu\/","title":{"rendered":"RECUPERACIONS \/ FEINES ESTIU"},"content":{"rendered":"<h4>CURS 2019-20<\/h4>\n<p>Amb el nou <a href=\"http:\/\/xtec.gencat.cat\/ca\/curriculum\/eso\/avaluacio\/\">decret d&#8217;avaluaci\u00f3<\/a> les recuperacions extraordin\u00e0ries d&#8217;ESO es fan a l&#8217;acabament del curs (18 i 19 de juny de forma telem\u00e0tica, proves o entregues a causa de l&#8217;estat d&#8217;alarma causat pel covid-19), nom\u00e9s 1r de Batxillerat les fa al setembre; i 2n de Batx 17-18.19 de juny tamb\u00e9 de forma telem\u00e0tica a causa de l&#8217;estat d&#8217;alarma causat pel covid-19. CFGM, cada cicle t\u00e9 el seu propi calendari d&#8217;extraordin\u00e0ries i l&#8217;alumnat se li comunicar\u00e0 via tutoria.<\/p>\n<p>Les recomanacions de millora durant l&#8217;estiu est\u00e0 definit i personalitzat en els informes d&#8217;avaluaci\u00f3, consells orientadors o als plans de millora personals d&#8217;estiu enviats al correu de cada alumne\/a.<\/p>\n<h4><span style=\"color: #800000;\"><a href=\"https:\/\/drive.google.com\/drive\/folders\/1EVRzxISyXqXtTdn4BewGj5OAtUSwO4yh?usp=sharing\" target=\"_blank\" rel=\"noopener noreferrer\">CURSOS ANTERIORS<\/a><\/span><\/h4>\n<p>Calendari de proves extraordin\u00e0ries 18-19:<a href=\"https:\/\/agora.xtec.cat\/iespereborrellpuigcerda\/eso\/proves-extraordinaries-eso-i-batx\/\"> https:\/\/agora.xtec.cat\/iespereborrellpuigcerda\/eso\/proves-extraordinaries-eso-i-batx\/<\/a><\/p>\n<p><a href=\"https:\/\/drive.google.com\/drive\/folders\/1EVRzxISyXqXtTdn4BewGj5OAtUSwO4yh?usp=sharing\" target=\"_blank\" rel=\"noopener noreferrer\"><img loading=\"lazy\" decoding=\"async\" class=\"alignleft wp-image-2068 size-full\" src=\"http:\/\/agora.xtec.cat\/iespereborrellpuigcerda\/wp-content\/uploads\/usu1157\/2014\/09\/Document.png\" alt=\"\" width=\"117\" height=\"112\" \/><\/a><\/p>\n<p>&nbsp;<\/p>\n<p><strong>Acc\u00e9s a la carpeta de les <a href=\"https:\/\/drive.google.com\/drive\/folders\/1EVRzxISyXqXtTdn4BewGj5OAtUSwO4yh?usp=sharing\" target=\"_blank\" rel=\"noopener noreferrer\">feines d&#8217;estiu \/ Recuperaci\u00f3<\/a> 17-18<br \/>\n<\/strong><\/p>\n<p>&nbsp;<\/p>\n<p><strong>DATES ex\u00e0mens de recuperaci\u00f3 3 i 4 de setembre de 2018:<\/strong><\/p>\n<ul style=\"list-style-type: circle;\">\n<li><a href=\"http:\/\/agora.xtec.cat\/iespereborrellpuigcerda\/wp-content\/uploads\/usu1157\/2018\/06\/Ex\u00e0mens-setembre-1r-2n-i-3r-ESO-2018-1.pdf\" target=\"_blank\" rel=\"noopener noreferrer\">Ex\u00e0mens setembre 1r 2n i 3r ESO 2018<\/a><\/li>\n<\/ul>\n<ul style=\"list-style-type: circle;\">\n<li><a href=\"http:\/\/agora.xtec.cat\/iespereborrellpuigcerda\/wp-content\/uploads\/usu1157\/2018\/06\/Ex\u00e0mens-setembre-4t-ESO-2018-1.pdf\" target=\"_blank\" rel=\"noopener noreferrer\">Ex\u00e0mens setembre 4t ESO 2018<\/a><\/li>\n<\/ul>\n<ul style=\"list-style-type: circle;\">\n<li><a href=\"http:\/\/agora.xtec.cat\/iespereborrellpuigcerda\/wp-content\/uploads\/usu1157\/2018\/06\/Ex\u00e0mens-setembre-BTX-2018.pdf\" target=\"_blank\" rel=\"noopener noreferrer\">Ex\u00e0mens setembre BTX 2018<\/a><\/li>\n<\/ul>\n","protected":false},"excerpt":{"rendered":"<p>CURS 2019-20<br \/>\nAmb el nou <a href=\"http:\/\/xtec.gencat.cat\/ca\/curriculum\/eso\/avaluacio\/\">decret d&#8217;avaluaci\u00f3<\/a> les recuperacions extraordin\u00e0ries d&#8217;ESO es fan a l&#8217;acabament del curs (18 i 19 de juny de forma telem\u00e0tica, proves o entregues a causa de l&#8217;estat d&#8217;alarma causat pel covid-19), nom\u00e9s 1r de Batxillerat les fa al setembre; i&hellip;  <a href=\"https:\/\/agora.xtec.cat\/iespereborrellpuigcerda\/estudis\/recuperacions-feines-estiu\/\" title=\"Read RECUPERACIONS \/ FEINES ESTIU\">Llegeix m\u00e9s\u00bb<\/a><\/p>\n","protected":false},"author":1,"featured_media":0,"parent":195,"menu_order":0,"comment_status":"closed","ping_status":"closed","template":"page-templates\/side-menu.php","meta":{"_bbp_topic_count":0,"_bbp_reply_count":0,"_bbp_total_topic_count":0,"_bbp_total_reply_count":0,"_bbp_voice_count":0,"_bbp_anonymous_reply_count":0,"_bbp_topic_count_hidden":0,"_bbp_reply_count_hidden":0,"_bbp_forum_subforum_count":0,"footnotes":""},"class_list":["post-4916","page","type-page","status-publish","hentry"],"post_mailing_queue_ids":[],"_links":{"self":[{"href":"https:\/\/agora.xtec.cat\/iespereborrellpuigcerda\/wp-json\/wp\/v2\/pages\/4916","targetHints":{"allow":["GET"]}}],"collection":[{"href":"https:\/\/agora.xtec.cat\/iespereborrellpuigcerda\/wp-json\/wp\/v2\/pages"}],"about":[{"href":"https:\/\/agora.xtec.cat\/iespereborrellpuigcerda\/wp-json\/wp\/v2\/types\/page"}],"author":[{"embeddable":true,"href":"https:\/\/agora.xtec.cat\/iespereborrellpuigcerda\/wp-json\/wp\/v2\/users\/1"}],"replies":[{"embeddable":true,"href":"https:\/\/agora.xtec.cat\/iespereborrellpuigcerda\/wp-json\/wp\/v2\/comments?post=4916"}],"version-history":[{"count":3,"href":"https:\/\/agora.xtec.cat\/iespereborrellpuigcerda\/wp-json\/wp\/v2\/pages\/4916\/revisions"}],"predecessor-version":[{"id":6725,"href":"https:\/\/agora.xtec.cat\/iespereborrellpuigcerda\/wp-json\/wp\/v2\/pages\/4916\/revisions\/6725"}],"up":[{"embeddable":true,"href":"https:\/\/agora.xtec.cat\/iespereborrellpuigcerda\/wp-json\/wp\/v2\/pages\/195"}],"wp:attachment":[{"href":"https:\/\/agora.xtec.cat\/iespereborrellpuigcerda\/wp-json\/wp\/v2\/media?parent=4916"}],"curies":[{"name":"wp","href":"https:\/\/api.w.org\/{rel}","templated":true}]}}