{"id":43,"date":"2014-09-17T16:45:07","date_gmt":"2014-09-17T16:45:07","guid":{"rendered":"http:\/\/agora.xtec.cat\/iespereborrellpuigcerda\/?page_id=43"},"modified":"2025-12-15T12:21:10","modified_gmt":"2025-12-15T11:21:10","slug":"consell-escolar","status":"publish","type":"page","link":"https:\/\/agora.xtec.cat\/iespereborrellpuigcerda\/linstitut\/consell-escolar\/","title":{"rendered":"Consell escolar"},"content":{"rendered":"<p><img loading=\"lazy\" decoding=\"async\" class=\"alignnone wp-image-8974\" src=\"https:\/\/agora.xtec.cat\/iespereborrellpuigcerda\/wp-content\/uploads\/usu1157\/2021\/10\/consell-escolar.png\" alt=\"\" width=\"334\" height=\"125\" srcset=\"https:\/\/agora.xtec.cat\/iespereborrellpuigcerda\/wp-content\/uploads\/usu1157\/2021\/10\/consell-escolar.png 990w, https:\/\/agora.xtec.cat\/iespereborrellpuigcerda\/wp-content\/uploads\/usu1157\/2021\/10\/consell-escolar-300x112.png 300w, https:\/\/agora.xtec.cat\/iespereborrellpuigcerda\/wp-content\/uploads\/usu1157\/2021\/10\/consell-escolar-768x287.png 768w\" sizes=\"auto, (max-width: 334px) 100vw, 334px\" \/><\/p>\n<p><strong>CURS ESCOLAR 2025\/26<\/strong><\/p>\n<h6 data-start=\"198\" data-end=\"248\">Constituci\u00f3 del nou Consell Escolar del centre<\/h6>\n<p>El passat 3 de desembre de 2025, es va constituir formalment el nou Consell Escolar del centre, un cop finalitzat el proc\u00e9s electoral dels diferents sectors de la comunitat educativa.<\/p>\n<p>D\u2019acord amb el que estableix el Decret 102\/2010, d\u2019autonomia dels centres educatius, el Consell Escolar queda format per representants de l\u2019equip directiu, del professorat, de l\u2019alumnat, de les fam\u00edlies, del PAS\/PAE, de l\u2019AFA i de l\u2019Ajuntament. Aquest \u00f2rgan \u00e9s clau per garantir la participaci\u00f3 democr\u00e0tica en la presa de decisions del centre.<\/p>\n<p>Durant la sessi\u00f3, es va donar lectura a les actes de les votacions i als escrits oficials de designaci\u00f3 dels representants de cada sector. Un cop constitu\u00eft el nou Consell Escolar, es va lliurar als seus membres:<\/p>\n<ul data-start=\"1009\" data-end=\"1197\">\n<li data-start=\"1009\" data-end=\"1066\">La relaci\u00f3 de la nova composici\u00f3 del Consell Escolar.<\/li>\n<li data-start=\"1067\" data-end=\"1116\">Un resum de les funcions del Consell Escolar.<\/li>\n<li data-start=\"1117\" data-end=\"1197\">\n<p data-start=\"1119\" data-end=\"1197\">Un informe sobre el proc\u00e9s electoral i la participaci\u00f3 dels diferents sectors.<\/p>\n<\/li>\n<\/ul>\n<p data-start=\"1199\" data-end=\"1400\">El nou Consell Escolar inicia aix\u00ed el seu per\u00edode de funcionament amb la voluntat de continuar treballant per la millora del centre, la conviv\u00e8ncia i la participaci\u00f3 de tota la comunitat educativa.<\/p>\n<p><a href=\"https:\/\/drive.google.com\/file\/d\/1qi-IjeNGGVyhKGjhdltTjxuzPi6YtvR-\/view?usp=sharing\"><em data-start=\"1405\" data-end=\"1514\">La composici\u00f3 detallada del Consell Escolar i de les seves comissions es pot consultar al document oficial.<\/em><\/a><\/p>\n","protected":false},"excerpt":{"rendered":"<p>CURS ESCOLAR 2025\/26<br \/>\nConstituci\u00f3 del nou Consell Escolar del centre<br \/>\nEl passat 3 de desembre de 2025, es va constituir formalment el nou Consell Escolar del centre, un cop finalitzat el proc\u00e9s electoral dels diferents sectors de la comunitat educativa.<br \/>\nD\u2019acord amb el que estableix el Decret 102\/2010,&hellip;  <a href=\"https:\/\/agora.xtec.cat\/iespereborrellpuigcerda\/linstitut\/consell-escolar\/\" title=\"Read Consell escolar\">Llegeix m\u00e9s\u00bb<\/a><\/p>\n","protected":false},"author":1,"featured_media":0,"parent":19,"menu_order":40,"comment_status":"closed","ping_status":"closed","template":"","meta":{"_bbp_topic_count":0,"_bbp_reply_count":0,"_bbp_total_topic_count":0,"_bbp_total_reply_count":0,"_bbp_voice_count":0,"_bbp_anonymous_reply_count":0,"_bbp_topic_count_hidden":0,"_bbp_reply_count_hidden":0,"_bbp_forum_subforum_count":0,"footnotes":""},"class_list":["post-43","page","type-page","status-publish","hentry"],"post_mailing_queue_ids":[],"_links":{"self":[{"href":"https:\/\/agora.xtec.cat\/iespereborrellpuigcerda\/wp-json\/wp\/v2\/pages\/43","targetHints":{"allow":["GET"]}}],"collection":[{"href":"https:\/\/agora.xtec.cat\/iespereborrellpuigcerda\/wp-json\/wp\/v2\/pages"}],"about":[{"href":"https:\/\/agora.xtec.cat\/iespereborrellpuigcerda\/wp-json\/wp\/v2\/types\/page"}],"author":[{"embeddable":true,"href":"https:\/\/agora.xtec.cat\/iespereborrellpuigcerda\/wp-json\/wp\/v2\/users\/1"}],"replies":[{"embeddable":true,"href":"https:\/\/agora.xtec.cat\/iespereborrellpuigcerda\/wp-json\/wp\/v2\/comments?post=43"}],"version-history":[{"count":6,"href":"https:\/\/agora.xtec.cat\/iespereborrellpuigcerda\/wp-json\/wp\/v2\/pages\/43\/revisions"}],"predecessor-version":[{"id":12305,"href":"https:\/\/agora.xtec.cat\/iespereborrellpuigcerda\/wp-json\/wp\/v2\/pages\/43\/revisions\/12305"}],"up":[{"embeddable":true,"href":"https:\/\/agora.xtec.cat\/iespereborrellpuigcerda\/wp-json\/wp\/v2\/pages\/19"}],"wp:attachment":[{"href":"https:\/\/agora.xtec.cat\/iespereborrellpuigcerda\/wp-json\/wp\/v2\/media?parent=43"}],"curies":[{"name":"wp","href":"https:\/\/api.w.org\/{rel}","templated":true}]}}