{"id":195,"date":"2014-09-22T10:39:39","date_gmt":"2014-09-22T10:39:39","guid":{"rendered":"http:\/\/agora.xtec.cat\/iespereborrellpuigcerda\/?page_id=195"},"modified":"2021-05-31T15:35:08","modified_gmt":"2021-05-31T13:35:08","slug":"estudis","status":"publish","type":"page","link":"https:\/\/agora.xtec.cat\/iespereborrellpuigcerda\/estudis\/","title":{"rendered":"Estudis"},"content":{"rendered":"<h5><span style=\"color: #003300;\">ESO &#8211; BTX &#8211; BATXIBAC &#8211; CICLES FORMATIUS &#8211; PIP<\/span><\/h5>\n<p><iframe loading=\"lazy\" title=\"PORTES OBERTES (Institut Pere Borrell)\" width=\"500\" height=\"281\" src=\"https:\/\/www.youtube.com\/embed\/5HckwdL6R7A?feature=oembed\" frameborder=\"0\" allow=\"accelerometer; autoplay; clipboard-write; encrypted-media; gyroscope; picture-in-picture; web-share\" referrerpolicy=\"strict-origin-when-cross-origin\" allowfullscreen><\/iframe><\/p>\n<h5><span style=\"color: #000080;\"><strong>Informaci\u00f3 dels cicles formatius de grau mitj\u00e0 &#8211; INS <\/strong><strong>Pere Borrell<\/strong><\/span><\/h5>\n<table class=\"alignleft\" style=\"width: 443px; height: 402px;\" border=\"2\" cellspacing=\"5\" cellpadding=\"2\">\n<caption>\n<h5><span style=\"color: #993300;\"><strong>Cicles Formatius &#8211; INS Pere Borrell<\/strong><\/span><\/h5>\n<\/caption>\n<tbody>\n<tr style=\"height: 31px;\">\n<td style=\"width: 280px; height: 31px; text-align: center;\">\n<h4><span style=\"color: #339966;\"><strong>CFGM &#8211; INS Pere Borrell<\/strong><\/span><\/h4>\n<\/td>\n<td style=\"width: 146px; height: 31px; text-align: center;\">\n<h4><strong><span style=\"color: #000080;\">DOCUMENTS<\/span><\/strong><\/h4>\n<\/td>\n<\/tr>\n<tr style=\"height: 31px;\">\n<td style=\"width: 280px; height: 31px;\"><a href=\"https:\/\/www.youtube.com\/watch?v=qItnmCBdhJE\"><span style=\"color: #000000;\"><strong>Cicle Formatiu: Administratiu<\/strong><\/span><\/a><\/td>\n<td style=\"width: 146px; height: 31px; text-align: center;\"><strong><span style=\"color: #000000;\"><a href=\"https:\/\/drive.google.com\/file\/d\/1jEH_udRftjL5FhPBvJg0nP-m1yQeU6xl\/view?usp=sharing\">PDF\u00a0<\/a> \/\u00a0 <a href=\"https:\/\/drive.google.com\/file\/d\/13fPg73MQwNkqJ-dk6o7e8vEhZ1n4dncr\/view?usp=sharing\">DOCX<\/a><\/span><\/strong><\/td>\n<\/tr>\n<tr style=\"height: 31px;\">\n<td style=\"width: 280px; height: 31px;\"><a href=\"https:\/\/www.youtube.com\/watch?v=Q8uDv0z0_bk\"><span style=\"color: #000000;\"><strong>Cicle Formatiu: SocioSanitari<\/strong><\/span><\/a><\/td>\n<td style=\"width: 146px; height: 31px; text-align: center;\"><strong><a href=\"https:\/\/drive.google.com\/file\/d\/1E4-Ppk-kBeovUq-eSpZHd9iITm9zV72K\/view?usp=sharing\">PDF<\/a>\u00a0 \/\u00a0 <a href=\"https:\/\/drive.google.com\/file\/d\/1oRwXrjpjxnuQnP4Vh94VNjNOiKjMLfHW\/view?usp=sharing\">DOCX<\/a><\/strong><\/td>\n<\/tr>\n<tr style=\"height: 31px;\">\n<td style=\"width: 280px; height: 31px;\"><a href=\"https:\/\/www.youtube.com\/watch?v=SPRpGoxZvh0\"><span style=\"color: #000000;\"><strong>Cicle Formatiu: CAFEMN Esports<\/strong><\/span><\/a><\/td>\n<td style=\"width: 146px; height: 31px; text-align: center;\"><strong><a href=\"https:\/\/drive.google.com\/file\/d\/1hER34B66oqe1n6eOaqG4tPORgUctwA_3\/view?usp=sharing\">PDF\u00a0<\/a> \/\u00a0 <a href=\"https:\/\/drive.google.com\/file\/d\/1UypHeQBg5pWaZ2suJAfUMSv84JqrKdGI\/view?usp=sharing\">DOCX<\/a><\/strong><\/td>\n<\/tr>\n<tr style=\"height: 31px;\">\n<td style=\"width: 280px; height: 31px;\"><a href=\"https:\/\/www.youtube.com\/watch?v=6sWXW3aEixc\"><span style=\"color: #000000;\"><strong>Cicle Formatiu: Cuina<\/strong><\/span><\/a><\/td>\n<td style=\"width: 146px; height: 31px; text-align: center;\"><strong><a href=\"https:\/\/drive.google.com\/file\/d\/1de9JqNj5GRcTWsEoLR_-lb9RFKlqiIQF\/view?usp=sharing\">PDF<\/a>\u00a0 \/\u00a0 <a href=\"https:\/\/drive.google.com\/file\/d\/16cIZWV_8eABoa3I1cib_4EvaCLgyj9-4\/view?usp=sharing\">DOCX<\/a><\/strong><\/td>\n<\/tr>\n<tr style=\"height: 31px;\">\n<td style=\"width: 280px; height: 31px; text-align: center;\">\n<h4><span style=\"color: #339966;\"><strong>PIP<\/strong><\/span><\/h4>\n<\/td>\n<td style=\"width: 146px; height: 31px; text-align: center;\">\n<h4><strong><span style=\"color: #000080;\">DOCUMENTS<\/span><\/strong><\/h4>\n<\/td>\n<\/tr>\n<tr style=\"height: 95px;\">\n<td style=\"width: 280px; height: 95px;\">\n<h6 style=\"text-align: center;\"><span style=\"color: #000000;\"><strong>Auxiliar de vendes d&#8217;oficina<\/strong><\/span><br \/>\n<span style=\"color: #000000;\"><strong>i atenci\u00f3 al p\u00fablic<\/strong><\/span><\/h6>\n<\/td>\n<td style=\"width: 146px; height: 95px; text-align: center;\"><strong><a href=\"https:\/\/drive.google.com\/file\/d\/1qxNmpauRiyg0RB6xOF6ctMrgMZYaCQak\/view?usp=sharing\">PDF\u00a0<\/a> \/\u00a0 <a href=\"https:\/\/drive.google.com\/file\/d\/18H8ZcwIYf084rqytqYdoUtyAcynr5oVo\/view?usp=sharing\">DOCX<\/a><\/strong><\/td>\n<\/tr>\n<\/tbody>\n<\/table>\n<h5><\/h5>\n<h5><\/h5>\n<h5><\/h5>\n<h5><\/h5>\n<h5><\/h5>\n<h5><\/h5>\n<h5><\/h5>\n<h5><\/h5>\n<h5><\/h5>\n<h5><\/h5>\n<h5><\/h5>\n<h5><\/h5>\n<h5><\/h5>\n<h5><\/h5>\n<h5><span style=\"color: #000000;\"><strong>Videos presentaci\u00f3 dels CFGM &#8211; INS Pere Borrell<\/strong><\/span><\/h5>\n<p><iframe loading=\"lazy\" title=\"I DESPR\u00c9S DE L&#039;ESO QU\u00c8?\" width=\"500\" height=\"375\" src=\"https:\/\/www.youtube.com\/embed\/dR5xjBcpb_U?feature=oembed\" frameborder=\"0\" allow=\"accelerometer; autoplay; clipboard-write; encrypted-media; gyroscope; picture-in-picture; web-share\" referrerpolicy=\"strict-origin-when-cross-origin\" allowfullscreen><\/iframe><\/p>\n<p><iframe loading=\"lazy\" title=\"V\u00eddeo promocional CFGM Ins Pere Borrell\" width=\"500\" height=\"281\" src=\"https:\/\/www.youtube.com\/embed\/0c7qIYq9xhk?feature=oembed\" frameborder=\"0\" allow=\"accelerometer; autoplay; clipboard-write; encrypted-media; gyroscope; picture-in-picture; web-share\" referrerpolicy=\"strict-origin-when-cross-origin\" allowfullscreen><\/iframe><\/p>\n<h6><span style=\"color: #004a00;\"><strong>Oferta formativa<\/strong>, informaci\u00f3 espec\u00edfica per a cadascuna de les etapes o cicles educatius que ofereix el centre. La informaci\u00f3 relativa a:<\/span><\/h6>\n<ul>\n<li>llibres de text i lectures obligat\u00f2ries<\/li>\n<li>cr\u00e8dits<\/li>\n<li>mat\u00e8ries optatives<\/li>\n<li>cr\u00e8dit de s\u00edntesi<\/li>\n<li>treball de recerca<\/li>\n<li>viatge d&#8217;estudis<\/li>\n<li>exemples d&#8217;ex\u00e0mens<\/li>\n<li>itineraris universitaris<\/li>\n<li>pr\u00e0ctiques a empreses (FCT)<\/li>\n<li>projectes de mobilitat<\/li>\n<li>mesures flexibilitzadores: servei d&#8217;assessorament, servei de reconeixement acad\u00e8mic, formaci\u00f3 dual,&#8230;<\/li>\n<li>cursos espec\u00edfics i de preparaci\u00f3<\/li>\n<li>etc&#8230;<\/li>\n<\/ul>\n","protected":false},"excerpt":{"rendered":"<p>ESO &#8211; BTX &#8211; BATXIBAC &#8211; CICLES FORMATIUS &#8211; PIP<\/p>\n<p>Informaci\u00f3 dels cicles formatius de grau mitj\u00e0 &#8211; INS Pere Borrell<\/p>\n<p>Cicles Formatius &#8211; INS Pere Borrell<\/p>\n<p>CFGM &#8211; INS Pere Borrell<\/p>\n<p>DOCUMENTS<\/p>\n<p><a href=\"https:\/\/www.youtube.com\/watch?v=qItnmCBdhJE\">Cicle Formatiu: Administratiu<\/a><br \/>\n<a href=\"https:\/\/drive.google.com\/file\/d\/1jEH_udRftjL5FhPBvJg0nP-m1yQeU6xl\/view?usp=sharing\">PDF\u00a0<\/a> \/\u00a0 <a href=\"https:\/\/drive.google.com\/file\/d\/13fPg73MQwNkqJ-dk6o7e8vEhZ1n4dncr\/view?usp=sharing\">DOCX<\/a><\/p>\n<p><a href=\"https:\/\/www.youtube.com\/watch?v=Q8uDv0z0_bk\">Cicle Formatiu: SocioSanitari<\/a><br \/>\n<a href=\"https:\/\/drive.google.com\/file\/d\/1E4-Ppk-kBeovUq-eSpZHd9iITm9zV72K\/view?usp=sharing\">PDF<\/a>\u00a0 \/\u00a0 <a href=\"https:\/\/drive.google.com\/file\/d\/1oRwXrjpjxnuQnP4Vh94VNjNOiKjMLfHW\/view?usp=sharing\">DOCX<\/a><\/p>\n<p><a href=\"https:\/\/www.youtube.com\/watch?v=SPRpGoxZvh0\">Cicle Formatiu:&hellip;  <a href=\"https:\/\/agora.xtec.cat\/iespereborrellpuigcerda\/estudis\/\" title=\"Read Estudis\">Llegeix m\u00e9s\u00bb<\/a><\/p>\n","protected":false},"author":1,"featured_media":0,"parent":0,"menu_order":0,"comment_status":"closed","ping_status":"closed","template":"","meta":{"_bbp_topic_count":0,"_bbp_reply_count":0,"_bbp_total_topic_count":0,"_bbp_total_reply_count":0,"_bbp_voice_count":0,"_bbp_anonymous_reply_count":0,"_bbp_topic_count_hidden":0,"_bbp_reply_count_hidden":0,"_bbp_forum_subforum_count":0,"footnotes":""},"class_list":["post-195","page","type-page","status-publish","hentry"],"post_mailing_queue_ids":[],"_links":{"self":[{"href":"https:\/\/agora.xtec.cat\/iespereborrellpuigcerda\/wp-json\/wp\/v2\/pages\/195","targetHints":{"allow":["GET"]}}],"collection":[{"href":"https:\/\/agora.xtec.cat\/iespereborrellpuigcerda\/wp-json\/wp\/v2\/pages"}],"about":[{"href":"https:\/\/agora.xtec.cat\/iespereborrellpuigcerda\/wp-json\/wp\/v2\/types\/page"}],"author":[{"embeddable":true,"href":"https:\/\/agora.xtec.cat\/iespereborrellpuigcerda\/wp-json\/wp\/v2\/users\/1"}],"replies":[{"embeddable":true,"href":"https:\/\/agora.xtec.cat\/iespereborrellpuigcerda\/wp-json\/wp\/v2\/comments?post=195"}],"version-history":[{"count":3,"href":"https:\/\/agora.xtec.cat\/iespereborrellpuigcerda\/wp-json\/wp\/v2\/pages\/195\/revisions"}],"predecessor-version":[{"id":8281,"href":"https:\/\/agora.xtec.cat\/iespereborrellpuigcerda\/wp-json\/wp\/v2\/pages\/195\/revisions\/8281"}],"wp:attachment":[{"href":"https:\/\/agora.xtec.cat\/iespereborrellpuigcerda\/wp-json\/wp\/v2\/media?parent=195"}],"curies":[{"name":"wp","href":"https:\/\/api.w.org\/{rel}","templated":true}]}}