{"id":10657,"date":"2023-06-27T20:06:55","date_gmt":"2023-06-27T18:06:55","guid":{"rendered":"https:\/\/agora.xtec.cat\/iespereborrellpuigcerda\/?page_id=10657"},"modified":"2024-06-21T07:44:14","modified_gmt":"2024-06-21T05:44:14","slug":"ampa-associacio-de-mares-i-pares-dalumnes","status":"publish","type":"page","link":"https:\/\/agora.xtec.cat\/iespereborrellpuigcerda\/ampa-associacio-de-mares-i-pares-dalumnes\/","title":{"rendered":"AMPA &#8211; Associaci\u00f3 de mares i pares d&#8217;alumnes"},"content":{"rendered":"<p><img loading=\"lazy\" decoding=\"async\" class=\"wp-image-8974 aligncenter\" src=\"https:\/\/agora.xtec.cat\/iespereborrellpuigcerda\/wp-content\/uploads\/usu1157\/2021\/10\/consell-escolar.png\" alt=\"\" width=\"455\" height=\"170\" srcset=\"https:\/\/agora.xtec.cat\/iespereborrellpuigcerda\/wp-content\/uploads\/usu1157\/2021\/10\/consell-escolar.png 990w, https:\/\/agora.xtec.cat\/iespereborrellpuigcerda\/wp-content\/uploads\/usu1157\/2021\/10\/consell-escolar-300x112.png 300w, https:\/\/agora.xtec.cat\/iespereborrellpuigcerda\/wp-content\/uploads\/usu1157\/2021\/10\/consell-escolar-768x287.png 768w\" sizes=\"auto, (max-width: 455px) 100vw, 455px\" \/><\/p>\n<hr \/>\n<div class=\"gmail_quote\">\n<div class=\"gmail_quote\">\n<div dir=\"ltr\">\n<div class=\"gmail_quote\">\n<div dir=\"ltr\">\n<div>\n<div>\n<h3 style=\"text-align: center;\"><span style=\"color: #003300;\"><strong>AMPA &#8211; Associaci\u00f3 de mares i pares d&#8217;alumnes<\/strong><\/span><\/h3>\n<hr \/>\n<h5><img loading=\"lazy\" decoding=\"async\" class=\"an1\" src=\"https:\/\/fonts.gstatic.com\/s\/e\/notoemoji\/15.0\/1f449\/72.png\" alt=\"\ud83d\udc49\" width=\"46\" height=\"46\" data-emoji=\"\ud83d\udc49\" aria-label=\"\ud83d\udc49\" \/> <strong><a href=\"https:\/\/drive.google.com\/file\/d\/1Krw4Oa59IyrDVkcYC9alI-0x3m-rC4HZ\/view?usp=sharing\">\u00a0V\u00eddeo de presentaci\u00f3<\/a><\/strong> <span style=\"color: #000000;\">de les persones que formem part de la junta de l&#8217;AMPA:<\/span><\/h5>\n<h5><img loading=\"lazy\" decoding=\"async\" class=\"an1\" src=\"https:\/\/fonts.gstatic.com\/s\/e\/notoemoji\/15.0\/1f449\/72.png\" alt=\"\ud83d\udc49\" width=\"46\" height=\"46\" data-emoji=\"\ud83d\udc49\" aria-label=\"\ud83d\udc49\" \/> <strong><a href=\"https:\/\/agora.xtec.cat\/iespereborrellpuigcerda\/wp-content\/uploads\/usu1157\/2023\/06\/Presentacio-AMPA-Pere-Borrell-2023.pdf\">Carta de presentaci\u00f3<\/a><\/strong> <span style=\"color: #000000;\">explicant per a qu\u00e8 \u00e9s necess\u00e0ria una AMPA a l&#8217;Institut.<\/span><\/h5>\n<h5><img loading=\"lazy\" decoding=\"async\" class=\"an1\" src=\"https:\/\/fonts.gstatic.com\/s\/e\/notoemoji\/15.0\/1f449\/72.png\" alt=\"\ud83d\udc49\" width=\"46\" height=\"46\" data-emoji=\"\ud83d\udc49\" aria-label=\"\ud83d\udc49\" \/> L&#8217;enlla\u00e7 a un <strong><a href=\"https:\/\/docs.google.com\/forms\/d\/e\/1FAIpQLSeEVB84kcg_QhIcl7GDpdwcxCY9kaajHTPsacs5d-nuRsSU7A\/viewform?usp=sharing\">formulari de recollida de dades de socis de l&#8217;AMPA<\/a><\/strong>\u00a0<span style=\"color: #000000;\">(que heu d&#8217;omplir tant si ja sou socis com si us en voleu fer a partir d&#8217;ara):<\/span><\/h5>\n<h5><img loading=\"lazy\" decoding=\"async\" class=\"an1\" src=\"https:\/\/fonts.gstatic.com\/s\/e\/notoemoji\/15.0\/1f449\/72.png\" alt=\"\ud83d\udc49\" width=\"46\" height=\"46\" data-emoji=\"\ud83d\udc49\" aria-label=\"\ud83d\udc49\" \/> <span style=\"color: #000000;\">Tamb\u00e9 teniu l&#8217;opci\u00f3 d&#8217;omplir el<\/span> <strong><a href=\"https:\/\/agora.xtec.cat\/iespereborrellpuigcerda\/wp-content\/uploads\/usu1157\/2023\/06\/Inscripcions-AMPA-curs-23-24.pdf\">full d&#8217;inscripci\u00f3<\/a><\/strong><strong><span style=\"color: #000080;\">\u00a0<\/span><\/strong><span style=\"color: #000000;\">i entregar-lo a secretaria.<\/span><\/h5>\n<h5><img loading=\"lazy\" decoding=\"async\" class=\"an1\" src=\"https:\/\/fonts.gstatic.com\/s\/e\/notoemoji\/15.0\/1f449\/72.png\" alt=\"\ud83d\udc49\" width=\"46\" height=\"46\" data-emoji=\"\ud83d\udc49\" aria-label=\"\ud83d\udc49\" \/> <a href=\"https:\/\/agora.xtec.cat\/iespereborrellpuigcerda\/wp-content\/uploads\/usu1157\/2024\/06\/INFORMACIO-AMPA-2024-2025.pdf\">Full informatiu AMPA<\/a> &#8211; Qui som? Que fem? Com fer-se soci de l&#8217;AMPA amb IDDINK&#8230;<\/h5>\n<hr \/>\n<h3 style=\"text-align: center;\"><span style=\"color: #003300; font-family: 'Open Sans', sans-serif; font-size: large;\"><b>Animeu-vos!&#8230; l&#8217;INSTI ENS NECESSITA!<\/b><\/span><\/h3>\n<\/div>\n<div dir=\"ltr\">\n<div dir=\"ltr\">\n<h4 style=\"text-align: center;\"><span style=\"color: #003300;\"><span style=\"font-family: verdana, sans-serif;\"><b>Atentament,<\/b><\/span><span style=\"font-family: verdana, sans-serif;\"><b>\u00a0<\/b><\/span><\/span><\/h4>\n<h4 style=\"text-align: center;\"><span style=\"color: #003300; font-family: verdana, sans-serif;\"><b>L&#8217;AMPA\u00a0de l&#8217;institut\u00a0Pere\u00a0Borrell<\/b><\/span><\/h4>\n<div style=\"text-align: center;\"><\/div>\n<div style=\"text-align: center;\"><b><span style=\"color: #000000;\"><img loading=\"lazy\" decoding=\"async\" class=\"CToWUd\" src=\"https:\/\/ci6.googleusercontent.com\/proxy\/AXinSg8x8_z6TaET3Vp5kp_qmVW1CE-7Rao7XwVEaSZsnK93HlLE5OtjT5ze1jID4iyVefVc6tcqYTrFWZ_-qrr4-_XBo479u-y5wVopnx3tcR3P8cKQTnMgVtFGrtav1Wk3=s0-d-e1-ft#https:\/\/drive.google.com\/uc?id=1gRr3TwB-VjTi9ML5WZy84rjG7eGy0JX0&amp;export=download\" width=\"216\" height=\"133\" data-bit=\"iit\" \/>\u00a0\u00a0<\/span><\/b><\/div>\n<div>\n<hr \/>\n<\/div>\n<\/div>\n<\/div>\n<\/div>\n<div><\/div>\n<\/div>\n<\/div>\n<\/div>\n<\/div>\n<\/div>\n","protected":false},"excerpt":{"rendered":"<p>AMPA &#8211; Associaci\u00f3 de mares i pares d&#8217;alumnes<\/p>\n<p> <a href=\"https:\/\/drive.google.com\/file\/d\/1Krw4Oa59IyrDVkcYC9alI-0x3m-rC4HZ\/view?usp=sharing\">\u00a0V\u00eddeo de presentaci\u00f3<\/a> de les persones que formem part de la junta de l&#8217;AMPA:<br \/>\n <a href=\"https:\/\/agora.xtec.cat\/iespereborrellpuigcerda\/wp-content\/uploads\/usu1157\/2023\/06\/Presentacio-AMPA-Pere-Borrell-2023.pdf\">Carta de presentaci\u00f3<\/a> explicant per a qu\u00e8 \u00e9s necess\u00e0ria una AMPA a l&#8217;Institut.<br \/>\n L&#8217;enlla\u00e7 a un <a href=\"https:\/\/docs.google.com\/forms\/d\/e\/1FAIpQLSeEVB84kcg_QhIcl7GDpdwcxCY9kaajHTPsacs5d-nuRsSU7A\/viewform?usp=sharing\">formulari de recollida de&hellip;  <a href=\"https:\/\/agora.xtec.cat\/iespereborrellpuigcerda\/ampa-associacio-de-mares-i-pares-dalumnes\/\" title=\"Read AMPA &#8211; Associaci\u00f3 de mares i pares d&#8217;alumnes\">Llegeix m\u00e9s\u00bb<\/a><\/p>\n","protected":false},"author":1,"featured_media":0,"parent":0,"menu_order":0,"comment_status":"closed","ping_status":"closed","template":"","meta":{"_bbp_topic_count":0,"_bbp_reply_count":0,"_bbp_total_topic_count":0,"_bbp_total_reply_count":0,"_bbp_voice_count":0,"_bbp_anonymous_reply_count":0,"_bbp_topic_count_hidden":0,"_bbp_reply_count_hidden":0,"_bbp_forum_subforum_count":0,"footnotes":""},"class_list":["post-10657","page","type-page","status-publish","hentry"],"post_mailing_queue_ids":[],"_links":{"self":[{"href":"https:\/\/agora.xtec.cat\/iespereborrellpuigcerda\/wp-json\/wp\/v2\/pages\/10657","targetHints":{"allow":["GET"]}}],"collection":[{"href":"https:\/\/agora.xtec.cat\/iespereborrellpuigcerda\/wp-json\/wp\/v2\/pages"}],"about":[{"href":"https:\/\/agora.xtec.cat\/iespereborrellpuigcerda\/wp-json\/wp\/v2\/types\/page"}],"author":[{"embeddable":true,"href":"https:\/\/agora.xtec.cat\/iespereborrellpuigcerda\/wp-json\/wp\/v2\/users\/1"}],"replies":[{"embeddable":true,"href":"https:\/\/agora.xtec.cat\/iespereborrellpuigcerda\/wp-json\/wp\/v2\/comments?post=10657"}],"version-history":[{"count":6,"href":"https:\/\/agora.xtec.cat\/iespereborrellpuigcerda\/wp-json\/wp\/v2\/pages\/10657\/revisions"}],"predecessor-version":[{"id":11400,"href":"https:\/\/agora.xtec.cat\/iespereborrellpuigcerda\/wp-json\/wp\/v2\/pages\/10657\/revisions\/11400"}],"wp:attachment":[{"href":"https:\/\/agora.xtec.cat\/iespereborrellpuigcerda\/wp-json\/wp\/v2\/media?parent=10657"}],"curies":[{"name":"wp","href":"https:\/\/api.w.org\/{rel}","templated":true}]}}