{"id":2778,"date":"2020-05-11T18:04:49","date_gmt":"2020-05-11T16:04:49","guid":{"rendered":"http:\/\/agora.xtec.cat\/iesperebarnils\/?page_id=2778"},"modified":"2020-05-11T18:07:41","modified_gmt":"2020-05-11T16:07:41","slug":"4-documentacio","status":"publish","type":"page","link":"https:\/\/agora.xtec.cat\/iesperebarnils\/4-documentacio\/","title":{"rendered":"4.- Documentaci\u00f3"},"content":{"rendered":"<p><strong>DOCUMENTACI\u00d3 IDENTIFICATIVA<\/strong><\/p>\n<ul>\n<li><strong>Resguard de Sol\u00b7licitud de preinscripci\u00f3 <\/strong><\/li>\n<li><strong>Original i Fotoc\u00f2pia<\/strong> del DNI \/ NIE del pare, mare o tutor\/a.<\/li>\n<li><strong>Original i Fotoc\u00f2pia<\/strong> del DNI \/ NIE de l\u2019alumne\/a<\/li>\n<\/ul>\n<p>(obligatori per alumnes majors de 14 anys).<\/p>\n<ul>\n<li><strong>Original i Fotoc\u00f2pia<\/strong> del llibre de fam\u00edlia.<\/li>\n<li><strong>Original i Fotoc\u00f2pia<\/strong> TSI Targeta Sanit\u00e0ria blava.<\/li>\n<li><strong><u>N\u00famero RALC<\/u><\/strong> Si es prov\u00e9 d\u2019un centre adscrit, el mateix institut el t\u00e9 , si no us el facilitaran a l\u2019escola de prim\u00e0ria.<\/li>\n<\/ul>\n<p><strong>DOCUMENTACI\u00d3 BAREMS<\/strong><\/p>\n<p>A cada sol\u00b7licitud se li assigna de manera aleat\u00f2ria un n\u00famero que ha de servir per ordenar-les en cas d\u2019empat. Quan el nombre de sol\u00b7licituds d\u2019admissi\u00f3 \u00e9s superior a l\u2019oferta de places s\u2019apliquen, per ordre: els <strong>criteris de prioritat espec\u00edfics, els criteris generals i els criteris complementaris.<\/strong><\/p>\n<p>En\u00a0 les situacions d\u2019empat que es produeixin despr\u00e9s d\u2019aplicar aquests criteris, l\u2019ordenaci\u00f3 de les sol\u00b7licituds afectades es fa per sorteig p\u00fablic.<\/p>\n<table style=\"width: 1002px;\">\n<tbody>\n<tr>\n<td style=\"width: 488px;\"><strong>CRITERIS DE PRIORITAT ESPEC\u00cdFICS<\/strong><\/td>\n<td style=\"width: 506px;\"><strong>Documentaci\u00f3 a presentar<\/strong><\/td>\n<\/tr>\n<tr>\n<td style=\"width: 488px;\">Centres i ensenyaments adscrits<\/td>\n<td style=\"width: 506px;\">No cal presentar cap document acreditatiu<\/td>\n<\/tr>\n<\/tbody>\n<\/table>\n<p>&nbsp;<\/p>\n<table style=\"width: 1007px;\">\n<tbody>\n<tr>\n<td style=\"width: 487px;\"><strong>CRITERIS GENERALS<\/strong><\/td>\n<td style=\"width: 512px;\"><strong>Documentaci\u00f3 a presentar<\/strong><\/td>\n<\/tr>\n<tr>\n<td style=\"width: 487px;\"><strong><u>Germans escolaritzats en el centre<\/u><\/strong><\/p>\n<p>\u00b7\u00a0\u00a0\u00a0\u00a0\u00a0\u00a0\u00a0\u00a0 <strong>40 punts<\/strong><\/p>\n<p>&#8211; Exist\u00e8ncia de germans\/es escolaritzats al centre o centre adscrit<\/p>\n<p>&#8211; Pares, mares o tutors legals que hi treballen en el moment en qu\u00e8 es presenta<\/td>\n<td style=\"width: 512px;\">&#8211; El centre comprova directament aquestes circumst\u00e0ncies.<\/td>\n<\/tr>\n<tr>\n<td style=\"width: 487px;\"><strong><u>Proximitat del domicili<\/u><\/strong><\/p>\n<p>\u00b7\u00a0\u00a0\u00a0\u00a0\u00a0\u00a0\u00a0\u00a0 <strong>30 punts<\/strong><\/p>\n<p>&#8211; Quan el domicili familiar \u00e9s a l\u2019\u00e0rea d\u2019influ\u00e8ncia del centre.<\/p>\n<p>&nbsp;<\/p>\n<p>\u00b7\u00a0\u00a0\u00a0\u00a0\u00a0\u00a0\u00a0\u00a0 <strong>20 punts<\/strong><\/p>\n<p>&#8211; Quan es pren en consideraci\u00f3 l\u2019adre\u00e7a del lloc de treball, i aquesta \u00e9s dins l\u2019\u00e0rea d\u2019influ\u00e8ncia del centre.<\/td>\n<td style=\"width: 512px;\">&#8211;\u00a0 Original i fotoc\u00f2pia del DNI\/NIE de la persona sol\u00b7licitant si coincideix l\u2019adre\u00e7a al\u00b7legada i si no coincideix s\u2019ha de presentar l\u2019empadronament.<\/p>\n<p>&#8211;\u00a0 C\u00f2pia del contracte laboral o d\u2019un certificat em\u00e8s a aquest efecte per l\u2019empresa.<\/p>\n<p><strong>NO<\/strong> es poden acumular les dues puntuacions de proximitat.<\/td>\n<\/tr>\n<tr>\n<td style=\"width: 487px;\"><strong><u>Renda anual<\/u><\/strong><\/p>\n<p>\u00b7\u00a0\u00a0\u00a0\u00a0\u00a0\u00a0\u00a0\u00a0 <strong>10 punts <\/strong><\/p>\n<p>&#8211; Quan la unitat familiar sigui beneficiaris de l\u2019ajut de la renda m\u00ednima d\u2019inserci\u00f3.<\/td>\n<td style=\"width: 512px;\">&#8211; Documentaci\u00f3 acreditativa de ser beneficiari\/\u00e0ria de la prestaci\u00f3 econ\u00f2mica de la renda m\u00ednima d\u2019inserci\u00f3.<\/td>\n<\/tr>\n<tr>\n<td style=\"width: 487px;\"><strong><u>Discapacitat<\/u><\/strong><\/p>\n<p>\u00b7\u00a0\u00a0\u00a0\u00a0\u00a0\u00a0\u00a0\u00a0 <strong>10 punts<\/strong><\/p>\n<p>&#8211; Discapacitat de l\u2019alumne o l\u2019alumna, el pare, la mare, germans\/es igual o superior al 33%.<\/td>\n<td style=\"width: 512px;\">&#8211; Original i fotoc\u00f2pia del certificat de discapacitat em\u00e8s pel Departament de Benestar\u00a0 Social i Fam\u00edlia o Certificats de discapacitat em\u00e8s per l\u2019ICAM o pels organismes competents d\u2019altres comunitats aut\u00f2nomes.<\/td>\n<\/tr>\n<\/tbody>\n<\/table>\n<p>&nbsp;<\/p>\n<table style=\"width: 1010px;\">\n<tbody>\n<tr>\n<td style=\"width: 487px;\"><strong>CRITERIS COMPLEMENTARIS<\/strong><\/td>\n<td style=\"width: 515px;\"><strong>Documentaci\u00f3 a presentar<\/strong><\/td>\n<\/tr>\n<tr>\n<td style=\"width: 487px;\">\u00b7\u00a0\u00a0\u00a0\u00a0\u00a0\u00a0\u00a0\u00a0 <strong>15 punts<\/strong><\/p>\n<p>&#8211; Fam\u00edlia nombrosa o monoparental.<\/td>\n<td style=\"width: 515px;\">&#8211; Original i fotoc\u00f2pia del carnet de fam\u00edlia nombrosa o monoparental vigent.<\/td>\n<\/tr>\n<\/tbody>\n<\/table>\n<p>&nbsp;<\/p>\n","protected":false},"excerpt":{"rendered":"<p>DOCUMENTACI\u00d3 IDENTIFICATIVA<\/p>\n<ul>\n<li>Resguard de Sol\u00b7licitud de preinscripci\u00f3 <\/li>\n<li>Original i Fotoc\u00f2pia del DNI \/ NIE del pare, mare o tutor\/a.<\/li>\n<li>Original i Fotoc\u00f2pia del DNI \/ NIE de l\u2019alumne\/a<\/li>\n<\/ul>\n<p>(obligatori per alumnes majors de 14 anys).<\/p>\n<ul>\n<li>Original i Fotoc\u00f2pia del llibre de fam\u00edlia.<\/li>\n<li>Original i Fotoc\u00f2pia TSI Targeta Sanit\u00e0ria blava.<\/li>\n<li>N\u00famero RALC&hellip;  <a href=\"https:\/\/agora.xtec.cat\/iesperebarnils\/4-documentacio\/\" title=\"Read 4.- Documentaci\u00f3\">Llegeix m\u00e9s\u00bb<\/a><br \/>\n","protected":false},"author":1,"featured_media":0,"parent":0,"menu_order":0,"comment_status":"closed","ping_status":"closed","template":"page-templates\/side-menu.php","meta":{"_bbp_topic_count":0,"_bbp_reply_count":0,"_bbp_total_topic_count":0,"_bbp_total_reply_count":0,"_bbp_voice_count":0,"_bbp_anonymous_reply_count":0,"_bbp_topic_count_hidden":0,"_bbp_reply_count_hidden":0,"_bbp_forum_subforum_count":0,"footnotes":""},"class_list":["post-2778","page","type-page","status-publish","hentry"],"post_mailing_queue_ids":[],"_links":{"self":[{"href":"https:\/\/agora.xtec.cat\/iesperebarnils\/wp-json\/wp\/v2\/pages\/2778","targetHints":{"allow":["GET"]}}],"collection":[{"href":"https:\/\/agora.xtec.cat\/iesperebarnils\/wp-json\/wp\/v2\/pages"}],"about":[{"href":"https:\/\/agora.xtec.cat\/iesperebarnils\/wp-json\/wp\/v2\/types\/page"}],"author":[{"embeddable":true,"href":"https:\/\/agora.xtec.cat\/iesperebarnils\/wp-json\/wp\/v2\/users\/1"}],"replies":[{"embeddable":true,"href":"https:\/\/agora.xtec.cat\/iesperebarnils\/wp-json\/wp\/v2\/comments?post=2778"}],"version-history":[{"count":2,"href":"https:\/\/agora.xtec.cat\/iesperebarnils\/wp-json\/wp\/v2\/pages\/2778\/revisions"}],"predecessor-version":[{"id":2780,"href":"https:\/\/agora.xtec.cat\/iesperebarnils\/wp-json\/wp\/v2\/pages\/2778\/revisions\/2780"}],"wp:attachment":[{"href":"https:\/\/agora.xtec.cat\/iesperebarnils\/wp-json\/wp\/v2\/media?parent=2778"}],"curies":[{"name":"wp","href":"https:\/\/api.w.org\/{rel}","templated":true}]}}