{"id":2775,"date":"2020-05-11T17:59:55","date_gmt":"2020-05-11T15:59:55","guid":{"rendered":"http:\/\/agora.xtec.cat\/iesperebarnils\/?page_id=2775"},"modified":"2020-05-13T18:37:44","modified_gmt":"2020-05-13T16:37:44","slug":"3-com-es-fa","status":"publish","type":"page","link":"https:\/\/agora.xtec.cat\/iesperebarnils\/3-com-es-fa\/","title":{"rendered":"3.- Com es fa?"},"content":{"rendered":"<p>Nom\u00e9s es pot presentar <strong>una sol\u00b7licitud\u00a0de preinscripci\u00f3 per alumne o alumna<\/strong> per\u00f2 s\u2019hi poden\u00a0indicar peticions d\u2019admissi\u00f3 en diversos centres (10 com a m\u00e0xim i per ordre de prefer\u00e8ncia). La presentaci\u00f3 de m\u00e9s d\u2019una sol\u00b7licitud comporta la invalidaci\u00f3 dels drets de prioritat que puguin correspondre.<\/p>\n<p>La preinscripci\u00f3 es pot fer de 2 formes, explicades a continuaci\u00f3.<\/p>\n<p>Cal utilitzar de manera general la sol\u00b7licitud amb suport inform\u00e0tic. S\u2019hi pot accedir mitjan\u00e7ant <strong>un ordinador, una tauleta t\u00e0ctil o un tel\u00e8fon m\u00f2bil<\/strong>.<\/p>\n<p><u>a) Via telem\u00e0tica<\/u><\/p>\n<p><u>b) Via presencial<\/u><\/p>\n<h4><\/h4>\n<h4><u>a) Via telem\u00e0tica<\/u><\/h4>\n<p><strong>TRAMITACI\u00d3 PER MITJANS TELEM\u00c0TICS\u00a0 del 13 al 22 de maig <\/strong><\/p>\n<p>Cal utilitzar de manera general la sol\u00b7licitud amb suport inform\u00e0tic. S\u2019hi pot accedir mitjan\u00e7ant un ordinador, una tauleta t\u00e0ctil o un tel\u00e8fon m\u00f2bil.<\/p>\n<ul>\n<li>OMPLIR LA SOL\u00b7LICITUD A: <a href=\"https:\/\/aplicacions.gestioeducativa.gencat.cat\/pls\/apex\/f?p=20160079072543618:5\">http:\/\/queestudiar.gencat.cat\/<\/a><\/li>\n<li>GENERAR RESGUARD PREINSCRIPCI\u00d3<\/li>\n<li>ENVIAR EL RESGUARD DE PREINSCRIPCI\u00d3 I LA DOCUMENTACI\u00d3 NO VALIDADA I ESCANEJADA A <a href=\"mailto:oficines@iesperebarnils.cat\">oficines@iesperebarnils.cat<\/a> (especificant clarament el nom de l\u2019alumne\/a)<\/li>\n<\/ul>\n<p>La sol\u00b7licitud nom\u00e9s es considera presentada quan, despr\u00e9s d\u2019omplir tot el formulari, s\u2019executa l\u2019opci\u00f3 \u201cenviament\u201d des de l\u2019\u00faltima pantalla i s\u2019obt\u00e9 <strong>el resguard<\/strong> de la sol\u00b7licitud i aquest s\u2019envia, juntament amb la documentaci\u00f3 acreditativa escanejada o fotografiada, per correu electr\u00f2nic a l\u2019adre\u00e7a electr\u00f2nica oficial del centre demanat en primera opci\u00f3.<\/p>\n<p>El centre respondr\u00e0 al correu justificant la recepci\u00f3 de la sol\u00b7licitud per a qu\u00e8 el sol\u00b7licitant en tingui const\u00e0ncia.<\/p>\n<p>Una vegada formulada la sol\u00b7licitud, aquesta es pot modificar (sempre dintre del per\u00edode de presentaci\u00f3 de sol\u00b7licitud) per modificar els criteris de prioritat o l\u2019ordre dels centres sol\u00b7licitats. Modificades les dades, s\u2019obt\u00e9 un nou resguard de la sol\u00b7licitud, que caldr\u00e0 enviar per correu electr\u00f2nic\u00a0<strong>a la b\u00fastia electr\u00f2nica oficial del centre demanat en primera opci\u00f3<\/strong>\u00a0(especificar en l\u2019assumpte que es tracta d\u2019una modificaci\u00f3 de la sol\u00b7licitud). En el cas que es canvi\u00ef el centre demanat en primera opci\u00f3, caldr\u00e0 enviar novament la documentaci\u00f3 escanejada o fotografiada i enviar un correu electr\u00f2nic a la b\u00fastia oficial del centre en qu\u00e8 s\u2019havia presentat la sol\u00b7licitud original indicant que s\u2019ha optat anul\u00b7lar la sol\u00b7licitud. La darrera modificaci\u00f3 \u00e9s la que \u00e9s considera v\u00e0lida.<\/p>\n<h4><u>b)Via presencial<\/u><\/h4>\n<p><strong>TRAMITACI\u00d3 PRESENCIAL\u00a0 del 19 al 22 de maig<\/strong><\/p>\n<p>De manera excepcional, per als casos en qu\u00e8 la fam\u00edlia no pugui fer el tr\u00e0mit telem\u00e0ticament de presentaci\u00f3 de sol\u00b7licitud, aquesta es podr\u00e0 presentar presencialment al centre.<\/p>\n<p><strong>PETICI\u00d3 DE CITA PR\u00c8VIA A TRAV\u00c9S DE:<\/strong><\/p>\n<ul>\n<li>Aplicatiu del Departament d\u2019Educaci\u00f3, o<\/li>\n<li>CORREU ELECTR\u00d2NIC : <a href=\"mailto:oficines@iesperebarnils.cat\">oficines@iesperebarnils.cat<\/a> o<\/li>\n<li>TEL\u00c8FON habilitat per la preinscripci\u00f3: 605 09 28 30<\/li>\n<li>S\u2019ha d\u2019omplir <a href=\"http:\/\/ensenyament.gencat.cat\/web\/shared\/OVT\/Departaments\/ENS\/TramitOVT\/preinscripcio\/obligatoris\/A42.pdf\">aquesta sol\u00b7licitud<\/a><\/li>\n<\/ul>\n<p>Horari: De dilluns a divendres, de 9:00 a 14:00<\/p>\n<p><strong>DOCUMENTACI\u00d3 REQUERIDA<\/strong> <a href=\"https:\/\/agora.xtec.cat\/iesperebarnils\/inici-preinscripcions\/4-documentacio\/\">Aqu\u00ed<\/a><\/p>\n<p><strong>COM ES FAR\u00c0 L\u2019ATENCI\u00d3 PRESENCIAL?<\/strong><\/p>\n<ul>\n<li>Al centre ha de venir el menor nombre possible de persones a fer les gestions (preferiblement, una sola persona)<\/li>\n<li>Heu d\u2019enviar, si \u00e9s possible, tota la documentaci\u00f3 escanejada o fotografiada al correu del centre: <a href=\"mailto:oficines@iesperebarnils.cat\">oficines@iesperebarnils.cat<\/a> o, com a m\u00ednim preparada, i la sol\u00b7licitud emplenada des de casa.<\/li>\n<li>Conv\u00e9 que portin el seu propi bol\u00edgraf<\/li>\n<li>Els recomanem portar mascareta i guants<\/li>\n<li>No han d\u2019acudir al centre les persones de grups d\u2019especial vulnerabilitat o en per\u00edode de confinament, o que presentin s\u00edmptomes; en aquest cas, poden autoritzar per escrit a una altra persona a portar la sol\u00b7licitud i la documentaci\u00f3.<\/li>\n<li>Seguiu les indicacions i itineraris marcats<\/li>\n<\/ul>\n","protected":false},"excerpt":{"rendered":"<p>Nom\u00e9s es pot presentar una sol\u00b7licitud\u00a0de preinscripci\u00f3 per alumne o alumna per\u00f2 s\u2019hi poden\u00a0indicar peticions d\u2019admissi\u00f3 en diversos centres (10 com a m\u00e0xim i per ordre de prefer\u00e8ncia). La presentaci\u00f3 de m\u00e9s d\u2019una sol\u00b7licitud comporta la invalidaci\u00f3 dels drets de prioritat que puguin correspondre.<br \/>\nLa preinscripci\u00f3&hellip;  <a href=\"https:\/\/agora.xtec.cat\/iesperebarnils\/3-com-es-fa\/\" title=\"Read 3.- Com es fa?\">Llegeix m\u00e9s\u00bb<\/a><\/p>\n","protected":false},"author":1,"featured_media":0,"parent":0,"menu_order":0,"comment_status":"closed","ping_status":"closed","template":"page-templates\/side-menu.php","meta":{"_bbp_topic_count":0,"_bbp_reply_count":0,"_bbp_total_topic_count":0,"_bbp_total_reply_count":0,"_bbp_voice_count":0,"_bbp_anonymous_reply_count":0,"_bbp_topic_count_hidden":0,"_bbp_reply_count_hidden":0,"_bbp_forum_subforum_count":0,"footnotes":""},"class_list":["post-2775","page","type-page","status-publish","hentry"],"post_mailing_queue_ids":[],"_links":{"self":[{"href":"https:\/\/agora.xtec.cat\/iesperebarnils\/wp-json\/wp\/v2\/pages\/2775","targetHints":{"allow":["GET"]}}],"collection":[{"href":"https:\/\/agora.xtec.cat\/iesperebarnils\/wp-json\/wp\/v2\/pages"}],"about":[{"href":"https:\/\/agora.xtec.cat\/iesperebarnils\/wp-json\/wp\/v2\/types\/page"}],"author":[{"embeddable":true,"href":"https:\/\/agora.xtec.cat\/iesperebarnils\/wp-json\/wp\/v2\/users\/1"}],"replies":[{"embeddable":true,"href":"https:\/\/agora.xtec.cat\/iesperebarnils\/wp-json\/wp\/v2\/comments?post=2775"}],"version-history":[{"count":3,"href":"https:\/\/agora.xtec.cat\/iesperebarnils\/wp-json\/wp\/v2\/pages\/2775\/revisions"}],"predecessor-version":[{"id":2820,"href":"https:\/\/agora.xtec.cat\/iesperebarnils\/wp-json\/wp\/v2\/pages\/2775\/revisions\/2820"}],"wp:attachment":[{"href":"https:\/\/agora.xtec.cat\/iesperebarnils\/wp-json\/wp\/v2\/media?parent=2775"}],"curies":[{"name":"wp","href":"https:\/\/api.w.org\/{rel}","templated":true}]}}