{"id":9990,"date":"2023-06-16T14:41:27","date_gmt":"2023-06-16T12:41:27","guid":{"rendered":"https:\/\/agora.xtec.cat\/iesperealsius\/?page_id=9990"},"modified":"2026-04-03T20:38:08","modified_gmt":"2026-04-03T18:38:08","slug":"matricula-ife-1r-curs","status":"publish","type":"page","link":"https:\/\/agora.xtec.cat\/iesperealsius\/matricula-ife-1r-curs\/","title":{"rendered":"Matr\u00edcula IFE &#8211; 1r curs"},"content":{"rendered":"<p><span style=\"font-size: large;\"><b><span style=\"font-size: x-large;\"><span style=\"font-family: verdana,sans-serif;\">INS Pere Alsius<\/span><\/span><\/b><\/span><\/p>\n<p><span style=\"font-size: 20px;\"><b>Dates: del 19 al 26 de juny <\/b><b>de 2026<\/b><\/span><\/p>\n<p style=\"text-align: justify;\"><span style=\"font-size: 20px;\"><b>Horari: de les 9 a les 14 h. Lloc: Secretaria <em>(cal trucar pr\u00e8viament per demanar cita)<\/em><\/b><\/span><\/p>\n<p style=\"text-align: justify;\"><b style=\"font-family: inherit; font-size: 1em;\">DOCUMENTACI\u00d3:<\/b><\/p>\n<div>\n<ul>\n<li><b><span lang=\"CA\">DNI\u00a0 (original i fotoc\u00f2pia) per comprovar les dades<\/span><\/b><\/li>\n<li><b><span lang=\"CA\">DNI\u00a0 (original i fotoc\u00f2pia) del pare o mare o tutor legal en cas de ser menor d\u2019edat<\/span><\/b><\/li>\n<li><b><span lang=\"CA\">Targeta sanit\u00e0ria individual (original i fotoc\u00f2pia)<\/span><\/b><\/li>\n<\/ul>\n<ul>\n<li><b><span lang=\"CA\">1 fotografia\u00a0 (amb el nom al darrera)<\/span><\/b><\/li>\n<\/ul>\n<ul>\n<li><a href=\"https:\/\/drive.google.com\/file\/d\/1HcvogtBA-UpTJkCYdGFJjit1FnelYIuK\/view\"><b>Carta de comprom\u00eds educatiu<\/b><\/a><\/li>\n<\/ul>\n<ul>\n<li><b><span lang=\"CA\">Resguard de pagament de la quota de material , de les sortides i la quota de l\u2019AMIPA<br \/>\n<\/span><\/b><\/li>\n<\/ul>\n<ul>\n<li style=\"list-style-type: none;\">\n<ul>\n<li><a href=\"https:\/\/drive.google.com\/file\/d\/1LUgDWnI2Rwu869oajzpKYcyPqzys5JFC\/view?usp=sharing\"><strong><span lang=\"CA\">Full de pagament material i sortides 1r curs IFE<\/span><\/strong><\/a><\/li>\n<\/ul>\n<\/li>\n<\/ul>\n<ul>\n<li><span lang=\"CA\"><b>Comunicaci\u00f3 d\u2019acceptaci\u00f3 de:<\/b><\/span>\n<ul>\n<li><a href=\"https:\/\/drive.google.com\/file\/d\/1oRFzYCCPomzkqkxBfiTAjQXkItcki-83\/view?usp=sharing\"><strong>\u00fas de serveis i recursos digitals a Internet per treballar a l\u2019aula.<\/strong><\/a><\/li>\n<li><a href=\"https:\/\/drive.google.com\/file\/d\/1WskHCzMYpfuC5g7u6oAolhs1WQBHNw1Q\/view?usp=sharing\"><strong>\u00fas d\u2019imatges, publicaci\u00f3 de dades de car\u00e0cter personal i de material.<\/strong><\/a><\/li>\n<\/ul>\n<\/li>\n<\/ul>\n<\/div>\n<div>\n<ul>\n<li><b><span lang=\"CA\"><a href=\"https:\/\/drive.google.com\/file\/d\/1MTH5KbrGRDQQeTMD_Y67lEFj0gC-uGup\/view?usp=sharing\">Fitxa de dades personals<\/a> (permisos i dades de l\u2019alumne\/a)<\/span><\/b><\/li>\n<li><a href=\"https:\/\/drive.google.com\/file\/d\/1yeYo9Qi8tR3AMasrTx3RchDORaokMtc9\/view?usp=sharing\"><strong>Cessi\u00f3 de dades<\/strong><\/a><\/li>\n<\/ul>\n<\/div>\n<h3><span style=\"font-size: 16px;\">&#8211; Els alumnes que no formalitzin la matr\u00edcula en el per\u00edode establert es considera que renuncien a la pla\u00e7a adjudicada, llevat que es produeixi un endarreriment per causes justificades i aix\u00ed ho hagin comunicat al centre.<\/span><br \/>\n<span style=\"font-size: 16px;\">\u2013 Si<\/span><span style=\"font-size: 16px;\">, despr\u00e9s del proc\u00e9s ordinari de matr\u00edcula, quedin places vacants, el centre ofereix aquestes places als\u00a0participants que en el proc\u00e9s de preinscripci\u00f3 no se\u2019ls hagi assignat cap pla\u00e7a, tot respectant la puntuaci\u00f3\u00a0obtinguda en el proc\u00e9s de preinscripci\u00f3.<\/span><\/h3>\n<h3><span style=\"font-size: 16px;\">\u2013 Un alumne perd la pla\u00e7a assignada si no s\u2019incorpora al centre o deixa\u00a0d\u2019assistir-hi sense una causa justificada en el termini de 15 dies des del moment en qu\u00e8 se\u2019n tingui\u00a0coneixement.<\/span><\/h3>\n<h3><span style=\"font-size: 16px;\">*\u00a0<em>Es realitzar\u00e0 una entrevista amb els pares,\u00a0<\/em><em>mares, tutors o guardadors dels alumnes menors d\u2019edat per tal d\u2019informar-los de tots els aspectes del centre,\u00a0en particular en relaci\u00f3 amb el projecte educatiu i ling\u00fc\u00edstic i la carta de comprom\u00eds educatiu, i d\u2019atendre\u00a0les consultes que els formulin.<\/em><\/span><\/h3>\n<p>&nbsp;<\/p>\n","protected":false},"excerpt":{"rendered":"<p>INS Pere Alsius<br \/>\nDates: del 19 al 26 de juny de 2026<br \/>\nHorari: de les 9 a les 14 h. Lloc: Secretaria (cal trucar pr\u00e8viament per demanar cita)<br \/>\nDOCUMENTACI\u00d3:<\/p>\n<ul>\n<li>DNI\u00a0 (original i fotoc\u00f2pia) per comprovar les dades<\/li>\n<li>DNI\u00a0 (original i fotoc\u00f2pia) del pare o mare o tutor legal en cas&hellip;  <a href=\"https:\/\/agora.xtec.cat\/iesperealsius\/matricula-ife-1r-curs\/\" title=\"Read Matr\u00edcula IFE &#8211; 1r curs\">Llegeix m\u00e9s\u00bb<\/a><br \/>\n","protected":false},"author":1,"featured_media":0,"parent":0,"menu_order":0,"comment_status":"closed","ping_status":"closed","template":"","meta":{"_bbp_topic_count":0,"_bbp_reply_count":0,"_bbp_total_topic_count":0,"_bbp_total_reply_count":0,"_bbp_voice_count":0,"_bbp_anonymous_reply_count":0,"_bbp_topic_count_hidden":0,"_bbp_reply_count_hidden":0,"_bbp_forum_subforum_count":0,"footnotes":""},"class_list":["post-9990","page","type-page","status-publish","hentry"],"post_mailing_queue_ids":[],"_links":{"self":[{"href":"https:\/\/agora.xtec.cat\/iesperealsius\/wp-json\/wp\/v2\/pages\/9990","targetHints":{"allow":["GET"]}}],"collection":[{"href":"https:\/\/agora.xtec.cat\/iesperealsius\/wp-json\/wp\/v2\/pages"}],"about":[{"href":"https:\/\/agora.xtec.cat\/iesperealsius\/wp-json\/wp\/v2\/types\/page"}],"author":[{"embeddable":true,"href":"https:\/\/agora.xtec.cat\/iesperealsius\/wp-json\/wp\/v2\/users\/1"}],"replies":[{"embeddable":true,"href":"https:\/\/agora.xtec.cat\/iesperealsius\/wp-json\/wp\/v2\/comments?post=9990"}],"version-history":[{"count":7,"href":"https:\/\/agora.xtec.cat\/iesperealsius\/wp-json\/wp\/v2\/pages\/9990\/revisions"}],"predecessor-version":[{"id":12921,"href":"https:\/\/agora.xtec.cat\/iesperealsius\/wp-json\/wp\/v2\/pages\/9990\/revisions\/12921"}],"wp:attachment":[{"href":"https:\/\/agora.xtec.cat\/iesperealsius\/wp-json\/wp\/v2\/media?parent=9990"}],"curies":[{"name":"wp","href":"https:\/\/api.w.org\/{rel}","templated":true}]}}