{"id":992,"date":"2018-11-18T04:02:02","date_gmt":"2018-11-18T03:02:02","guid":{"rendered":"http:\/\/agora.xtec.cat\/iesperealsius\/?page_id=992"},"modified":"2025-06-11T08:38:10","modified_gmt":"2025-06-11T06:38:10","slug":"compra-llibres","status":"publish","type":"page","link":"https:\/\/agora.xtec.cat\/iesperealsius\/compra-llibres\/","title":{"rendered":"Compra llibres"},"content":{"rendered":"<p><span style=\"font-family: arial, helvetica, sans-serif; font-size: 20px;\">L\u2019AFA, d&#8217;acord amb la Direcci\u00f3 de l\u2019Institut, ha contractat els serveis de l\u2019empresa Iddink per gestionar un projecte de reutilitzaci\u00f3 de llibres de text.<span lang=\"CA\"><br \/>\n<\/span><\/span><\/p>\n<p><span style=\"font-family: arial, helvetica, sans-serif; font-size: 20px;\">Les condicions pactades s\u00f3n les seg\u00fcents:<\/span><\/p>\n<ul>\n<li><span style=\"font-family: arial, helvetica, sans-serif; font-size: 20px;\"><b>Estalvi del 60% <\/b>en la compra dels llibres de text reutilitzables (ecoBooks).<\/span><\/li>\n<\/ul>\n<p><span style=\"font-size: 20px;\"><a href=\"https:\/\/agora.xtec.cat\/iesperealsius\/wp-content\/uploads\/usu45\/2025\/06\/108_Llista-de-llibres-2025-26-1.pdf\">Llista de llibres 2025-26<\/a><\/span><\/p>\n<p><span style=\"font-family: arial, helvetica, sans-serif; font-size: 20px;\">Per fer la comanda:<\/span><\/p>\n<ul>\n<li><span style=\"font-size: 20px;\"><span style=\"font-family: arial,sans-serif;\">de la web d\u2019Iddink (<a href=\"https:\/\/microsites.iddink.es\/ca\/108_institut_pere_alsius_i_torrent\/\" target=\"_blank\" rel=\"noopener noreferrer\">www.iddink.cat<\/a>), vegeu les instruccions adjuntes (codi: <span style=\"color: #ff0000; background-color: #ffff00;\"><b>108VP2<\/b><\/span>)<br \/>\n<\/span><\/span><\/li>\n<li><span style=\"font-size: 20px;\"><span style=\"font-family: arial,sans-serif;\">al tel\u00e8fon de comandes (902 565 411)<\/span><\/span>\n<ul>\n<li><span style=\"font-size: 20px;\"> <b><i>Presentaci\u00f3 <span class=\"il\">Iddink<\/span> Curta ( duraci\u00f3 5 minuts): <\/i><\/b><a href=\"https:\/\/vimeo.com\/420992016\" target=\"_blank\" rel=\"noopener noreferrer\" data-saferedirecturl=\"https:\/\/www.google.com\/url?q=https:\/\/vimeo.com\/420992016&amp;source=gmail&amp;ust=1594116733286000&amp;usg=AFQjCNH3Lg-Cf3YHjfocjWXjrtjxiit6tg\">https:\/\/vimeo.com\/420992016<\/a><\/span><\/li>\n<li><span style=\"font-size: 20px;\"><b><i>Com tractar els ecoBooks: <\/i><\/b><a href=\"https:\/\/vimeo.com\/45076699\" target=\"_blank\" rel=\"noopener noreferrer\" data-saferedirecturl=\"https:\/\/www.google.com\/url?q=https:\/\/vimeo.com\/45076699&amp;source=gmail&amp;ust=1594116733286000&amp;usg=AFQjCNGhTJykybgOifdl4ka4FsyIk5sY2Q\">https:\/\/vimeo.com\/45076699<\/a><\/span><\/li>\n<li><span style=\"font-size: 20px;\"><b><i>Com fer una comanda: <\/i><\/b><\/span><a href=\"https:\/\/vimeo.com\/427671538\" target=\"_blank\" rel=\"noopener noreferrer\" data-saferedirecturl=\"https:\/\/www.google.com\/url?q=https:\/\/vimeo.com\/427671538&amp;source=gmail&amp;ust=1594116733286000&amp;usg=AFQjCNFOjaddpmIbHiQYoALbx1_lZ1nQPQ\"><span style=\"font-size: 20px;\">https:\/\/vimeo.com\/427671538<\/span><\/a><\/li>\n<\/ul>\n<\/li>\n<\/ul>\n<p style=\"padding-left: 40px;\"><span style=\"font-size: 20px;\">Quan es faci el pagament, les fam\u00edlies poden indicar pagament per transfer\u00e8ncia o Servicaixa. L&#8217;empresa no enviar\u00e0 els llibres fins que tot estigui pagat.\u00a0<\/span><\/p>\n<p>&nbsp;<\/p>\n<p style=\"margin-bottom: 3pt; text-align: justify; line-height: 115%;\"><span style=\"font-family: verdana, sans-serif; font-size: 20px;\"><b><u><span style=\"line-height: 115%;\">Quan es lliuraran les comandes ?<\/span><\/u><\/b><\/span><\/p>\n<p><span style=\"font-family: verdana, sans-serif; font-size: 20px;\"><b><span style=\"line-height: 115%; color: windowtext;\">Les comandes es lliuraran a domicili a trav\u00e9s d\u2019una empresa de missatgeria a partir de 3a setmana de juliol.<\/span><\/b><\/span><\/p>\n<p style=\"text-align: justify;\"><span style=\"font-family: verdana, sans-serif; font-size: 20px;\"><span style=\"color: windowtext;\">Un any m\u00e9s us animem que utilitzeu aquest innovador sistema que redueix els costos mediambientals i aconsegueix un gran<br \/>\nestalvi econ\u00f2mic per a les fam\u00edlies.<br \/>\n<\/span><\/span><\/p>\n<p><span style=\"font-family: verdana, sans-serif; font-size: 20px;\">En aquests documents trobareu la informaci\u00f3 necess\u00e0ria per fer la comanda en aquestes condicions:<\/span><\/p>\n<ul>\n<li><span style=\"font-size: 20px;\"><a href=\"https:\/\/drive.google.com\/open?id=1k6feoM2-dSf1aRreLzhvAX6dxB6FzTWF\" target=\"_blank\" rel=\"noopener noreferrer\">Com tractar els ecoBooks ?<\/a><\/span><\/li>\n<li><a href=\"https:\/\/agora.xtec.cat\/iesperealsius\/wp-content\/uploads\/usu45\/2021\/06\/material-1r-dESO-WEB.docx\"><span style=\"font-size: 20px;\">Material recomanat per a l&#8217;alumnat de 1r d&#8217;ESO<\/span><\/a><\/li>\n<\/ul>\n<p><a href=\"https:\/\/agora.xtec.cat\/iesperealsius\/wp-content\/uploads\/usu45\/2025\/06\/108_CC_2025_page-0001-scaled.jpg\"><img loading=\"lazy\" decoding=\"async\" class=\"alignnone size-large wp-image-12018\" src=\"https:\/\/agora.xtec.cat\/iesperealsius\/wp-content\/uploads\/usu45\/2025\/06\/108_CC_2025_page-0001-1024x576.jpg\" alt=\"\" width=\"1024\" height=\"576\" srcset=\"https:\/\/agora.xtec.cat\/iesperealsius\/wp-content\/uploads\/usu45\/2025\/06\/108_CC_2025_page-0001-1024x576.jpg 1024w, https:\/\/agora.xtec.cat\/iesperealsius\/wp-content\/uploads\/usu45\/2025\/06\/108_CC_2025_page-0001-300x169.jpg 300w, https:\/\/agora.xtec.cat\/iesperealsius\/wp-content\/uploads\/usu45\/2025\/06\/108_CC_2025_page-0001-768x432.jpg 768w, https:\/\/agora.xtec.cat\/iesperealsius\/wp-content\/uploads\/usu45\/2025\/06\/108_CC_2025_page-0001-1536x864.jpg 1536w, https:\/\/agora.xtec.cat\/iesperealsius\/wp-content\/uploads\/usu45\/2025\/06\/108_CC_2025_page-0001-2048x1152.jpg 2048w\" sizes=\"auto, (max-width: 1024px) 100vw, 1024px\" \/><\/a><\/p>\n<p>&nbsp;<\/p>\n<p><a href=\"https:\/\/agora.xtec.cat\/iesperealsius\/wp-content\/uploads\/usu45\/2025\/06\/108_CC_2025_page-0002-scaled.jpg\"><img loading=\"lazy\" decoding=\"async\" class=\"alignnone size-large wp-image-12019\" src=\"https:\/\/agora.xtec.cat\/iesperealsius\/wp-content\/uploads\/usu45\/2025\/06\/108_CC_2025_page-0002-1024x576.jpg\" alt=\"\" width=\"1024\" height=\"576\" srcset=\"https:\/\/agora.xtec.cat\/iesperealsius\/wp-content\/uploads\/usu45\/2025\/06\/108_CC_2025_page-0002-1024x576.jpg 1024w, https:\/\/agora.xtec.cat\/iesperealsius\/wp-content\/uploads\/usu45\/2025\/06\/108_CC_2025_page-0002-300x169.jpg 300w, https:\/\/agora.xtec.cat\/iesperealsius\/wp-content\/uploads\/usu45\/2025\/06\/108_CC_2025_page-0002-768x432.jpg 768w, https:\/\/agora.xtec.cat\/iesperealsius\/wp-content\/uploads\/usu45\/2025\/06\/108_CC_2025_page-0002-1536x864.jpg 1536w, https:\/\/agora.xtec.cat\/iesperealsius\/wp-content\/uploads\/usu45\/2025\/06\/108_CC_2025_page-0002-2048x1152.jpg 2048w\" sizes=\"auto, (max-width: 1024px) 100vw, 1024px\" \/><\/a><\/p>\n<p>&nbsp;<\/p>\n<p><a href=\"https:\/\/agora.xtec.cat\/iesperealsius\/wp-content\/uploads\/usu45\/2024\/06\/2024-Val-escolar-comunicacio_page-0001.jpg\"><img loading=\"lazy\" decoding=\"async\" class=\"alignnone size-large wp-image-11214\" src=\"https:\/\/agora.xtec.cat\/iesperealsius\/wp-content\/uploads\/usu45\/2024\/06\/2024-Val-escolar-comunicacio_page-0001-709x1024.jpg\" alt=\"\" width=\"709\" height=\"1024\" srcset=\"https:\/\/agora.xtec.cat\/iesperealsius\/wp-content\/uploads\/usu45\/2024\/06\/2024-Val-escolar-comunicacio_page-0001-709x1024.jpg 709w, https:\/\/agora.xtec.cat\/iesperealsius\/wp-content\/uploads\/usu45\/2024\/06\/2024-Val-escolar-comunicacio_page-0001-208x300.jpg 208w, https:\/\/agora.xtec.cat\/iesperealsius\/wp-content\/uploads\/usu45\/2024\/06\/2024-Val-escolar-comunicacio_page-0001-768x1109.jpg 768w, https:\/\/agora.xtec.cat\/iesperealsius\/wp-content\/uploads\/usu45\/2024\/06\/2024-Val-escolar-comunicacio_page-0001-1064x1536.jpg 1064w, https:\/\/agora.xtec.cat\/iesperealsius\/wp-content\/uploads\/usu45\/2024\/06\/2024-Val-escolar-comunicacio_page-0001.jpg 1241w\" sizes=\"auto, (max-width: 709px) 100vw, 709px\" \/><\/a><\/p>\n","protected":false},"excerpt":{"rendered":"<p>L\u2019AFA, d&#8217;acord amb la Direcci\u00f3 de l\u2019Institut, ha contractat els serveis de l\u2019empresa Iddink per gestionar un projecte de reutilitzaci\u00f3 de llibres de text.<\/p>\n<p>Les condicions pactades s\u00f3n les seg\u00fcents:<\/p>\n<ul>\n<li>Estalvi del 60% en la compra dels llibres de text reutilitzables (ecoBooks).<\/li>\n<\/ul>\n<p><a href=\"https:\/\/agora.xtec.cat\/iesperealsius\/wp-content\/uploads\/usu45\/2025\/06\/108_Llista-de-llibres-2025-26-1.pdf\">Llista de llibres 2025-26<\/a><br \/>\nPer fer&hellip;  <a href=\"https:\/\/agora.xtec.cat\/iesperealsius\/compra-llibres\/\" title=\"Read Compra llibres\">Llegeix m\u00e9s\u00bb<\/a><\/p>\n","protected":false},"author":1,"featured_media":0,"parent":0,"menu_order":0,"comment_status":"closed","ping_status":"closed","template":"","meta":{"_bbp_topic_count":0,"_bbp_reply_count":0,"_bbp_total_topic_count":0,"_bbp_total_reply_count":0,"_bbp_voice_count":0,"_bbp_anonymous_reply_count":0,"_bbp_topic_count_hidden":0,"_bbp_reply_count_hidden":0,"_bbp_forum_subforum_count":0,"footnotes":""},"class_list":["post-992","page","type-page","status-publish","hentry"],"post_mailing_queue_ids":[],"_links":{"self":[{"href":"https:\/\/agora.xtec.cat\/iesperealsius\/wp-json\/wp\/v2\/pages\/992","targetHints":{"allow":["GET"]}}],"collection":[{"href":"https:\/\/agora.xtec.cat\/iesperealsius\/wp-json\/wp\/v2\/pages"}],"about":[{"href":"https:\/\/agora.xtec.cat\/iesperealsius\/wp-json\/wp\/v2\/types\/page"}],"author":[{"embeddable":true,"href":"https:\/\/agora.xtec.cat\/iesperealsius\/wp-json\/wp\/v2\/users\/1"}],"replies":[{"embeddable":true,"href":"https:\/\/agora.xtec.cat\/iesperealsius\/wp-json\/wp\/v2\/comments?post=992"}],"version-history":[{"count":7,"href":"https:\/\/agora.xtec.cat\/iesperealsius\/wp-json\/wp\/v2\/pages\/992\/revisions"}],"predecessor-version":[{"id":12024,"href":"https:\/\/agora.xtec.cat\/iesperealsius\/wp-json\/wp\/v2\/pages\/992\/revisions\/12024"}],"wp:attachment":[{"href":"https:\/\/agora.xtec.cat\/iesperealsius\/wp-json\/wp\/v2\/media?parent=992"}],"curies":[{"name":"wp","href":"https:\/\/api.w.org\/{rel}","templated":true}]}}