{"id":9808,"date":"2023-06-06T10:33:10","date_gmt":"2023-06-06T08:33:10","guid":{"rendered":"https:\/\/agora.xtec.cat\/iesperealsius\/?page_id=9808"},"modified":"2023-06-11T21:13:54","modified_gmt":"2023-06-11T19:13:54","slug":"ife-portes-obertes-virtuals","status":"publish","type":"page","link":"https:\/\/agora.xtec.cat\/iesperealsius\/ife-portes-obertes-virtuals\/","title":{"rendered":"IFE &#8211; Portes obertes virtuals"},"content":{"rendered":"<h3><strong>Preguntes freq\u00fcents<\/strong><\/h3>\n<p><span style=\"font-size: 20px;\"><strong>Quin material es necessita pel dia a dia a l\u2019IFE?<\/strong><\/span><br \/>\n<span style=\"font-size: 20px;\">&#8211; Roba c\u00f2moda<\/span><br \/>\n<span style=\"font-size: 20px;\">&#8211; Motxilla<\/span><br \/>\n<span style=\"font-size: 20px;\">&#8211; Una botella amb aigua (tipus cantimplora)<\/span><br \/>\n<span style=\"font-size: 20px;\">&#8211; Esmorzar (hi ha dos patis de 20 minuts)<\/span><br \/>\n<span style=\"font-size: 20px;\">&#8211; Estoig amb:<\/span><br \/>\n<span style=\"font-size: 20px;\">Un llapis<\/span><br \/>\n<span style=\"font-size: 20px;\">Una goma<\/span><br \/>\n<span style=\"font-size: 20px;\">Un bol\u00edgraf blau, un negre i un vermell<\/span><br \/>\n<span style=\"font-size: 20px;\">Un regle petit<\/span><br \/>\n<span style=\"font-size: 20px;\">Corrector<\/span><br \/>\n<span style=\"font-size: 20px;\">Maquineta<\/span><\/p>\n<p><span style=\"font-size: 20px;\">-Agenda (la donarem el primer dia)<\/span><\/p>\n<p><span style=\"font-size: 20px;\">&#8211; Tres llibretes grans amb els fulls quadriculats (o b\u00e9 una de gran amb separadors per colors). Els alumnes podran deixar aquest material a l\u2019aula.<\/span><\/p>\n<p><strong><span style=\"font-size: 20px;\">El preu de la matr\u00edcula ho inclou tot?<\/span><\/strong><br \/>\n<span style=\"font-size: 20px;\">El preu de la matr\u00edcula ho inclou tot: material did\u00e0ctic, activitats, tallers, sortides i xerrades.<\/span><\/p>\n<p><strong><span style=\"font-size: 20px;\">Cal estudiar?<\/span><\/strong><br \/>\n<span style=\"font-size: 20px;\">Una part important del cicle \u00e9s pr\u00e0ctic, per\u00f2 tamb\u00e9 es fan classes a l\u2019aula, on es duen a terme activitats te\u00f2riques, aix\u00ed com presentaci\u00f3 de treballs\/activitats individuals i en grup.<\/span><br \/>\n<span style=\"font-size: 20px;\">Totes les activitats d\u2019aula estan orientades a les caracter\u00edstiques de l\u2019alumnat i tenen com objectiu complementar la formaci\u00f3 pr\u00e0ctica espec\u00edfica del cicle. Les tasques per fer aut\u00f2nomament a casa s\u00f3n molt puntuals, per\u00f2 si que es demana un bona actitud regular a l\u2019aula: participaci\u00f3 activa, respecte amb la resta de l\u2019alumnat, predisposici\u00f3 a aprendre nous continguts, etc.<\/span><\/p>\n<p><span style=\"font-size: 20px;\"><strong>Les PR\u00c0CTIQUES o FCT:<\/strong> qu\u00e8 son? Son obligat\u00f2ries? El centre proporciona <\/span><span style=\"font-size: 20px;\">empreses per a la seva realitzaci\u00f3?<\/span><br \/>\n<span style=\"font-size: 20px;\">S\u00f3n pr\u00e0ctiques formatives no laborals a les empreses, que fa l\u2019alumnat d\u2019itineraris formatius espec\u00edfics en centres de treball, mitjan\u00e7ant un acord de col\u00b7laboraci\u00f3 que subscriuen el centre docent i l\u2019empresa. Aquesta estada, es dur\u00e0 a terme mitjan\u00e7ant un suport i acompanyament continuat.<\/span><br \/>\n<span style=\"font-size: 20px;\">Les FCT tenen una durada de 385 hores que es realitzen en el quart curs, en r\u00e8gim d\u2019alternan\u00e7a amb la formaci\u00f3 a l\u2019escola; l\u2019alumnat dedica 3 dies lectius setmanals a la realitzaci\u00f3 de les pr\u00e0ctiques.<\/span><\/p>\n<p><strong><span style=\"font-size: 20px;\">L\u2019assist\u00e8ncia a classe \u00e9s obligat\u00f2ria?<\/span><\/strong><br \/>\n<span style=\"font-size: 20px;\">L\u2019assist\u00e8ncia a classe \u00e9s obligat\u00f2ria. Si l\u2019alumne\/a no assisteix a les classes \u00e9s impossible obtenir les compet\u00e8ncies del cicle formatiu. Els professors\/es passen llista cada dia. El registre d\u2019assist\u00e8ncia es t\u00e9 en compte en la qualificaci\u00f3 dels m\u00f2duls.<\/span><br \/>\n<span style=\"font-size: 20px;\">Per poder superar un m\u00f2dul, l\u2019alumne\/a no pot faltar m\u00e9s del 20% d\u2019hores en relaci\u00f3 al total d\u2019hores del m\u00f2dul en si. Una falta d\u2019assist\u00e8ncia sense justificar de forma continuada pot comportar un expedient disciplinari.<\/span><\/p>\n<p><strong><span style=\"font-size: 20px;\">Quines sortides laborals t\u00e9 l\u2019alumnat quan acabi el cicle?<\/span><\/strong><br \/>\n<span style=\"font-size: 20px;\">Possibles llocs de treball poden ser:<\/span><br \/>\n<span style=\"font-size: 20px;\">&#8211; Conserge d&#8217;un espai esportiu.<\/span><br \/>\n<span style=\"font-size: 20px;\">&#8211; Auxiliar de manteniment d&#8217;un espai esportiu.<\/span><br \/>\n<span style=\"font-size: 20px;\">&#8211; Atenci\u00f3 al client\/usuari d&#8217;un espai esportiu o entitat.<\/span><br \/>\n<span style=\"font-size: 20px;\">&#8211; Altres tasques en rol d&#8217;auxiliar que es demani dins un club o entitat esportiva.<\/span><\/p>\n<p><strong><span style=\"font-size: 20px;\">I si encara teniu dubtes?<\/span><\/strong><br \/>\n<span style=\"font-size: 20px;\">No us preocupeu, podeu enviar un mail a iesperealsius@xtec.cat i es respondr\u00e0 tant aviat com sigui possible.<\/span><\/p>\n","protected":false},"excerpt":{"rendered":"<p>Preguntes freq\u00fcents<br \/>\nQuin material es necessita pel dia a dia a l\u2019IFE?<br \/>\n&#8211; Roba c\u00f2moda<br \/>\n&#8211; Motxilla<br \/>\n&#8211; Una botella amb aigua (tipus cantimplora)<br \/>\n&#8211; Esmorzar (hi ha dos patis de 20 minuts)<br \/>\n&#8211; Estoig amb:<br \/>\nUn llapis<br \/>\nUna goma<br \/>\nUn bol\u00edgraf blau, un negre i un vermell<br \/>\nUn regle petit<br \/>\nCorrector<br \/>\nMaquineta<br \/>\n-Agenda (la donarem el primer&hellip;  <a href=\"https:\/\/agora.xtec.cat\/iesperealsius\/ife-portes-obertes-virtuals\/\" title=\"Read IFE &#8211; Portes obertes virtuals\">Llegeix m\u00e9s\u00bb<\/a><\/p>\n","protected":false},"author":1,"featured_media":0,"parent":0,"menu_order":0,"comment_status":"closed","ping_status":"closed","template":"","meta":{"_bbp_topic_count":0,"_bbp_reply_count":0,"_bbp_total_topic_count":0,"_bbp_total_reply_count":0,"_bbp_voice_count":0,"_bbp_anonymous_reply_count":0,"_bbp_topic_count_hidden":0,"_bbp_reply_count_hidden":0,"_bbp_forum_subforum_count":0,"footnotes":""},"class_list":["post-9808","page","type-page","status-publish","hentry"],"post_mailing_queue_ids":[],"_links":{"self":[{"href":"https:\/\/agora.xtec.cat\/iesperealsius\/wp-json\/wp\/v2\/pages\/9808","targetHints":{"allow":["GET"]}}],"collection":[{"href":"https:\/\/agora.xtec.cat\/iesperealsius\/wp-json\/wp\/v2\/pages"}],"about":[{"href":"https:\/\/agora.xtec.cat\/iesperealsius\/wp-json\/wp\/v2\/types\/page"}],"author":[{"embeddable":true,"href":"https:\/\/agora.xtec.cat\/iesperealsius\/wp-json\/wp\/v2\/users\/1"}],"replies":[{"embeddable":true,"href":"https:\/\/agora.xtec.cat\/iesperealsius\/wp-json\/wp\/v2\/comments?post=9808"}],"version-history":[{"count":3,"href":"https:\/\/agora.xtec.cat\/iesperealsius\/wp-json\/wp\/v2\/pages\/9808\/revisions"}],"predecessor-version":[{"id":9946,"href":"https:\/\/agora.xtec.cat\/iesperealsius\/wp-json\/wp\/v2\/pages\/9808\/revisions\/9946"}],"wp:attachment":[{"href":"https:\/\/agora.xtec.cat\/iesperealsius\/wp-json\/wp\/v2\/media?parent=9808"}],"curies":[{"name":"wp","href":"https:\/\/api.w.org\/{rel}","templated":true}]}}