{"id":859,"date":"2018-11-18T00:25:49","date_gmt":"2018-11-17T23:25:49","guid":{"rendered":"http:\/\/agora.xtec.cat\/iesperealsius\/?page_id=859"},"modified":"2026-02-12T13:12:51","modified_gmt":"2026-02-12T12:12:51","slug":"batx-2-matricula","status":"publish","type":"page","link":"https:\/\/agora.xtec.cat\/iesperealsius\/preinscripcio\/preinscripcio-batxillerat\/batx-2-matricula\/","title":{"rendered":"2. Matr\u00edcula"},"content":{"rendered":"<div>\n<p><b><span style=\"font-size: x-large;\"><span style=\"font-family: verdana,sans-serif;\">BATXILLERAT (del 18 al 26 de juny)<\/span><\/span><\/b><span style=\"font-size: 20px;\"><b><span style=\"font-family: verdana,sans-serif;\"><br \/>\n<\/span><\/b><\/span><\/p>\n<div style=\"margin-left: 40px;\">\n<ul>\n<li><span style=\"font-size: 20px;\"><b><span style=\"font-family: verdana,sans-serif;\">\u00a0S&#8217;ha de matricular:<br \/>\n<\/span><\/b><\/span><\/p>\n<ul>\n<li><span style=\"font-size: 20px;\">L&#8217;alumnat que cursar\u00e0 1r de batxillerat<\/span><\/li>\n<li><span style=\"font-size: 20px;\">L&#8217;alumnat <strong>nou<\/strong> que cursar\u00e0 2n de batxillerat<\/span><\/li>\n<\/ul>\n<\/li>\n<\/ul>\n<p><span style=\"font-family: verdana, sans-serif; font-size: 20px;\">Recordeu que si no us matriculeu en el per\u00edode establert, renuncieu a la pla\u00e7a, i aquesta ser\u00e0 assignada a la primera persona de la llista d&#8217;espera.<\/span><\/p>\n<\/div>\n<div style=\"margin-left: 40px;\">\n<p><span style=\"font-size: 20px;\">Consulta telef\u00f2nica: <strong>972 570991<\/strong><\/span><\/p>\n<\/div>\n<h2><span style=\"color: #ff0000; font-size: 20px;\"><b>DOCUMENTACI\u00d3 QUE CAL OMPLIR EN EL MOMENT DE LA MATR\u00cdCULA:\u00a0<\/b><\/span><\/h2>\n<p><span style=\"font-size: 20px;\"><b><span lang=\"CA\"><span style=\"background-color: #ffff00;\"><span style=\"color: #cc0000;\"><span style=\"font-size: 24px;\">Nom\u00e9s per a nous alumnes:<\/span><\/span><\/span><\/span><\/b><\/span><\/p>\n<ul>\n<li><span style=\"font-size: 20px;\"><b style=\"font-family: verdana,sans-serif;\"><span lang=\"CA\">DNI original i fotoc\u00f2pia de l&#8217;alumne\/a i dels pares\/tutors legals<\/span><\/b><\/span><\/li>\n<\/ul>\n<ul>\n<li style=\"font-family: verdana,sans-serif;\"><span style=\"font-size: 20px;\"><b><span lang=\"CA\">1 fotografia\u00a0 (amb el nom al darrere)<\/span><\/b><\/span><\/li>\n<\/ul>\n<ul>\n<li style=\"font-family: verdana,sans-serif;\"><span style=\"font-size: 20px;\"><b><span lang=\"CA\">Carnet de vacunes i TSI (Targeta Sanit\u00e0ria) original i fotoc\u00f2pia\u00a0\u00a0<\/span><\/b><\/span><\/li>\n<li><span style=\"font-size: 20px;\"><strong>Llibre de fam\u00edlia i fotoc\u00f2pia<\/strong><\/span><span style=\"font-size: 20px;\"><span lang=\"CA\"><b><br \/>\n<\/b><\/span><\/span><\/li>\n<\/ul>\n<\/div>\n<div><span style=\"font-size: 20px;\">\u00a0<\/span><\/div>\n<div><span style=\"font-size: 20px;\"><b><span lang=\"CA\"><span style=\"background-color: #ffff00;\"><span style=\"color: #cc0000;\"><span style=\"font-size: 24px;\">Tots els alumnes:<\/span><\/span><\/span><\/span><\/b><\/span><\/div>\n<div><\/div>\n<div><\/div>\n<div>\n<ul>\n<li style=\"font-family: verdana,sans-serif;\"><span style=\"font-size: 20px;\"><strong>Resguard de la preinscripci\u00f3<\/strong><\/span><\/li>\n<li><span style=\"font-size: 20px;\"><b><span lang=\"CA\">Fotoc\u00f2pia sol\u00b7licitud del t\u00edtol d\u2019ESO\u00a0<\/span><\/b><\/span><\/li>\n<li><strong><span style=\"font-size: 20px;\">Fotoc\u00f2pia i original del carnet de fam\u00edlia nombrosa, si s&#8217;escau.\u00a0<\/span><\/strong><\/li>\n<li><a href=\"https:\/\/drive.google.com\/file\/d\/1IkkURLUTEuv7qZRr0m9TFPralAuVl3ga\/view?usp=sharing\"><span style=\"font-size: 20px;\"><strong>Autoritzaci\u00f3 activitats i sortides<\/strong><\/span><\/a><\/li>\n<li style=\"font-family: verdana,sans-serif;\"><span style=\"font-size: 20px;\"><a href=\"https:\/\/drive.google.com\/file\/d\/1cxV8VlO5nTF6oMifd2D4zzHLlvByiWuE\/view?usp=sharing\"><b>Carta de comprom\u00eds educatiu<\/b><\/a><b><span lang=\"CA\"> \u00a0<\/span><\/b><\/span><\/li>\n<li style=\"font-family: verdana,sans-serif;\"><a href=\"https:\/\/drive.google.com\/file\/d\/1225j-BaOJa6I_iGM4s9ZH1AZ0e1CXhkN\/view?usp=sharing\"><span style=\"font-size: 20px;\"><b><span lang=\"CA\">Fitxa de dades personals\u00a0<\/span><\/b><\/span><\/a><\/li>\n<li><a href=\"https:\/\/drive.google.com\/file\/d\/1dHxCjKscE-Ai3LU1ehmG29MSTn3ndrGp\/view?usp=sharing\"><strong><span style=\"font-size: 20px;\">Comunicaci\u00f3 d&#8217;\u00fas de serveis i recursos digitals a Internet per treballar a l&#8217;aula<\/span><\/strong><\/a><\/li>\n<li><strong><span style=\"font-size: 20px;\"><a href=\"https:\/\/drive.google.com\/file\/d\/1WKhWflxG_iEZaksKSPlYHuOsJBuuIInw\/view?usp=sharing\">Autoritzaci\u00f3 d&#8217;\u00fas d&#8217;imatges, publicaci\u00f3 de dades de car\u00e0cter personal i de material que elaboren<\/a><\/span><\/strong><\/li>\n<\/ul>\n<\/div>\n<div>\n<ul>\n<li style=\"font-family: verdana,sans-serif;\"><a href=\"https:\/\/drive.google.com\/file\/d\/1QgG4gHMoJLrC96Aoa3YhRzyQLspN3Mon\/view?usp=sharing\"><strong><span style=\"font-size: 20px; font-family: inherit;\">El resguard del pagament de la matr\u00edcula.<\/span><\/strong><\/a><\/li>\n<\/ul>\n<p><span style=\"font-size: 20px;\"><strong>AFA:<\/strong><\/span><\/p>\n<p style=\"padding-left: 40px;\"><span style=\"font-size: 20px;\">La quota de l&#8217; AFA i de l&#8217;auxiliar de conversa es pagar\u00e0 a trav\u00e9s de la plataforma IDDINK en el moment de<\/span><span style=\"font-size: 20px;\">\u00a0l&#8217;adquisici\u00f3 dels llibres i materials del curs: <\/span><\/p>\n<div><\/div>\n<div style=\"text-align: center;\"><a href=\"https:\/\/drive.google.com\/file\/d\/1C8TE-eF_IQq7uINPuQZ3WTsGf1xKlCsi\/view?usp=sharing\"><span style=\"font-size: 20px;\"><span style=\"text-decoration: underline; background-color: #ffff99; font-size: 24px;\">Circular informativa de l&#8217;AFA<\/span><\/span><\/a><\/div>\n<div><\/div>\n<p style=\"font-family: verdana,sans-serif;\">\n<\/div>\n","protected":false},"excerpt":{"rendered":"<p>BATXILLERAT (del 18 al 26 de juny)<\/p>\n<ul>\n<li>\u00a0S&#8217;ha de matricular:\n<ul>\n<li>L&#8217;alumnat que cursar\u00e0 1r de batxillerat<\/li>\n<li>L&#8217;alumnat nou que cursar\u00e0 2n de batxillerat<\/li>\n<\/ul>\n<\/li>\n<\/ul>\n<p>Recordeu que si no us matriculeu en el per\u00edode establert, renuncieu a la pla\u00e7a, i aquesta ser\u00e0 assignada a la primera persona de la llista d&#8217;espera.<\/p>\n<p>Consulta&hellip;  <a href=\"https:\/\/agora.xtec.cat\/iesperealsius\/preinscripcio\/preinscripcio-batxillerat\/batx-2-matricula\/\" title=\"Read 2. Matr\u00edcula\">Llegeix m\u00e9s\u00bb<\/a><\/p>\n","protected":false},"author":1,"featured_media":0,"parent":829,"menu_order":10,"comment_status":"closed","ping_status":"closed","template":"page-templates\/side-menu.php","meta":{"_bbp_topic_count":0,"_bbp_reply_count":0,"_bbp_total_topic_count":0,"_bbp_total_reply_count":0,"_bbp_voice_count":0,"_bbp_anonymous_reply_count":0,"_bbp_topic_count_hidden":0,"_bbp_reply_count_hidden":0,"_bbp_forum_subforum_count":0,"footnotes":""},"class_list":["post-859","page","type-page","status-publish","hentry"],"post_mailing_queue_ids":[],"_links":{"self":[{"href":"https:\/\/agora.xtec.cat\/iesperealsius\/wp-json\/wp\/v2\/pages\/859","targetHints":{"allow":["GET"]}}],"collection":[{"href":"https:\/\/agora.xtec.cat\/iesperealsius\/wp-json\/wp\/v2\/pages"}],"about":[{"href":"https:\/\/agora.xtec.cat\/iesperealsius\/wp-json\/wp\/v2\/types\/page"}],"author":[{"embeddable":true,"href":"https:\/\/agora.xtec.cat\/iesperealsius\/wp-json\/wp\/v2\/users\/1"}],"replies":[{"embeddable":true,"href":"https:\/\/agora.xtec.cat\/iesperealsius\/wp-json\/wp\/v2\/comments?post=859"}],"version-history":[{"count":7,"href":"https:\/\/agora.xtec.cat\/iesperealsius\/wp-json\/wp\/v2\/pages\/859\/revisions"}],"predecessor-version":[{"id":12670,"href":"https:\/\/agora.xtec.cat\/iesperealsius\/wp-json\/wp\/v2\/pages\/859\/revisions\/12670"}],"up":[{"embeddable":true,"href":"https:\/\/agora.xtec.cat\/iesperealsius\/wp-json\/wp\/v2\/pages\/829"}],"wp:attachment":[{"href":"https:\/\/agora.xtec.cat\/iesperealsius\/wp-json\/wp\/v2\/media?parent=859"}],"curies":[{"name":"wp","href":"https:\/\/api.w.org\/{rel}","templated":true}]}}