{"id":835,"date":"2018-11-17T23:51:57","date_gmt":"2018-11-17T22:51:57","guid":{"rendered":"http:\/\/agora.xtec.cat\/iesperealsius\/?page_id=835"},"modified":"2026-04-06T11:45:29","modified_gmt":"2026-04-06T09:45:29","slug":"preinscripcio-ensenyaments-esportius","status":"publish","type":"page","link":"https:\/\/agora.xtec.cat\/iesperealsius\/preinscripcio\/preinscripcio-ensenyaments-esportius\/","title":{"rendered":"Preinscripci\u00f3 Ensenyaments Esportius"},"content":{"rendered":"<div>\n<p><b><span style=\"font-size: medium;\"><span style=\"font-family: verdana,sans-serif;\"><span style=\"font-size: 20px; color: #ff0000; background-color: #ffff00;\">Jornada de portes obertes: <\/span><\/span><\/span><\/b><\/p>\n<ul>\n<li><b><span style=\"font-size: medium;\"><span style=\"font-family: verdana,sans-serif;\"><span style=\"font-size: 20px; color: #ff0000; background-color: #ffff00;\">Dimecres 22 d&#8217;abril de 2026 a les 18&#8217;00 hores (batxillerat doble titulaci\u00f3: futbol \/ salvament i socorrisme)<\/span><\/span><\/span><\/b><\/li>\n<li><b><span style=\"font-size: medium;\"><span style=\"font-family: verdana,sans-serif;\"><span style=\"font-size: 20px; color: #ff0000; background-color: #ffff00;\">Dijous 21 de maig de 2026 a les 19&#8217;30 hores<\/span><\/span><\/span><\/b><\/li>\n<\/ul>\n<p><span style=\"font-size: 24px;\"><b>Dates de preinscripci\u00f3: <\/b><\/span><\/p>\n<ul>\n<li><span style=\"font-size: 24px;\"><b><span style=\"color: #ff0000;\">Del 27 d&#8217;abril al 06 de maig de 2026 (batxillerat doble titulaci\u00f3: futbol \/ salvament i socorrisme)<\/span><\/b><\/span><\/li>\n<li><span style=\"font-size: 24px;\"><b><span style=\"color: #ff0000;\">Del 26 de maig a l&#8217;01 de juny de 2026<\/span><\/b><\/span><\/li>\n<\/ul>\n<p><span style=\"font-size: 24px;\"><b><span style=\"color: #ff0000;\">(trobareu tota la informaci\u00f3 a la web de l&#8217;institut, segons cada especialitat esportiva: https:\/\/agora.xtec.cat\/iesperealsius\/ensenyaments-esportius\/)<\/span><\/b><\/span><\/p>\n<p><span style=\"font-size: 24px;\"><strong>Matr\u00edcula:<\/strong> trobareu tota la informaci\u00f3 a la web de l&#8217;institut, segons cada especialitat esportiva<\/span><\/p>\n<p><span style=\"font-size: 20px;\"><b><span style=\"font-family: verdana,sans-serif;\"><span style=\"font-family: verdana,sans-serif;\"><b>Informaci\u00f3 Preinscripci\u00f3: Departament <span style=\"font-size: large;\"><span style=\"font-size: x-large;\">d&#8217;Educaci\u00f3 i Formaci\u00f3 Professional<\/span><\/span>:<\/b><br \/>\n<\/span><\/span><\/b><\/span><\/p>\n<ul>\n<li><a href=\"https:\/\/preinscripcio.gencat.cat\/ca\/estudis\/esportius\/inici\/\"><span style=\"font-family: verdana, sans-serif; font-size: 20px;\"><b>Informaci\u00f3 General<\/b><\/span><\/a><\/li>\n<li><span style=\"font-size: 20px;\"><b><span style=\"font-family: verdana,sans-serif;\"><a href=\"https:\/\/triaeducativa.gencat.cat\/ca\/artistics-esportius\/esportius\/\" target=\"_blank\" rel=\"noopener noreferrer\">Preinscripci\u00f3<\/a><\/span><\/b><\/span><\/li>\n<li><span style=\"font-size: 20px;\"><strong>Full Sol\u00b7licitud Preinscripci\u00f3<\/strong><\/span><\/li>\n<li><strong><span style=\"font-size: 20px;\"><a href=\"https:\/\/agora.xtec.cat\/iesperealsius\/estudis\/ensenyaments-esportius\/proves-especifiques-dacces\/\" target=\"_blank\" rel=\"noopener noreferrer\">Proves espec\u00edfiques d&#8217;acc\u00e9s (REQUISIT OBLIGATORI)<\/a><\/span><\/strong><\/li>\n<\/ul>\n<p><span style=\"font-size: 20px;\"><b><span style=\"font-family: verdana,sans-serif;\">L&#8217;institut Pere Alsius i Torrent oferir\u00e0 el curs escolar 2026 &#8211; 2027 els seg\u00fcents nivells d&#8217;Ensenyaments Esportius:\u00a0<\/span><\/b><\/span><\/p>\n<p><span style=\"font-size: 20px;\">Accediu a la informaci\u00f3 del proc\u00e9s de preinscripci\u00f3 i matr\u00edcula a trav\u00e9s dels enlla\u00e7os: <i><span style=\"background-color: #ffff00; color: #ff0000;\"><br \/>\n<\/span><\/i><\/span><\/p>\n<\/div>\n<div>\n<p style=\"text-align: center;\"><span style=\"font-size: 24px;\"><strong>ESPECIALITAT FUTBOL<\/strong><\/span><\/p>\n<ul>\n<li><span style=\"font-size: 20px;\"><a href=\"https:\/\/drive.google.com\/file\/d\/124Z2ExlMqAqOdlLrzpOxFMOIhgVECUpa\/view?usp=sharing\"><b><span style=\"font-family: verdana,sans-serif;\">1r i 2n nivell di\u00fcrn de l&#8217;especialitat de futbol (grau mitj\u00e0)<\/span><\/b><\/a><b><span style=\"font-family: verdana,sans-serif;\"><b><span style=\"font-family: verdana,sans-serif;\"><i><span style=\"background-color: #ffff00; color: #ff0000;\">2026-2027<\/span><\/i><\/span><\/b><\/span><\/b><\/span><\/li>\n<li><strong><span style=\"font-size: 20px;\"><a href=\"https:\/\/drive.google.com\/file\/d\/1PaQ7y0yYq-HumAiYzChMgjl0fYXIXz1I\/view?usp=sharing\">Grau Superior de futbol<\/a> <b><span style=\"font-family: verdana,sans-serif;\"><i><span style=\"background-color: #ffff00; color: #ff0000;\">2025-2026<\/span><\/i><\/span><\/b><\/span><\/strong><\/li>\n<\/ul>\n<p style=\"text-align: center;\"><span style=\"font-size: 24px;\"><strong>ESPECIALITAT SALVAMENT I SOCORRISME<\/strong><\/span><\/p>\n<\/div>\n<div>\n<ul>\n<li><span style=\"font-size: 20px;\"><b><span style=\"font-family: verdana,sans-serif;\"><a href=\"https:\/\/drive.google.com\/file\/d\/1vK5S_hWSDn7oRjkl-xJipnNf75wZd-jS\/view?usp=sharing\">Nivell inicial de l&#8217;especialitat de salvament i socorrisme<\/a><i><span style=\"background-color: #ffff00; color: #ff0000;\">2026-2027<\/span><\/i><\/span><\/b><\/span><\/li>\n<li><span style=\"font-size: 20px;\"><b><span style=\"font-family: verdana,sans-serif;\"><a href=\"https:\/\/drive.google.com\/file\/d\/1UroG9mA5T_emvKn_4Xi0jMYnUAfMYucc\/view?usp=sharing\">Nivell final de l&#8217;especialitat de salvament i socorrisme<\/a><i><span style=\"background-color: #ffff00; color: #ff0000;\">2026-2027<\/span><\/i><\/span><\/b><\/span><\/li>\n<li><span style=\"font-size: 20px;\"><b><span style=\"font-family: verdana,sans-serif;\"><a href=\"https:\/\/drive.google.com\/file\/d\/1Rs-v5HqEXMqhFUxh0gJmUP5ZD92wS2J-\/view?usp=sharing\">Grau Mitj\u00e0 de l&#8217;especialitat de salvament i socorrisme<\/a><i><span style=\"background-color: #ffff00; color: #ff0000;\">2026-2027<\/span><\/i><\/span><\/b><\/span><\/li>\n<\/ul>\n<p>&nbsp;<\/p>\n<p style=\"text-align: center;\"><span style=\"font-size: 24px;\"><strong>Curs t\u00e8cnic\/a Grau Mitj\u00e0 (Futbol i Salvament i Socorrisme) relacionat amb la doble titulaci\u00f3 de batxillerat<\/strong><\/span><\/p>\n<ul>\n<li><span style=\"font-size: 20px;\"><b><span style=\"font-family: verdana,sans-serif;\"><a href=\"https:\/\/drive.google.com\/file\/d\/1eTGFoQxZ9uVhGyKqKFGeaA4LUo-ae8p7\/view?usp=sharing\">Especialitat de futbol<\/a> <\/span><\/b><b><span style=\"font-family: verdana,sans-serif;\"><i><span style=\"background-color: #ffff00; color: #ff0000;\">2026-2027<\/span><\/i><\/span><\/b><\/span><\/li>\n<li><span style=\"font-size: 20px;\"><a href=\"https:\/\/drive.google.com\/file\/d\/1i1PVXTWkCAcJfkAeswuo43Sf2sulw8b8\/view?usp=sharing\"><b><span style=\"font-family: verdana,sans-serif;\">Especialitat de Salvament i Socorrisme <\/span><\/b><\/a><b><span style=\"font-family: verdana,sans-serif;\"><i><span style=\"background-color: #ffff00; color: #ff0000;\">2026-2027<\/span><\/i><\/span><\/b><\/span><\/li>\n<\/ul>\n<\/div>\n<ul class=\"wp-block-list\">\n<li><span style=\"font-size: 20px;\">Llista provisional d\u2019alumnes preinscrits:\u00a07 de maig<\/span><\/li>\n<li><span style=\"font-size: 20px;\">Per\u00edode de reclamacions: 7 i 8 de maig (per correu electr\u00f2nic a l\u2019adre\u00e7a: <strong>b7004499@xtec.cat<\/strong>)<\/span><\/li>\n<li><span style=\"font-size: 20px;\">Llista definitiva de preinscrits un cop resoltes les reclamacions: 11 de maig\u00a0<\/span><\/li>\n<\/ul>\n<div>\n<p style=\"text-align: center;\"><span style=\"font-size: 24px;\"><strong>BLOC COM\u00da LOE\u00a0<\/strong><\/span><\/p>\n<ul>\n<li><span style=\"font-size: 20px;\"><b><span style=\"font-family: verdana,sans-serif;\"><a href=\"https:\/\/drive.google.com\/file\/d\/1Wr9r3x2G8nEPrjZ0LqchHWdONrBC_TQs\/view?usp=sharing\">BLOC COM\u00da CICLE INICIAL especialitats LOE \/ per\u00edode transitori (format semipresencial i intensiu juny 2026)<\/a> <i><span style=\"background-color: #ffff00; color: #ff0000;\">2025-2026<\/span><\/i><\/span><\/b><\/span><\/li>\n<\/ul>\n<p><span style=\"font-size: 20px;\"><a href=\"https:\/\/drive.google.com\/file\/d\/1rZ8S8DWq1FWMp6rsxJfCRg_S1Puw-kUW\/view?usp=sharing\">Horaris bloc com\u00fa cicle inicial JUNY 2026<\/a>\u00a0(provisional)<\/span><\/p>\n<ul>\n<li><span style=\"font-size: 20px;\"><b><span style=\"font-family: verdana,sans-serif;\"><a href=\"https:\/\/drive.google.com\/file\/d\/13fpkY_jERlZGc5nLjK2-xH5k3dRpRzCz\/view?usp=sharing\">BLOC COM\u00da CICLE INICIAL especialitats LOE \/ per\u00edode transitori (format semipresencial extensiu)<\/a>\u00a0<\/span><\/b><b><span style=\"font-family: verdana,sans-serif;\"><i><span style=\"background-color: #ffff00; color: #ff0000;\">2026-2027<\/span><\/i><\/span><\/b><\/span><\/li>\n<li><span style=\"font-size: 20px;\"><b><span style=\"font-family: verdana,sans-serif;\"><a href=\"https:\/\/drive.google.com\/file\/d\/1XVUuj-KCloiml4Ds2Hadn-siGQ_CADZ1\/view?usp=sharing\">BLOC COM\u00da CICLE FINAL especialitats LOE \/ per\u00edode transitori(format extensiu)<\/a> <i><span style=\"background-color: #ffff00; color: #ff0000;\">2026-2027<\/span><\/i><\/span><\/b><\/span><\/li>\n<li><span style=\"font-size: 20px;\"><b><span style=\"font-family: verdana,sans-serif;\">BLOC COM\u00da CICLE INICIAL especialitats LOE \/ per\u00edode transitori (format semipresencial i intensiu setembre 2026) <i><span style=\"background-color: #ffff00; color: #ff0000;\">2025-2026(pendent; enviar correu a l&#8217;institut per a m\u00e9s informaci\u00f3).<\/span><\/i><\/span><\/b><\/span><\/li>\n<\/ul>\n<\/div>\n<div>\n<div><span style=\"font-size: 20px;\"><b><span style=\"font-family: verdana,sans-serif;\">Qualsevol persona que vulgui cursar una altre modalitat esportiva, en qualsevol nivell,\u00a0 pot matricular-se en el nostre centre del bloc com\u00fa i complementari (especialitats LOGSE) i bloc com\u00fa (especialitats LOE)<\/span><br style=\"font-family: verdana,sans-serif;\" \/><\/b><b><\/b><\/span><\/div>\n<div><\/div>\n<div><\/div>\n<div><span style=\"font-size: 20px;\"><b><span style=\"font-family: verdana,sans-serif;\">Per a inscriure&#8217;s a les proves espec\u00edfiques d&#8217;Ensenyaments Esportius: <\/span><\/b><\/span><\/div>\n<div><\/div>\n<ul>\n<li><a href=\"https:\/\/triaeducativa.gencat.cat\/ca\/proves\/proves-acces\/esportius\/esportius-prova-especifica\/index.html\"><span style=\"font-size: 20px;\"><b>ENLLA\u00c7 DIRECTE PROVES ACCES ESPEC\u00cdFIQUES ENSENYAMENTS ESPORTS <\/b><\/span><\/a><\/li>\n<li><span style=\"font-size: 20px;\"><strong>FULL PREINSCRIPCI\u00d3 ALS ENSENYAMENTS ESPORTIUS<\/strong><b><br \/>\n<\/b><\/span><\/li>\n<\/ul>\n<div><span style=\"font-size: 20px;\"><span style=\"font-weight: bold; font-family: verdana,sans-serif;\">\u00a0<\/span><\/span><\/div>\n<div>\n<p><span style=\"font-size: medium;\"><span style=\"font-weight: bold; font-family: verdana,sans-serif;\"><span style=\"font-size: 20px;\">Per a m\u00e9s informaci\u00f3 podeu adre\u00e7ar-vos a: iesperealsius.esports<span class=\"\">@gmail.com<\/span><\/span><\/span><\/span><\/p>\n<\/div>\n<\/div>\n","protected":false},"excerpt":{"rendered":"<p>Jornada de portes obertes: <\/p>\n<ul>\n<li>Dimecres 22 d&#8217;abril de 2026 a les 18&#8217;00 hores (batxillerat doble titulaci\u00f3: futbol \/ salvament i socorrisme)<\/li>\n<li>Dijous 21 de maig de 2026 a les 19&#8217;30 hores<\/li>\n<\/ul>\n<p>Dates de preinscripci\u00f3: <\/p>\n<ul>\n<li>Del 27 d&#8217;abril al 06 de maig de 2026 (batxillerat doble titulaci\u00f3: futbol&hellip;  <a href=\"https:\/\/agora.xtec.cat\/iesperealsius\/preinscripcio\/preinscripcio-ensenyaments-esportius\/\" title=\"Read Preinscripci\u00f3 Ensenyaments Esportius\">Llegeix m\u00e9s\u00bb<\/a><br \/>\n","protected":false},"author":1,"featured_media":0,"parent":542,"menu_order":50,"comment_status":"closed","ping_status":"closed","template":"page-templates\/side-menu.php","meta":{"_bbp_topic_count":0,"_bbp_reply_count":0,"_bbp_total_topic_count":0,"_bbp_total_reply_count":0,"_bbp_voice_count":0,"_bbp_anonymous_reply_count":0,"_bbp_topic_count_hidden":0,"_bbp_reply_count_hidden":0,"_bbp_forum_subforum_count":0,"footnotes":""},"class_list":["post-835","page","type-page","status-publish","hentry"],"post_mailing_queue_ids":[],"_links":{"self":[{"href":"https:\/\/agora.xtec.cat\/iesperealsius\/wp-json\/wp\/v2\/pages\/835","targetHints":{"allow":["GET"]}}],"collection":[{"href":"https:\/\/agora.xtec.cat\/iesperealsius\/wp-json\/wp\/v2\/pages"}],"about":[{"href":"https:\/\/agora.xtec.cat\/iesperealsius\/wp-json\/wp\/v2\/types\/page"}],"author":[{"embeddable":true,"href":"https:\/\/agora.xtec.cat\/iesperealsius\/wp-json\/wp\/v2\/users\/1"}],"replies":[{"embeddable":true,"href":"https:\/\/agora.xtec.cat\/iesperealsius\/wp-json\/wp\/v2\/comments?post=835"}],"version-history":[{"count":6,"href":"https:\/\/agora.xtec.cat\/iesperealsius\/wp-json\/wp\/v2\/pages\/835\/revisions"}],"predecessor-version":[{"id":12951,"href":"https:\/\/agora.xtec.cat\/iesperealsius\/wp-json\/wp\/v2\/pages\/835\/revisions\/12951"}],"up":[{"embeddable":true,"href":"https:\/\/agora.xtec.cat\/iesperealsius\/wp-json\/wp\/v2\/pages\/542"}],"wp:attachment":[{"href":"https:\/\/agora.xtec.cat\/iesperealsius\/wp-json\/wp\/v2\/media?parent=835"}],"curies":[{"name":"wp","href":"https:\/\/api.w.org\/{rel}","templated":true}]}}