{"id":8266,"date":"2022-03-21T06:46:51","date_gmt":"2022-03-21T05:46:51","guid":{"rendered":"https:\/\/agora.xtec.cat\/iesperealsius\/?page_id=8266"},"modified":"2026-04-05T20:11:07","modified_gmt":"2026-04-05T18:11:07","slug":"matricula-gs-ensenyament-i-animacio-socioesportiva-2n-curs","status":"publish","type":"page","link":"https:\/\/agora.xtec.cat\/iesperealsius\/preinscripcio\/preinscripcio-grau-superior\/matricula-gs-ensenyament-i-animacio-socioesportiva-2n-curs\/","title":{"rendered":"2.2 &#8211; Matr\u00edcula GS Ensenyament i animaci\u00f3 socioesportiva &#8211; 2n curs"},"content":{"rendered":"<div>\n<p><span style=\"font-size: 20px;\"><b>MATR\u00cdCULA<\/b><b><br \/>\nDates:<br \/>\n<\/b><\/span><\/p>\n<ul>\n<li><span style=\"font-size: 20px;\"><b>2n curs: del 25 de juny al 03 de juliol<\/b><b>\u00a0<\/b><b>de 2026<\/b><\/span><\/li>\n<li><span style=\"font-size: 20px;\"><strong>Per matricular-vos heu d\u2019omplir el formulari que trobareu en el seg\u00fcent enlla\u00e7:\u00a0<\/strong><\/span>\n<ul>\n<li><span style=\"font-size: 20px;\"><strong>ENLLA\u00c7 MATRICULACI\u00d3: FORMULARI<\/strong><\/span><\/li>\n<\/ul>\n<ul>\n<li style=\"list-style-type: none;\"><\/li>\n<\/ul>\n<\/li>\n<\/ul>\n<p><span style=\"font-size: 20px;\"><b>DOCUMENTACI\u00d3 A PRESENTAR (es demana en el formulari):<\/b><\/span><\/p>\n<ul>\n<li><span style=\"font-size: 20px;\"><b><span lang=\"CA\">DNI\u00a0 (original i fotoc\u00f2pia) per comprovar les dades<\/span><\/b><\/span><\/li>\n<li><span style=\"font-size: 20px;\"><b><span lang=\"CA\">DNI\u00a0 (original i fotoc\u00f2pia) del pare o mare o tutor legal en cas de ser menor d&#8217;edat<\/span><\/b><\/span><\/li>\n<li><span style=\"font-size: 20px;\"><b><span lang=\"CA\">Targeta sanit\u00e0ria individual (original i fotoc\u00f2pia)<\/span><\/b><\/span><\/li>\n<\/ul>\n<ul>\n<li><span style=\"font-size: 20px;\"><b><span lang=\"CA\">1 fotografia\u00a0 (amb el nom al darrera)<\/span><\/b><\/span><\/li>\n<\/ul>\n<ul>\n<li><span style=\"font-size: 20px;\"><a href=\"https:\/\/drive.google.com\/file\/d\/1HcvogtBA-UpTJkCYdGFJjit1FnelYIuK\/view\"><b>Carta de comprom\u00eds educatiu<\/b><\/a><\/span><\/li>\n<\/ul>\n<ul>\n<li><span style=\"font-size: 20px;\"><b><span lang=\"CA\">Resguard de pagament del PREU P\u00daBLIC DE MATR\u00cdCULA<\/span><\/b><\/span>\n<ul>\n<li><span style=\"font-size: 20px;\"><b><span lang=\"CA\">Informaci\u00f3 i full de pagament 2n curs TSEAS<\/span><\/b><\/span><\/li>\n<\/ul>\n<\/li>\n<\/ul>\n<ul>\n<li><span style=\"font-size: 20px;\"><b><span lang=\"CA\">Resguard de pagament de la quota de material , de les sortides i la quota de l\u2019AFA<br \/>\n<\/span><\/b><\/span><\/li>\n<\/ul>\n<ul>\n<li style=\"list-style-type: none;\">\n<ul>\n<li><span style=\"font-size: 20px;\"><strong><span lang=\"CA\">Full de pagament material i sortides 2n curs TSEAS<\/span><\/strong><b><span lang=\"CA\"><br \/>\n<\/span><\/b><\/span><\/li>\n<\/ul>\n<\/li>\n<\/ul>\n<ul>\n<li><span lang=\"CA\" style=\"font-size: 20px;\"><b>Comunicaci\u00f3 d\u2019acceptaci\u00f3 de\u00a0<a href=\"https:\/\/drive.google.com\/open?id=1wj5yKwWbaJu1xB5VgjupWd5YhD_8-q3b\" target=\"_blank\" rel=\"noopener noreferrer\">l\u2019\u00fas de serveis i recursos digitals a Internet.\u00a0<\/a><\/b><\/span><\/li>\n<li><span lang=\"CA\" style=\"font-size: 20px;\"><b>Comunicaci\u00f3 d\u2019acceptaci\u00f3 de\u00a0<a href=\"https:\/\/drive.google.com\/file\/d\/1kxjad8yJxli319Qab37UpZo7lRiJV2Yf\/view?usp=sharing\">l\u2019\u00fas d\u2019imatges i dades de car\u00e0cter personal<\/a><\/b><\/span><\/li>\n<\/ul>\n<\/div>\n<div><\/div>\n<div>\n<ul>\n<li><span style=\"font-size: 20px;\"><b><span lang=\"CA\"><a href=\"https:\/\/drive.google.com\/file\/d\/1MTH5KbrGRDQQeTMD_Y67lEFj0gC-uGup\/view?usp=sharing\">Fitxa de dades personals<\/a>\u00a0(permisos i dades de l\u2019alumne\/a )<\/span><\/b><\/span><\/li>\n<li><span style=\"font-size: 20px;\"><strong>Autoritzaci\u00f3 <a href=\"https:\/\/drive.google.com\/file\/d\/1ud_rxELcpIVhWL7cdylXvUfmZeleCP27\/view?usp=drive_link\">cessi\u00f3 de dades<\/a> per l&#8217;orientaci\u00f3<\/strong><\/span><\/li>\n<\/ul>\n<\/div>\n<div>\n<p><strong><span style=\"font-size: 20px;\">Per al nou curs escolar \u00e9s necessari que els alumnes puguin disposar del seu ordinador port\u00e0til. L&#8217;institut recomana que tingui les seg\u00fcents caracter\u00edstiques m\u00ednimes recomanades:<\/span><\/strong><\/p>\n<p><strong><span style=\"font-size: 20px;\">* Processador: Intel i5 \/ AMD Ryzen 5<\/span><\/strong><br \/>\n<strong><span style=\"font-size: 20px;\">* Mem\u00f2ria RAM: 8 gb RAM<\/span><\/strong><br \/>\n<strong><span style=\"font-size: 20px;\">* Emmagatzematge principal (disc dur): tipus SSD.<\/span><\/strong><br \/>\n<strong><span style=\"font-size: 20px;\">* Assegurar-se que la bateria tingui una duraci\u00f3 de 6-8 hores.<\/span><\/strong><\/p>\n<\/div>\n","protected":false},"excerpt":{"rendered":"<p>MATR\u00cdCULA<br \/>\nDates:<\/p>\n<ul>\n<li>2n curs: del 25 de juny al 03 de juliol\u00a0de 2026<\/li>\n<li>Per matricular-vos heu d\u2019omplir el formulari que trobareu en el seg\u00fcent enlla\u00e7:\u00a0\n<ul>\n<li>ENLLA\u00c7 MATRICULACI\u00d3: FORMULARI<\/li>\n<\/ul>\n<ul>\n<li style=\"list-style-type: none;\"><\/li>\n<\/ul>\n<\/li>\n<\/ul>\n<p>DOCUMENTACI\u00d3 A PRESENTAR (es demana en el formulari):<\/p>\n<ul>\n<li>DNI\u00a0 (original i fotoc\u00f2pia) per comprovar les dades<\/li>\n<li>DNI\u00a0 (original i fotoc\u00f2pia) del pare&hellip;  <a href=\"https:\/\/agora.xtec.cat\/iesperealsius\/preinscripcio\/preinscripcio-grau-superior\/matricula-gs-ensenyament-i-animacio-socioesportiva-2n-curs\/\" title=\"Read 2.2 &#8211; Matr\u00edcula GS Ensenyament i animaci\u00f3 socioesportiva &#8211; 2n curs\">Llegeix m\u00e9s\u00bb<\/a><br \/>\n","protected":false},"author":1,"featured_media":0,"parent":833,"menu_order":40,"comment_status":"closed","ping_status":"closed","template":"page-templates\/side-menu.php","meta":{"_bbp_topic_count":0,"_bbp_reply_count":0,"_bbp_total_topic_count":0,"_bbp_total_reply_count":0,"_bbp_voice_count":0,"_bbp_anonymous_reply_count":0,"_bbp_topic_count_hidden":0,"_bbp_reply_count_hidden":0,"_bbp_forum_subforum_count":0,"footnotes":""},"class_list":["post-8266","page","type-page","status-publish","hentry"],"post_mailing_queue_ids":[],"_links":{"self":[{"href":"https:\/\/agora.xtec.cat\/iesperealsius\/wp-json\/wp\/v2\/pages\/8266","targetHints":{"allow":["GET"]}}],"collection":[{"href":"https:\/\/agora.xtec.cat\/iesperealsius\/wp-json\/wp\/v2\/pages"}],"about":[{"href":"https:\/\/agora.xtec.cat\/iesperealsius\/wp-json\/wp\/v2\/types\/page"}],"author":[{"embeddable":true,"href":"https:\/\/agora.xtec.cat\/iesperealsius\/wp-json\/wp\/v2\/users\/1"}],"replies":[{"embeddable":true,"href":"https:\/\/agora.xtec.cat\/iesperealsius\/wp-json\/wp\/v2\/comments?post=8266"}],"version-history":[{"count":7,"href":"https:\/\/agora.xtec.cat\/iesperealsius\/wp-json\/wp\/v2\/pages\/8266\/revisions"}],"predecessor-version":[{"id":12933,"href":"https:\/\/agora.xtec.cat\/iesperealsius\/wp-json\/wp\/v2\/pages\/8266\/revisions\/12933"}],"up":[{"embeddable":true,"href":"https:\/\/agora.xtec.cat\/iesperealsius\/wp-json\/wp\/v2\/pages\/833"}],"wp:attachment":[{"href":"https:\/\/agora.xtec.cat\/iesperealsius\/wp-json\/wp\/v2\/media?parent=8266"}],"curies":[{"name":"wp","href":"https:\/\/api.w.org\/{rel}","templated":true}]}}