{"id":77,"date":"2014-09-18T10:29:25","date_gmt":"2014-09-18T09:29:25","guid":{"rendered":"http:\/\/agora.xtec.cat\/iesperealsius\/?page_id=77"},"modified":"2025-07-14T10:25:26","modified_gmt":"2025-07-14T08:25:26","slug":"transport-escolar","status":"publish","type":"page","link":"https:\/\/agora.xtec.cat\/iesperealsius\/serveis\/transport-escolar\/","title":{"rendered":"Transport escolar"},"content":{"rendered":"<p><span style=\"font-size: 20px;\"><strong><a href=\"http:\/\/www.plaestany.cat\/les-arees\/educacio-i-cultura\/educacio\/transport-escolar\" target=\"_blank\" rel=\"noopener noreferrer\"><span style=\"font-size: 28px;\">Consell Comarcal. Transport Escolar<\/span><\/a><\/strong><\/span><\/p>\n<p><span style=\"font-size: 20px;\">A trav\u00e9s de l&#8217;establiment d&#8217;un conveni amb el Departament d&#8217;Ensenyament, el Consell Comarcal t\u00e9 delegada la compet\u00e8ncia per a l&#8217;organtizaci\u00f3 del transport escolar per als alumnes de la nostra comarca que segueixen l&#8217;ensenyament obligatori tant de prim\u00e0ria com de secund\u00e0ria. El Consell Comarcal s&#8217;ocupa que tots els alumnes que hi tinguin dret i ho hagin de menester puguin despla\u00e7ar-se per seguir els estudis obligatoris.<\/span><\/p>\n<p><span style=\"font-size: 20px;\">Tot seguit, us anotem l&#8217;enlla\u00e7 on trobareu tota la informaci\u00f3, aix\u00ed com els models d&#8217;impresos per poder sol\u00b7licitar el servei d&#8217;acord amb l&#8217;etapa educativa de l&#8217;alumne\/a, per tal que informeu les fam\u00edlies del vostre centre que hagin de fer aquest tr\u00e0mit per al curs vinent. <\/span><\/p>\n<p><span style=\"font-size: 20px;\">L&#8217;enlla\u00e7 \u00e9s el seg\u00fcent: <a href=\"https:\/\/plaestany.cat\/Les-%C3%A0rees\/Educaci%C3%B3-i-Cultura\/Educaci%C3%B3\/Transport-escolar\" target=\"_blank\" rel=\"noopener noreferrer\" data-saferedirecturl=\"https:\/\/www.google.com\/url?q=https:\/\/plaestany.cat\/Les-%25C3%25A0rees\/Educaci%25C3%25B3-i-Cultura\/Educaci%25C3%25B3\/Transport-escolar&amp;source=gmail&amp;ust=1592981721804000&amp;usg=AFQjCNFFRFiuKp-McrnhZLcFoXsU_AbO_Q\">https:\/\/plaestany.cat\/Les-%C3%<wbr \/>A0rees\/Educaci%C3%B3-i-<wbr \/>Cultura\/Educaci%C3%B3\/<wbr \/>Transport-escolar<\/a><\/span><\/p>\n<p><span style=\"font-size: 20px;\">Si teniu qualsevol dubte o aclariment en relaci\u00f3 amb aquesta convocat\u00f2ria, us podeu posar en contacte amb l&#8217;\u00c0rea d&#8217;Ensenyament a trav\u00e9s de l&#8217;adre\u00e7a de correu electr\u00f2nic <a href=\"mailto:ensenyament@plaestany.cat\" target=\"_blank\" rel=\"noopener noreferrer\">ensenyament@plaestany.cat<\/a>. <\/span><\/p>\n<p><span style=\"font-size: 24px; color: #00ccff;\"><strong>Lloc i presentaci\u00f3 de les sol\u00b7licituds<\/strong><\/span><\/p>\n<p><span style=\"font-size: 20px;\"><strong>L\u2019impr\u00e8s de sol\u00b7licitud es pot presentar en dues modalitats<\/strong>:<\/span><\/p>\n<ul>\n<li><span style=\"font-size: 20px;\">Telem\u00e0tica (preferiblement), mitjan\u00e7ant el tr\u00e0mit \u201cInst\u00e0ncia gen\u00e8rica\u201d de la Seu Electr\u00f2nica (<em><strong><a href=\"https:\/\/www.seu-e.cat\/ca\/web\/ccpladelestany\/seu-electronica\" target=\"_blank\" rel=\"noopener noreferrer\">https:\/\/www.seu-e.cat\/ca\/web\/ccpladelestany\/seu-electronica<\/a><\/strong><\/em>), al Registre Electr\u00f2nic del Consell Comarcal.<\/span><\/li>\n<li><span style=\"font-size: 20px;\">Presencial, a la seu del Consell Comarcal (c. Catalunya, 48, de Banyoles), de 9.00 h a 14.00 h, o b\u00e9 a l\u2019Ajuntament corresponent, en horari d\u2019atenci\u00f3 al p\u00fablic.<\/span><\/li>\n<\/ul>\n<p><span style=\"font-size: 20px;\"><em><strong>En cas de voler fer el tr\u00e0mit de manera presencial al Consell Comarcal, cal demanar cita pr\u00e8via al Consell Comarcal clicant <\/strong><a href=\"https:\/\/plaestany.cat\/Tr%C3%A0mits-i-gestions\/Cita-pr%C3%A8via\" target=\"_blank\" rel=\"noopener noreferrer\">aqu\u00ed<\/a>,<strong> per acordar dia i hora de presentaci\u00f3 de la sol\u00b7licitud. <\/strong><\/em><\/span><\/p>\n<p>&nbsp;<\/p>\n<div class=\"alert alert-info\" role=\"alert\">\n<p><span style=\"font-size: 20px;\"><strong>Informaci\u00f3 d\u2019inter\u00e8s per a l\u2019alumnat de batxillerat o cicle formatiu (educaci\u00f3 postobligat\u00f2ria)<\/strong><\/span><\/p>\n<p><span style=\"font-size: 20px;\">L\u2019alumnat que cursa batxillerat o cicle formatiu nom\u00e9s podr\u00e0 utilitzar el servei de transport escolar sempre que hi hagi places lliures en els autocars de les rutes establertes per als alumnes d\u2019educaci\u00f3 obligat\u00f2ria.<\/span><\/p>\n<p><span style=\"font-size: 20px;\">Les places vacants s\u2019adjudicaran per rigor\u00f3s ordre d\u2019entrada de la sol\u00b7licitud corresponent al Registre d\u2019Entrada del Consell Comarcal.<\/span><\/p>\n<\/div>\n","protected":false},"excerpt":{"rendered":"<p><a href=\"http:\/\/www.plaestany.cat\/les-arees\/educacio-i-cultura\/educacio\/transport-escolar\" target=\"_blank\" rel=\"noopener noreferrer\">Consell Comarcal. Transport Escolar<\/a><br \/>\nA trav\u00e9s de l&#8217;establiment d&#8217;un conveni amb el Departament d&#8217;Ensenyament, el Consell Comarcal t\u00e9 delegada la compet\u00e8ncia per a l&#8217;organtizaci\u00f3 del transport escolar per als alumnes de la nostra comarca que segueixen l&#8217;ensenyament obligatori tant de prim\u00e0ria com&hellip;  <a href=\"https:\/\/agora.xtec.cat\/iesperealsius\/serveis\/transport-escolar\/\" title=\"Read Transport escolar\">Llegeix m\u00e9s\u00bb<\/a><\/p>\n","protected":false},"author":1,"featured_media":0,"parent":63,"menu_order":30,"comment_status":"closed","ping_status":"closed","template":"page-templates\/side-menu.php","meta":{"_bbp_topic_count":0,"_bbp_reply_count":0,"_bbp_total_topic_count":0,"_bbp_total_reply_count":0,"_bbp_voice_count":0,"_bbp_anonymous_reply_count":0,"_bbp_topic_count_hidden":0,"_bbp_reply_count_hidden":0,"_bbp_forum_subforum_count":0,"footnotes":""},"class_list":["post-77","page","type-page","status-publish","hentry"],"post_mailing_queue_ids":[],"_links":{"self":[{"href":"https:\/\/agora.xtec.cat\/iesperealsius\/wp-json\/wp\/v2\/pages\/77","targetHints":{"allow":["GET"]}}],"collection":[{"href":"https:\/\/agora.xtec.cat\/iesperealsius\/wp-json\/wp\/v2\/pages"}],"about":[{"href":"https:\/\/agora.xtec.cat\/iesperealsius\/wp-json\/wp\/v2\/types\/page"}],"author":[{"embeddable":true,"href":"https:\/\/agora.xtec.cat\/iesperealsius\/wp-json\/wp\/v2\/users\/1"}],"replies":[{"embeddable":true,"href":"https:\/\/agora.xtec.cat\/iesperealsius\/wp-json\/wp\/v2\/comments?post=77"}],"version-history":[{"count":4,"href":"https:\/\/agora.xtec.cat\/iesperealsius\/wp-json\/wp\/v2\/pages\/77\/revisions"}],"predecessor-version":[{"id":12273,"href":"https:\/\/agora.xtec.cat\/iesperealsius\/wp-json\/wp\/v2\/pages\/77\/revisions\/12273"}],"up":[{"embeddable":true,"href":"https:\/\/agora.xtec.cat\/iesperealsius\/wp-json\/wp\/v2\/pages\/63"}],"wp:attachment":[{"href":"https:\/\/agora.xtec.cat\/iesperealsius\/wp-json\/wp\/v2\/media?parent=77"}],"curies":[{"name":"wp","href":"https:\/\/api.w.org\/{rel}","templated":true}]}}