{"id":7683,"date":"2021-09-21T09:28:09","date_gmt":"2021-09-21T07:28:09","guid":{"rendered":"https:\/\/agora.xtec.cat\/iesperealsius\/?page_id=7683"},"modified":"2025-09-11T10:29:37","modified_gmt":"2025-09-11T08:29:37","slug":"equip-docent-de-2n-deso","status":"publish","type":"page","link":"https:\/\/agora.xtec.cat\/iesperealsius\/equips-docents\/equip-docent-de-2n-deso\/","title":{"rendered":"Equip docent de 2n d&#8217;ESO"},"content":{"rendered":"<p style=\"text-align: justify;\"><strong>Equip docent de 2n d&#8217;ESO &#8211; Curs 2025-26<\/strong><\/p>\n<p>&nbsp;<\/p>\n<p><a href=\"https:\/\/agora.xtec.cat\/iesperealsius\/wp-content\/uploads\/usu45\/2025\/09\/Foto-ED-2ESO-1-2-1-scaled.jpg\"><img loading=\"lazy\" decoding=\"async\" class=\"alignnone wp-image-12321 size-large\" src=\"https:\/\/agora.xtec.cat\/iesperealsius\/wp-content\/uploads\/usu45\/2025\/09\/Foto-ED-2ESO-1-2-1-1024x504.jpg\" alt=\"\" width=\"1024\" height=\"504\" srcset=\"https:\/\/agora.xtec.cat\/iesperealsius\/wp-content\/uploads\/usu45\/2025\/09\/Foto-ED-2ESO-1-2-1-1024x504.jpg 1024w, https:\/\/agora.xtec.cat\/iesperealsius\/wp-content\/uploads\/usu45\/2025\/09\/Foto-ED-2ESO-1-2-1-300x148.jpg 300w, https:\/\/agora.xtec.cat\/iesperealsius\/wp-content\/uploads\/usu45\/2025\/09\/Foto-ED-2ESO-1-2-1-768x378.jpg 768w, https:\/\/agora.xtec.cat\/iesperealsius\/wp-content\/uploads\/usu45\/2025\/09\/Foto-ED-2ESO-1-2-1-1536x755.jpg 1536w, https:\/\/agora.xtec.cat\/iesperealsius\/wp-content\/uploads\/usu45\/2025\/09\/Foto-ED-2ESO-1-2-1-2048x1007.jpg 2048w\" sizes=\"auto, (max-width: 1024px) 100vw, 1024px\" \/><\/a><\/p>\n<div id=\":vm\" class=\"Am aiL aO9 Al editable LW-avf tS-tW tS-tY\" tabindex=\"1\" role=\"textbox\" contenteditable=\"true\" spellcheck=\"false\" aria-label=\"Cos del missatge\" aria-multiline=\"true\" aria-owns=\":y0\" aria-controls=\":y0\" aria-expanded=\"false\">\n<p><span style=\"color: #444444;\"><strong>Tutors<\/strong>: S\u00edlvia Vi\u00f1as, Edgar Gonz\u00e1lez, Marc Bassols i\u00a0Imma Serra<\/span><\/p>\n<p><span style=\"color: #444444;\"><strong>Llengua catalana<\/strong>: Maria Cots i Montse Peiris<\/span><\/p>\n<p><span style=\"color: #444444;\"><strong>Llengua castellana<\/strong>: Teia Gonz\u00e1lez<\/span><\/p>\n<p><span style=\"color: #444444;\"><strong>Angl\u00e8s<\/strong>: Esther Garcia, Imma Verdaguer i\u00a0Gemma Mart\u00ednez<\/span><\/p>\n<p><span style=\"color: #444444;\"><strong>Matem\u00e0tiques<\/strong>: Xavier Soler i Josep Juanola<\/span><\/p>\n<p><span style=\"color: #444444;\"><strong>Tecnologia<\/strong>: S\u00edlvia Vi\u00f1as<\/span><\/p>\n<p><span style=\"color: #444444;\"><strong>Educaci\u00f3 F\u00edsica<\/strong>: Albert V\u00e1zquez i Marc Bassols<\/span><\/p>\n<p><span style=\"color: #444444;\"><strong>Socials:<\/strong>\u00a0Imma Serra<\/span><\/p>\n<p><span style=\"color: #444444;\"><strong>Cultura i valors<\/strong>:\u00a0Joan Xavier Vidal<\/span><\/p>\n<p><span style=\"color: #444444;\"><strong>M\u00fasica<\/strong>: Carme Monells<\/span><\/p>\n<p><span style=\"color: #444444;\"><strong>F\u00edsica i Qu\u00edmica<\/strong>: Edgar Gonz\u00e1lez i L\u00eddia Bruns\u00f3<\/span><\/p>\n<p><span style=\"color: #444444;\"><strong>Franc\u00e8s<\/strong>: Carolina Padrosa<\/span><\/p>\n<p><span style=\"color: #444444;\"><strong>PIM<\/strong>: Josep Juanola,\u00a0Joan Xavier Vidal, Imma Agust\u00ed, Raquel Galera, S\u00edlvia Santos, Laura Camps, Mireia Raja, Jan Casals i Cristina Otero<\/span><\/p>\n<p><span style=\"color: #444444;\"><strong>Projecte APPS<\/strong>: Dani Marin, Edgar Gonz\u00e1lez i Sergi P\u00e9rez<\/span><\/p>\n<p><span style=\"color: #444444;\"><strong>Projecte textos il\u00b7lustrats<\/strong>: Judith Romans i Teia Gonz\u00e1lez<\/span><\/p>\n<p><span style=\"color: #444444;\"><b>Aula acollida:<\/b>\u00a0Carolina Padrosa, Judit Romans i Carme Monells<\/span><\/p>\n<p><strong>Orientadora<\/strong>: S\u00edlvia Santos<\/p>\n<p><strong>PAE<\/strong>: Marta Bramon<\/p>\n<\/div>\n","protected":false},"excerpt":{"rendered":"<p>Equip docent de 2n d&#8217;ESO &#8211; Curs 2025-26<br \/>\n&nbsp;<br \/>\n<a href=\"https:\/\/agora.xtec.cat\/iesperealsius\/wp-content\/uploads\/usu45\/2025\/09\/Foto-ED-2ESO-1-2-1-scaled.jpg\"><\/a><\/p>\n<p>Tutors: S\u00edlvia Vi\u00f1as, Edgar Gonz\u00e1lez, Marc Bassols i\u00a0Imma Serra<br \/>\nLlengua catalana: Maria Cots i Montse Peiris<br \/>\nLlengua castellana: Teia Gonz\u00e1lez<br \/>\nAngl\u00e8s: Esther Garcia, Imma Verdaguer i\u00a0Gemma Mart\u00ednez<br \/>\nMatem\u00e0tiques: Xavier Soler i Josep Juanola<br \/>\nTecnologia: S\u00edlvia Vi\u00f1as<br \/>\nEducaci\u00f3 F\u00edsica: Albert V\u00e1zquez i Marc Bassols<br \/>\nSocials:\u00a0Imma&hellip;  <a href=\"https:\/\/agora.xtec.cat\/iesperealsius\/equips-docents\/equip-docent-de-2n-deso\/\" title=\"Read Equip docent de 2n d&#8217;ESO\">Llegeix m\u00e9s\u00bb<\/a><\/p>\n","protected":false},"author":1,"featured_media":0,"parent":7618,"menu_order":10,"comment_status":"closed","ping_status":"closed","template":"page-templates\/side-menu.php","meta":{"_bbp_topic_count":0,"_bbp_reply_count":0,"_bbp_total_topic_count":0,"_bbp_total_reply_count":0,"_bbp_voice_count":0,"_bbp_anonymous_reply_count":0,"_bbp_topic_count_hidden":0,"_bbp_reply_count_hidden":0,"_bbp_forum_subforum_count":0,"footnotes":""},"class_list":["post-7683","page","type-page","status-publish","hentry"],"post_mailing_queue_ids":[],"_links":{"self":[{"href":"https:\/\/agora.xtec.cat\/iesperealsius\/wp-json\/wp\/v2\/pages\/7683","targetHints":{"allow":["GET"]}}],"collection":[{"href":"https:\/\/agora.xtec.cat\/iesperealsius\/wp-json\/wp\/v2\/pages"}],"about":[{"href":"https:\/\/agora.xtec.cat\/iesperealsius\/wp-json\/wp\/v2\/types\/page"}],"author":[{"embeddable":true,"href":"https:\/\/agora.xtec.cat\/iesperealsius\/wp-json\/wp\/v2\/users\/1"}],"replies":[{"embeddable":true,"href":"https:\/\/agora.xtec.cat\/iesperealsius\/wp-json\/wp\/v2\/comments?post=7683"}],"version-history":[{"count":8,"href":"https:\/\/agora.xtec.cat\/iesperealsius\/wp-json\/wp\/v2\/pages\/7683\/revisions"}],"predecessor-version":[{"id":12330,"href":"https:\/\/agora.xtec.cat\/iesperealsius\/wp-json\/wp\/v2\/pages\/7683\/revisions\/12330"}],"up":[{"embeddable":true,"href":"https:\/\/agora.xtec.cat\/iesperealsius\/wp-json\/wp\/v2\/pages\/7618"}],"wp:attachment":[{"href":"https:\/\/agora.xtec.cat\/iesperealsius\/wp-json\/wp\/v2\/media?parent=7683"}],"curies":[{"name":"wp","href":"https:\/\/api.w.org\/{rel}","templated":true}]}}