{"id":660,"date":"2018-08-20T11:21:35","date_gmt":"2018-08-20T09:21:35","guid":{"rendered":"http:\/\/agora.xtec.cat\/iesperealsius\/?page_id=660"},"modified":"2026-04-06T11:56:25","modified_gmt":"2026-04-06T09:56:25","slug":"bloc-comu-loe-intensiu-juny-2017","status":"publish","type":"page","link":"https:\/\/agora.xtec.cat\/iesperealsius\/estudis\/ensenyaments-esportius\/bloc-comu-loe-intensiu-juny-2017\/","title":{"rendered":"Bloc com\u00fa LOE intensiu juny 2026"},"content":{"rendered":"<div><strong><span style=\"color: #ff0000; font-size: large;\">CURS BLOC COM\u00da LOE \/ PER\u00cdODE TRANSITORI JUNY 2026<\/span><\/strong><\/div>\n<div><\/div>\n<div><\/div>\n<div><span style=\"font-size: medium;\">L&#8217;institut realitzar\u00e0 un bloc com\u00fa LOE per a totes les especialitats esportives LOE (vela, busseig,&#8230;) i per a les especialitats esportives en per\u00edode transitori (nataci\u00f3, patinatge, hoquei, tennis, paddle,&#8230;).<\/span><\/div>\n<div><span style=\"font-size: medium;\">\u00a0<\/span><\/div>\n<div><span style=\"font-size: medium;\">El curs \u00e9s en format intensiu, semipresencial 30% &#8211; 70%\u00a0 i en horari di\u00fcrn (matins).<\/span><\/div>\n<div><\/div>\n<div><span style=\"font-size: medium;\">Podeu trobar tota la informaci\u00f3 sobre el curs, el proc\u00e9s de preinscripci\u00f3, el proc\u00e9s de matriculaci\u00f3, preus, horaris,&#8230;) en el document seg\u00fcent:<\/span><\/div>\n<div><span style=\"font-size: medium;\">\u00a0<\/span><\/div>\n<div>\n<p><span style=\"background-color: #ffff00;\"><strong style=\"color: #ff0000;\">Bloc com\u00fa intensiu juny 2026<\/strong><\/span><\/p>\n<\/div>\n<div><\/div>\n<div>\n<p><a href=\"https:\/\/drive.google.com\/file\/d\/1Wr9r3x2G8nEPrjZ0LqchHWdONrBC_TQs\/view?usp=sharing\"><strong>Organitzaci\u00f3 bloc com\u00fa de nivell inicial<\/strong><\/a><\/p>\n<p><strong><a href=\"https:\/\/drive.google.com\/file\/d\/1rZ8S8DWq1FWMp6rsxJfCRg_S1Puw-kUW\/view?usp=sharing\">Horaris bloc com\u00fa de nivell inicial<\/a> <em>(provisional)<\/em><\/strong><\/p>\n<p><strong>Full Sol\u00b7licitud Preinscripci\u00f3<\/strong><\/p>\n<\/div>\n<div>\n<p>&nbsp;<\/p>\n<\/div>\n","protected":false},"excerpt":{"rendered":"<p>CURS BLOC COM\u00da LOE \/ PER\u00cdODE TRANSITORI JUNY 2026<\/p>\n<p>L&#8217;institut realitzar\u00e0 un bloc com\u00fa LOE per a totes les especialitats esportives LOE (vela, busseig,&#8230;) i per a les especialitats esportives en per\u00edode transitori (nataci\u00f3, patinatge, hoquei, tennis, paddle,&#8230;).<br \/>\n\u00a0<br \/>\nEl curs \u00e9s en format intensiu, semipresencial 30% &#8211;&hellip;  <a href=\"https:\/\/agora.xtec.cat\/iesperealsius\/estudis\/ensenyaments-esportius\/bloc-comu-loe-intensiu-juny-2017\/\" title=\"Read Bloc com\u00fa LOE intensiu juny 2026\">Llegeix m\u00e9s\u00bb<\/a><\/p>\n","protected":false},"author":1,"featured_media":0,"parent":528,"menu_order":80,"comment_status":"closed","ping_status":"closed","template":"page-templates\/side-menu.php","meta":{"_bbp_topic_count":0,"_bbp_reply_count":0,"_bbp_total_topic_count":0,"_bbp_total_reply_count":0,"_bbp_voice_count":0,"_bbp_anonymous_reply_count":0,"_bbp_topic_count_hidden":0,"_bbp_reply_count_hidden":0,"_bbp_forum_subforum_count":0,"footnotes":""},"class_list":["post-660","page","type-page","status-publish","hentry"],"post_mailing_queue_ids":[],"_links":{"self":[{"href":"https:\/\/agora.xtec.cat\/iesperealsius\/wp-json\/wp\/v2\/pages\/660","targetHints":{"allow":["GET"]}}],"collection":[{"href":"https:\/\/agora.xtec.cat\/iesperealsius\/wp-json\/wp\/v2\/pages"}],"about":[{"href":"https:\/\/agora.xtec.cat\/iesperealsius\/wp-json\/wp\/v2\/types\/page"}],"author":[{"embeddable":true,"href":"https:\/\/agora.xtec.cat\/iesperealsius\/wp-json\/wp\/v2\/users\/1"}],"replies":[{"embeddable":true,"href":"https:\/\/agora.xtec.cat\/iesperealsius\/wp-json\/wp\/v2\/comments?post=660"}],"version-history":[{"count":7,"href":"https:\/\/agora.xtec.cat\/iesperealsius\/wp-json\/wp\/v2\/pages\/660\/revisions"}],"predecessor-version":[{"id":12955,"href":"https:\/\/agora.xtec.cat\/iesperealsius\/wp-json\/wp\/v2\/pages\/660\/revisions\/12955"}],"up":[{"embeddable":true,"href":"https:\/\/agora.xtec.cat\/iesperealsius\/wp-json\/wp\/v2\/pages\/528"}],"wp:attachment":[{"href":"https:\/\/agora.xtec.cat\/iesperealsius\/wp-json\/wp\/v2\/media?parent=660"}],"curies":[{"name":"wp","href":"https:\/\/api.w.org\/{rel}","templated":true}]}}