{"id":632,"date":"2018-08-12T17:29:40","date_gmt":"2018-08-12T15:29:40","guid":{"rendered":"http:\/\/agora.xtec.cat\/iesperealsius\/?page_id=632"},"modified":"2026-04-08T21:24:21","modified_gmt":"2026-04-08T19:24:21","slug":"cicles-formatius","status":"publish","type":"page","link":"https:\/\/agora.xtec.cat\/iesperealsius\/estudis\/cicles-formatius-2\/cicles-formatius\/","title":{"rendered":"Informaci\u00f3 General Cicle Formatiu Grau Superior &#8211; Ensenyament i Animaci\u00f3 Socioesportiva"},"content":{"rendered":"<p><strong><span style=\"font-size: x-large;\">T\u00e8cnic o T\u00e8cnica Superior en Ensenyament i Animaci\u00f3 Socioesportiva<\/span><\/strong><\/p>\n<div style=\"text-align: justify;\"><span style=\"font-size: 20px;\">Aquests estudis capaciten per elaborar, gestionar i avaluar projectes d&#8217;animaci\u00f3 f\u00edsicoesportius i recreatius per a tot tipus d&#8217;usaris, programant i dirigint les activitats d&#8217;Ensenyament, d&#8217;inclusi\u00f3 socioesportiva i de temps lliure, coordinant les actuacions dels professionals implicats, garantint-ne la seguretat, respectant el medi ambient, i aconseguint la satisfacci\u00f3 dels usuaris, en els l\u00edmits previstos de cost.<\/span><\/div>\n<div><span style=\"font-size: large;\">\u00a0<\/span><\/div>\n<div><span style=\"font-size: 20px;\">T\u00e9 una durada de 2000 hores (1617 hores a l&#8217;institut i 383 hores en un centre de treball) distribu\u00efdes en <strong>dos\u00a0cursos<\/strong>\u00a0escolars.\u00a0<\/span><\/div>\n<div><\/div>\n<div><\/div>\n<p><span style=\"font-size: large;\"><strong>CF de Grau Superior: Ensenyament i animaci\u00f3 socioesportiva \u00a0<em><span style=\"color: #ff0000;\">DUAL<\/span><\/em><\/strong><\/span><\/p>\n<p><a href=\"https:\/\/agora.xtec.cat\/iesperealsius\/wp-content\/uploads\/usu45\/2026\/04\/ensenyament-i-animacio-rectificat_page-0001.jpg\"><img loading=\"lazy\" decoding=\"async\" class=\"alignnone wp-image-12978 size-full\" src=\"https:\/\/agora.xtec.cat\/iesperealsius\/wp-content\/uploads\/usu45\/2026\/04\/ensenyament-i-animacio-rectificat_page-0001.jpg\" alt=\"\" width=\"1754\" height=\"1241\" srcset=\"https:\/\/agora.xtec.cat\/iesperealsius\/wp-content\/uploads\/usu45\/2026\/04\/ensenyament-i-animacio-rectificat_page-0001.jpg 1754w, https:\/\/agora.xtec.cat\/iesperealsius\/wp-content\/uploads\/usu45\/2026\/04\/ensenyament-i-animacio-rectificat_page-0001-300x212.jpg 300w, https:\/\/agora.xtec.cat\/iesperealsius\/wp-content\/uploads\/usu45\/2026\/04\/ensenyament-i-animacio-rectificat_page-0001-1024x725.jpg 1024w, https:\/\/agora.xtec.cat\/iesperealsius\/wp-content\/uploads\/usu45\/2026\/04\/ensenyament-i-animacio-rectificat_page-0001-768x543.jpg 768w, https:\/\/agora.xtec.cat\/iesperealsius\/wp-content\/uploads\/usu45\/2026\/04\/ensenyament-i-animacio-rectificat_page-0001-1536x1087.jpg 1536w\" sizes=\"auto, (max-width: 1754px) 100vw, 1754px\" \/><\/a> <a href=\"https:\/\/agora.xtec.cat\/iesperealsius\/wp-content\/uploads\/usu45\/2026\/04\/ensenyament-i-animacio-rectificat_page-0002.jpg\"><img loading=\"lazy\" decoding=\"async\" class=\"alignnone wp-image-12977 size-full\" src=\"https:\/\/agora.xtec.cat\/iesperealsius\/wp-content\/uploads\/usu45\/2026\/04\/ensenyament-i-animacio-rectificat_page-0002.jpg\" alt=\"\" width=\"1754\" height=\"1241\" srcset=\"https:\/\/agora.xtec.cat\/iesperealsius\/wp-content\/uploads\/usu45\/2026\/04\/ensenyament-i-animacio-rectificat_page-0002.jpg 1754w, https:\/\/agora.xtec.cat\/iesperealsius\/wp-content\/uploads\/usu45\/2026\/04\/ensenyament-i-animacio-rectificat_page-0002-300x212.jpg 300w, https:\/\/agora.xtec.cat\/iesperealsius\/wp-content\/uploads\/usu45\/2026\/04\/ensenyament-i-animacio-rectificat_page-0002-1024x725.jpg 1024w, https:\/\/agora.xtec.cat\/iesperealsius\/wp-content\/uploads\/usu45\/2026\/04\/ensenyament-i-animacio-rectificat_page-0002-768x543.jpg 768w, https:\/\/agora.xtec.cat\/iesperealsius\/wp-content\/uploads\/usu45\/2026\/04\/ensenyament-i-animacio-rectificat_page-0002-1536x1087.jpg 1536w\" sizes=\"auto, (max-width: 1754px) 100vw, 1754px\" \/><\/a><\/p>\n<p>&nbsp;<\/p>\n<p><iframe loading=\"lazy\" src=\"https:\/\/drive.google.com\/file\/d\/1pFrdtADHHOuJYbuqgP_auSjOO_45qTkX\/preview\" width=\"1200\" height=\"800\"><\/iframe><\/p>\n<p>&nbsp;<\/p>\n<p><!--\n<a href=\"http:\/\/perealsius2.ieduca.com\/scripts\/download_docs.php?dw=P-h4zj5y0gtv\">Cicles PDF\u00a0<\/a>\u00a0<a href=\"http:\/\/perealsius2.ieduca.com\/scripts\/download_docs.php?dw=P-2mqrtyjsby\">CFGM PDF<\/a>\u00a0\u00a0<a href=\"http:\/\/perealsius2.ieduca.com\/scripts\/download_docs.php?dw=P-mfu6acys9w\">CFGS LOE PDF<\/a>\u00a0\u00a0<a href=\"http:\/\/perealsius2.ieduca.com\/scripts\/download_docs.php?dw=P-xf3vo0usun\">CFGS PDF<\/a>\n--><\/p>\n","protected":false},"excerpt":{"rendered":"<p>T\u00e8cnic o T\u00e8cnica Superior en Ensenyament i Animaci\u00f3 Socioesportiva<br \/>\nAquests estudis capaciten per elaborar, gestionar i avaluar projectes d&#8217;animaci\u00f3 f\u00edsicoesportius i recreatius per a tot tipus d&#8217;usaris, programant i dirigint les activitats d&#8217;Ensenyament, d&#8217;inclusi\u00f3 socioesportiva i de temps lliure, coordinant les actuacions dels professionals implicats, garantint-ne&hellip;  <a href=\"https:\/\/agora.xtec.cat\/iesperealsius\/estudis\/cicles-formatius-2\/cicles-formatius\/\" title=\"Read Informaci\u00f3 General Cicle Formatiu Grau Superior &#8211; Ensenyament i Animaci\u00f3 Socioesportiva\">Llegeix m\u00e9s\u00bb<\/a><\/p>\n","protected":false},"author":1,"featured_media":0,"parent":2568,"menu_order":1,"comment_status":"closed","ping_status":"closed","template":"page-templates\/side-menu.php","meta":{"_bbp_topic_count":0,"_bbp_reply_count":0,"_bbp_total_topic_count":0,"_bbp_total_reply_count":0,"_bbp_voice_count":0,"_bbp_anonymous_reply_count":0,"_bbp_topic_count_hidden":0,"_bbp_reply_count_hidden":0,"_bbp_forum_subforum_count":0,"footnotes":""},"class_list":["post-632","page","type-page","status-publish","hentry"],"post_mailing_queue_ids":[],"_links":{"self":[{"href":"https:\/\/agora.xtec.cat\/iesperealsius\/wp-json\/wp\/v2\/pages\/632","targetHints":{"allow":["GET"]}}],"collection":[{"href":"https:\/\/agora.xtec.cat\/iesperealsius\/wp-json\/wp\/v2\/pages"}],"about":[{"href":"https:\/\/agora.xtec.cat\/iesperealsius\/wp-json\/wp\/v2\/types\/page"}],"author":[{"embeddable":true,"href":"https:\/\/agora.xtec.cat\/iesperealsius\/wp-json\/wp\/v2\/users\/1"}],"replies":[{"embeddable":true,"href":"https:\/\/agora.xtec.cat\/iesperealsius\/wp-json\/wp\/v2\/comments?post=632"}],"version-history":[{"count":6,"href":"https:\/\/agora.xtec.cat\/iesperealsius\/wp-json\/wp\/v2\/pages\/632\/revisions"}],"predecessor-version":[{"id":12983,"href":"https:\/\/agora.xtec.cat\/iesperealsius\/wp-json\/wp\/v2\/pages\/632\/revisions\/12983"}],"up":[{"embeddable":true,"href":"https:\/\/agora.xtec.cat\/iesperealsius\/wp-json\/wp\/v2\/pages\/2568"}],"wp:attachment":[{"href":"https:\/\/agora.xtec.cat\/iesperealsius\/wp-json\/wp\/v2\/media?parent=632"}],"curies":[{"name":"wp","href":"https:\/\/api.w.org\/{rel}","templated":true}]}}