{"id":5754,"date":"2020-05-12T10:30:51","date_gmt":"2020-05-12T08:30:51","guid":{"rendered":"https:\/\/agora.xtec.cat\/iesperealsius\/?page_id=5754"},"modified":"2025-03-30T15:32:30","modified_gmt":"2025-03-30T13:32:30","slug":"jornada-portes-obertes-cfgs-eas","status":"publish","type":"page","link":"https:\/\/agora.xtec.cat\/iesperealsius\/estudis\/cicles-formatius-2\/cicles-formatius\/jornada-portes-obertes-cfgs-eas\/","title":{"rendered":"Jornada Portes Obertes &#8211; CFGS Ensenyament i Animaci\u00f3 Socioesportiva"},"content":{"rendered":"<ul>\n<li><span style=\"font-size: 20px;\">Informaci\u00f3 portes obertes Cicle Formatiu Grau Superior d&#8217;Ensenyament i Animaci\u00f3 Socioesportiva<\/span><\/li>\n<li><a href=\"https:\/\/drive.google.com\/file\/d\/1aZIO3qmHQo_98SmuESdtblSTiygCKOj5\/view?usp=sharing\"><span style=\"font-size: 20px;\">Preguntes freq\u00fcents en la jornada de portes obertes del Cicle Formatiu de Grau Superior d&#8217;Ensenyament i Animaci\u00f3 Socioesportiva<\/span><\/a><\/li>\n<\/ul>\n<p><em><span style=\"font-size: 20px;\">La jornada de portes obertes del CFGS\u00a0 d&#8217;Ensenyament i Animaci\u00f3 Socioesportiva ser\u00e0 el proper dimecres 21 de maig de 2025 en format presencial a les 19 hores al gimn\u00e0s de l&#8217;institut; penjarem la presentaci\u00f3 un cop s&#8217;hagin realitzat.\u00a0<\/span><\/em><\/p>\n","protected":false},"excerpt":{"rendered":"<ul>\n<li>Informaci\u00f3 portes obertes Cicle Formatiu Grau Superior d&#8217;Ensenyament i Animaci\u00f3 Socioesportiva<\/li>\n<li><a href=\"https:\/\/drive.google.com\/file\/d\/1aZIO3qmHQo_98SmuESdtblSTiygCKOj5\/view?usp=sharing\">Preguntes freq\u00fcents en la jornada de portes obertes del Cicle Formatiu de Grau Superior d&#8217;Ensenyament i Animaci\u00f3 Socioesportiva<\/a><\/li>\n<\/ul>\n<p>La jornada de portes obertes del CFGS\u00a0 d&#8217;Ensenyament i Animaci\u00f3 Socioesportiva ser\u00e0 el proper dimecres 21 de&hellip;  <a href=\"https:\/\/agora.xtec.cat\/iesperealsius\/estudis\/cicles-formatius-2\/cicles-formatius\/jornada-portes-obertes-cfgs-eas\/\" title=\"Read Jornada Portes Obertes &#8211; CFGS Ensenyament i Animaci\u00f3 Socioesportiva\">Llegeix m\u00e9s\u00bb<\/a><\/p>\n","protected":false},"author":1,"featured_media":0,"parent":632,"menu_order":0,"comment_status":"closed","ping_status":"closed","template":"page-templates\/side-menu.php","meta":{"_bbp_topic_count":0,"_bbp_reply_count":0,"_bbp_total_topic_count":0,"_bbp_total_reply_count":0,"_bbp_voice_count":0,"_bbp_anonymous_reply_count":0,"_bbp_topic_count_hidden":0,"_bbp_reply_count_hidden":0,"_bbp_forum_subforum_count":0,"footnotes":""},"class_list":["post-5754","page","type-page","status-publish","hentry"],"post_mailing_queue_ids":[],"_links":{"self":[{"href":"https:\/\/agora.xtec.cat\/iesperealsius\/wp-json\/wp\/v2\/pages\/5754","targetHints":{"allow":["GET"]}}],"collection":[{"href":"https:\/\/agora.xtec.cat\/iesperealsius\/wp-json\/wp\/v2\/pages"}],"about":[{"href":"https:\/\/agora.xtec.cat\/iesperealsius\/wp-json\/wp\/v2\/types\/page"}],"author":[{"embeddable":true,"href":"https:\/\/agora.xtec.cat\/iesperealsius\/wp-json\/wp\/v2\/users\/1"}],"replies":[{"embeddable":true,"href":"https:\/\/agora.xtec.cat\/iesperealsius\/wp-json\/wp\/v2\/comments?post=5754"}],"version-history":[{"count":6,"href":"https:\/\/agora.xtec.cat\/iesperealsius\/wp-json\/wp\/v2\/pages\/5754\/revisions"}],"predecessor-version":[{"id":11827,"href":"https:\/\/agora.xtec.cat\/iesperealsius\/wp-json\/wp\/v2\/pages\/5754\/revisions\/11827"}],"up":[{"embeddable":true,"href":"https:\/\/agora.xtec.cat\/iesperealsius\/wp-json\/wp\/v2\/pages\/632"}],"wp:attachment":[{"href":"https:\/\/agora.xtec.cat\/iesperealsius\/wp-json\/wp\/v2\/media?parent=5754"}],"curies":[{"name":"wp","href":"https:\/\/api.w.org\/{rel}","templated":true}]}}