{"id":572,"date":"2018-07-23T22:45:56","date_gmt":"2018-07-23T20:45:56","guid":{"rendered":"http:\/\/agora.xtec.cat\/iesperealsius\/?page_id=572"},"modified":"2023-10-16T19:09:30","modified_gmt":"2023-10-16T17:09:30","slug":"convalidacio-dansa","status":"publish","type":"page","link":"https:\/\/agora.xtec.cat\/iesperealsius\/convalidacio-dansa\/","title":{"rendered":"Convalidaci\u00f3 dansa"},"content":{"rendered":"<p>Els alumnes que estiguin cursant ESO o batxillerat i, simult\u00e0niament, cursin estudis de m\u00fasica en conservatoris, centres professionals o escoles de m\u00fasica autoritzades, poden sol\u00b7licitar la convalidaci\u00f3 o el reconeixement de mat\u00e8ries d&#8217;ESO o batxillerat en els termes que s&#8217;indiquen en el quadre resum que trobareu al final d&#8217;aquesta p\u00e0gina.<\/p>\n<p>En cas de complir els requisits establerts heu de presentar al centre:<\/p>\n<p><strong>ESO:<\/strong><\/p>\n<ul>\n<li>Sol\u00b7licitud de reducci\u00f3 de mat\u00e8ries de l&#8217;educaci\u00f3 secund\u00e0ria obligat\u00f2ria (ESO) per als alumnes que cursen estudis de dansa en un conservatori o en un centre professional o en una escola de dansa autoritzada (EDA1)<\/li>\n<\/ul>\n<p><strong>Batxillerat:<\/strong><\/p>\n<ul>\n<li>Conservatori: <a href=\"https:\/\/agora.xtec.cat\/iesperealsius\/wp-content\/uploads\/usu45\/2021\/09\/APU145convalidacio-dansa-bat.pdf\">Sol\u00b7licitud de reducci\u00f3 de mat\u00e8ries de la franja d\u2019espec\u00edfiques i\/o de l\u2019educaci\u00f3 f\u00edsica de batxillerat basant-se en estudis de dansa en un conservatori o en un centre professional<\/a>\u00a0(BDA1)<\/li>\n<\/ul>\n<ul>\n<li>Escola de m\u00fasica autoritzada: <a href=\"https:\/\/agora.xtec.cat\/iesperealsius\/wp-content\/uploads\/usu45\/2021\/09\/APU147convalidacio-dansa-bat2.pdf\">Sol\u00b7licitud de reducci\u00f3 de mat\u00e8ries de la franja d\u2019espec\u00edfiques i\/o de l\u2019educaci\u00f3 f\u00edsica de batxillerat basant-se en estudis de dansa en una escola de dansa autoritzada<\/a> (BDA3)<\/li>\n<\/ul>\n<p><strong>ESO i Batxillerat (certificats a omplir pel conservatori o per l\u2019escola de dansa) :<\/strong><\/p>\n<ul>\n<li><a href=\"https:\/\/agora.xtec.cat\/iesperealsius\/wp-content\/uploads\/usu45\/2021\/09\/A264.pdf\">Certificat expedit per l&#8217;escola de dansa autoritzada en qu\u00e8 s&#8217;acredita el curs i el nombre d&#8217;hores de dedicaci\u00f3 setmanal que fa l&#8217;alumne\/a per al reconeixement dels estudis de dansa en l&#8217;ESO o de la mat\u00e8ria d&#8217;educaci\u00f3 f\u00edsica en el batxillerat.<\/a><\/li>\n<li><a href=\"https:\/\/agora.xtec.cat\/iesperealsius\/wp-content\/uploads\/usu45\/2021\/09\/A144.pdf\">Certificat expedit per l\u2019escola de dansa autoritzada per tal que l\u2019alumne\/a pugui acollir-se al reconeixement amb reducci\u00f3 de mat\u00e8ries de batxillerat de la franja d\u2019espec\u00edfiques i\/o de l\u2019educaci\u00f3 f\u00edsica.<\/a><\/li>\n<\/ul>\n<p><span style=\"text-decoration: underline;\"><strong><span style=\"font-size: 20px;\">Quadre resum:<\/span><\/strong><\/span><\/p>\n<table style=\"width: 851px;\">\n<tbody>\n<tr>\n<td style=\"width: 844.767px;\" colspan=\"3\"><strong>ESO<br \/>\n<\/strong><\/td>\n<\/tr>\n<tr>\n<td style=\"width: 338.717px;\" rowspan=\"2\"><strong>Conservatori o centre professional<\/strong><\/td>\n<td style=\"width: 504.05px;\" colspan=\"2\"><strong>Escola autoritzada<\/strong><\/td>\n<\/tr>\n<tr>\n<td style=\"width: 211.45px;\"><strong>Situaci\u00f3 1<\/strong><\/p>\n<p>Si es cursen entre 5 i 7 hores<\/td>\n<td style=\"width: 290.6px;\"><strong>Situaci\u00f3 2<\/strong><\/p>\n<p>Si es cursen 7 hores o m\u00e9s<\/td>\n<\/tr>\n<tr>\n<td style=\"width: 338.717px;\"><strong>Convalidaci\u00f3 m\u00e0xima<\/strong><\/td>\n<td style=\"width: 504.05px;\" colspan=\"2\"><strong>Reconeixement m\u00e0xim<\/strong><\/td>\n<\/tr>\n<tr>\n<td style=\"width: 338.717px;\">Educaci\u00f3 f\u00edsica<\/p>\n<p>M\u00fasica (mat\u00e8ria comuna de 1r a 3r) Les mat\u00e8ries optatives de 1r a 3r (2 hores per curs)<\/p>\n<p>Una mat\u00e8ria optativa espec\u00edfica de<\/p>\n<p>4t (3 hores)<\/td>\n<td style=\"width: 211.45px;\">Educaci\u00f3 f\u00edsica<\/td>\n<td style=\"width: 290.6px;\">&nbsp;<\/p>\n<p>Educaci\u00f3 f\u00edsica<\/p>\n<p>Les mat\u00e8ries optatives de<\/p>\n<p>1r a 3r (2 hores per curs)<\/p>\n<p>Una mat\u00e8ria optativa espec\u00edfica de 4t (3 hores) de la franja 3<\/td>\n<\/tr>\n<\/tbody>\n<\/table>\n<p>&nbsp;<\/p>\n<table style=\"width: 845px;\">\n<tbody>\n<tr>\n<td style=\"width: 838.767px;\" colspan=\"3\"><strong>BATXILLERAT<\/strong><\/td>\n<\/tr>\n<tr>\n<td style=\"width: 339.317px;\" rowspan=\"2\"><strong>Conservatori o centre professional<\/strong><\/td>\n<td style=\"width: 497.45px;\" colspan=\"2\"><strong>Escola autoritzada<\/strong><\/td>\n<\/tr>\n<tr>\n<td style=\"width: 218.2px;\"><strong>Situaci\u00f3 1<\/strong><\/p>\n<p>Si es cursen 11 hores o m\u00e9s de dansa<\/td>\n<td style=\"width: 277.25px;\"><strong>Situaci\u00f3 2<\/strong><\/p>\n<p>Si es cursen entre 7 i 10 hores de dansa<\/td>\n<\/tr>\n<tr>\n<td style=\"width: 339.317px;\"><strong>Convalidaci\u00f3 m\u00e0xima<\/strong><\/td>\n<td style=\"width: 497.45px;\" colspan=\"2\"><strong>Reconeixement m\u00e0xim<\/strong><\/td>\n<\/tr>\n<tr>\n<td style=\"width: 339.317px;\">Educaci\u00f3 f\u00edsica<\/p>\n<p>4 hores de la franja d&#8217;espec\u00edfiques per curs<\/td>\n<td style=\"width: 218.2px;\">Educaci\u00f3 f\u00edsica<\/p>\n<p>4 hores de la franja d&#8217;espec\u00edfiques per curs<\/td>\n<td style=\"width: 277.25px;\">&nbsp;<\/p>\n<p>Educaci\u00f3 f\u00edsica<\/td>\n<\/tr>\n<tr>\n<td style=\"width: 339.317px;\"><\/td>\n<td style=\"width: 218.2px;\">Requisits:<\/p>\n<p>\u25cf\u00a0\u00a0\u00a0\u00a0Cursar estudis en una escola de dansa autoritzada.<\/p>\n<p>\u25cf\u00a0\u00a0\u00a0\u00a0Haver superat la prova d&#8217;acc\u00e9s als ensenyaments de grau professional.<\/p>\n<p>\u25cf\u00a0\u00a0\u00a0\u00a0Cursar, com a m\u00ednim, dansa cl\u00e0ssica, t\u00e8cniques de dansa contempor\u00e0nia o de dansa espanyola i continguts de m\u00fasica.<\/td>\n<td style=\"width: 277.25px;\">Requisits:<\/p>\n<p>Cursar estudis en una escola de dansa autoritzada.<\/td>\n<\/tr>\n<\/tbody>\n<\/table>\n<p>&nbsp;<\/p>\n","protected":false},"excerpt":{"rendered":"<p>Els alumnes que estiguin cursant ESO o batxillerat i, simult\u00e0niament, cursin estudis de m\u00fasica en conservatoris, centres professionals o escoles de m\u00fasica autoritzades, poden sol\u00b7licitar la convalidaci\u00f3 o el reconeixement de mat\u00e8ries d&#8217;ESO o batxillerat en els termes que s&#8217;indiquen en el quadre resum que&hellip;  <a href=\"https:\/\/agora.xtec.cat\/iesperealsius\/convalidacio-dansa\/\" title=\"Read Convalidaci\u00f3 dansa\">Llegeix m\u00e9s\u00bb<\/a><\/p>\n","protected":false},"author":1,"featured_media":0,"parent":0,"menu_order":0,"comment_status":"closed","ping_status":"closed","template":"","meta":{"_bbp_topic_count":0,"_bbp_reply_count":0,"_bbp_total_topic_count":0,"_bbp_total_reply_count":0,"_bbp_voice_count":0,"_bbp_anonymous_reply_count":0,"_bbp_topic_count_hidden":0,"_bbp_reply_count_hidden":0,"_bbp_forum_subforum_count":0,"footnotes":""},"class_list":["post-572","page","type-page","status-publish","hentry"],"post_mailing_queue_ids":[],"_links":{"self":[{"href":"https:\/\/agora.xtec.cat\/iesperealsius\/wp-json\/wp\/v2\/pages\/572","targetHints":{"allow":["GET"]}}],"collection":[{"href":"https:\/\/agora.xtec.cat\/iesperealsius\/wp-json\/wp\/v2\/pages"}],"about":[{"href":"https:\/\/agora.xtec.cat\/iesperealsius\/wp-json\/wp\/v2\/types\/page"}],"author":[{"embeddable":true,"href":"https:\/\/agora.xtec.cat\/iesperealsius\/wp-json\/wp\/v2\/users\/1"}],"replies":[{"embeddable":true,"href":"https:\/\/agora.xtec.cat\/iesperealsius\/wp-json\/wp\/v2\/comments?post=572"}],"version-history":[{"count":4,"href":"https:\/\/agora.xtec.cat\/iesperealsius\/wp-json\/wp\/v2\/pages\/572\/revisions"}],"predecessor-version":[{"id":10247,"href":"https:\/\/agora.xtec.cat\/iesperealsius\/wp-json\/wp\/v2\/pages\/572\/revisions\/10247"}],"wp:attachment":[{"href":"https:\/\/agora.xtec.cat\/iesperealsius\/wp-json\/wp\/v2\/media?parent=572"}],"curies":[{"name":"wp","href":"https:\/\/api.w.org\/{rel}","templated":true}]}}