{"id":5505,"date":"2020-04-27T19:39:13","date_gmt":"2020-04-27T17:39:13","guid":{"rendered":"https:\/\/agora.xtec.cat\/iesperealsius\/?page_id=5505"},"modified":"2020-04-27T19:39:13","modified_gmt":"2020-04-27T17:39:13","slug":"mp12-projecte","status":"publish","type":"page","link":"https:\/\/agora.xtec.cat\/iesperealsius\/estudis\/cicles-formatius-2\/cfgs-condicionament-fisic\/mp12-projecte\/","title":{"rendered":"MP12 &#8211; Projecte"},"content":{"rendered":"<p>En el m\u00f2dul de projecte els alumnes han de portar a la pr\u00e0ctica tot all\u00f2 que han apr\u00e8s durant els dos cursos del cicle formatiu.<\/p>\n<p>Prepararan diferents activitats pr\u00e0ctiques a desenvolupar-les en diversos col\u00b7lectius: gent gran, usuaris de fitness, manteniment,&#8230; aquestes activitats despr\u00e9s es porten a la pr\u00e0ctica en jornades matinals amb els diferents grups a que va dirigida l\u2019activitat.<\/p>\n","protected":false},"excerpt":{"rendered":"<p>En el m\u00f2dul de projecte els alumnes han de portar a la pr\u00e0ctica tot all\u00f2 que han apr\u00e8s durant els dos cursos del cicle formatiu.<br \/>\nPrepararan diferents activitats pr\u00e0ctiques a desenvolupar-les en diversos col\u00b7lectius: gent gran, usuaris de fitness, manteniment,&#8230; aquestes activitats despr\u00e9s es porten a&hellip;  <a href=\"https:\/\/agora.xtec.cat\/iesperealsius\/estudis\/cicles-formatius-2\/cfgs-condicionament-fisic\/mp12-projecte\/\" title=\"Read MP12 &#8211; Projecte\">Llegeix m\u00e9s\u00bb<\/a><\/p>\n","protected":false},"author":1,"featured_media":0,"parent":5458,"menu_order":0,"comment_status":"closed","ping_status":"closed","template":"page-templates\/side-menu.php","meta":{"_bbp_topic_count":0,"_bbp_reply_count":0,"_bbp_total_topic_count":0,"_bbp_total_reply_count":0,"_bbp_voice_count":0,"_bbp_anonymous_reply_count":0,"_bbp_topic_count_hidden":0,"_bbp_reply_count_hidden":0,"_bbp_forum_subforum_count":0,"footnotes":""},"class_list":["post-5505","page","type-page","status-publish","hentry"],"post_mailing_queue_ids":[],"_links":{"self":[{"href":"https:\/\/agora.xtec.cat\/iesperealsius\/wp-json\/wp\/v2\/pages\/5505","targetHints":{"allow":["GET"]}}],"collection":[{"href":"https:\/\/agora.xtec.cat\/iesperealsius\/wp-json\/wp\/v2\/pages"}],"about":[{"href":"https:\/\/agora.xtec.cat\/iesperealsius\/wp-json\/wp\/v2\/types\/page"}],"author":[{"embeddable":true,"href":"https:\/\/agora.xtec.cat\/iesperealsius\/wp-json\/wp\/v2\/users\/1"}],"replies":[{"embeddable":true,"href":"https:\/\/agora.xtec.cat\/iesperealsius\/wp-json\/wp\/v2\/comments?post=5505"}],"version-history":[{"count":1,"href":"https:\/\/agora.xtec.cat\/iesperealsius\/wp-json\/wp\/v2\/pages\/5505\/revisions"}],"predecessor-version":[{"id":5506,"href":"https:\/\/agora.xtec.cat\/iesperealsius\/wp-json\/wp\/v2\/pages\/5505\/revisions\/5506"}],"up":[{"embeddable":true,"href":"https:\/\/agora.xtec.cat\/iesperealsius\/wp-json\/wp\/v2\/pages\/5458"}],"wp:attachment":[{"href":"https:\/\/agora.xtec.cat\/iesperealsius\/wp-json\/wp\/v2\/media?parent=5505"}],"curies":[{"name":"wp","href":"https:\/\/api.w.org\/{rel}","templated":true}]}}