{"id":4788,"date":"2020-03-14T11:07:41","date_gmt":"2020-03-14T10:07:41","guid":{"rendered":"https:\/\/agora.xtec.cat\/iesperealsius\/?page_id=4788"},"modified":"2020-04-15T22:43:27","modified_gmt":"2020-04-15T20:43:27","slug":"mp01-valoracio-de-la-condicio-fisica-i-intervencio-en-accidents","status":"publish","type":"page","link":"https:\/\/agora.xtec.cat\/iesperealsius\/estudis\/cicles-formatius-2\/cfgs-ensenyament-i-animacio-socioesportiva\/mp01-valoracio-de-la-condicio-fisica-i-intervencio-en-accidents\/","title":{"rendered":"MP01 &#8211; Valoraci\u00f3 de la Condici\u00f3 F\u00edsica i Intervenci\u00f3 en Accidents"},"content":{"rendered":"<p>El m\u00f2dul s&#8217;estructura en quatre unitats formatives:<\/p>\n<ul>\n<li>A la primera Unitat formativa es veuen les Bases Anat\u00f2miques, Biomec\u00e0niques i fisiol\u00f2giques aplicades a l&#8217;activitat f\u00edsica. Es relacionen els continguts te\u00f2rics donats a classe amb l\u2019aplicaci\u00f3 pr\u00e0ctica.<\/li>\n<li>A la segona unitat formativa, Avaluaci\u00f3 de la Condici\u00f3 F\u00edsica, s&#8217;aprofundeix en la valoraci\u00f3 de les diferents capacitats condicionals. L\u2019alumne veu des d\u2019un contingut pr\u00e0ctic els resultats d\u2019aprenentatge associats a aquesta unitat formativa.<\/li>\n<li>A la tercera unitat formativa, Elaboraci\u00f3 i prescripci\u00f3 de programes de condicionament f\u00edsic b\u00e0sic, els alumnes aprenen a dissenyar programes per la millora de la condici\u00f3 f\u00edsica de les persones en diferents franges d&#8217;edat.<\/li>\n<li>A la quarta unitat formativa, Aplicaci\u00f3 de primers auxilis, els alumnes son instru\u00efts a nivell pr\u00e0ctic de com actuar davant de diferents situacions que es poden trobar durant la pr\u00e0ctica f\u00edsica.<\/li>\n<\/ul>\n<p>L\u2019institut \u00e9s centre instructor dels cursos de SVB+DEA, que permet als alumnes sortir amb el certificat que els permet actuar en cas d\u2019una aturada cardiorespirat\u00f2ria.<br \/>\nEl plantejament del m\u00f2dul durant el curs \u00e9s amb classes te\u00f2riques amb aplicacions pr\u00e0ctiques de les diferents unitats formatives.<\/p>\n<div id=\"2A694\" style=\"width:100%;max-width:1000px;height:800px;display:none;\">\n<img decoding=\"async\" src=\"https:\/\/lh3.googleusercontent.com\/CX0sIdaH1ZnhsLcu1k9PKSYkvobQAa28stsLlDv9QIHaF82PzKBWWf_SofTHlA8ct--yNPrgZVekP6GkLLXBFJDHWyisMsg_GYYTfsDbvo12S3ELU6HB08pX2D16jcJQdmziaUjlvzsPZxg_L1M1NrZ2lva6vlGM_7caJfd0q2pHmgbaeOGWUJfxXdSgVpx86d_xjckhUZlBHlj40uwcwRjvm7R5-djqqrKXFQMJS0QFO3I_f7vHbpxKZkLmvFu6hBqa7WuJ1dRzEmh3z3as_OP9b02jShROwO6fWRGXgyV-8rplDEduxbUFizvnM7it0j5bXRIdsvhrqMV30OUTPgGI4XO2QhzjMPKbk0iZDwTM4yPWCk9DK2Az0boNpDTQnT2DV7LlWBYRUrNbhuJEgOoqaJnlDVJEs7iLpsDgd9xLzDJ_zarHw7Tf7tkiQ4HTif1gkNphHp0CrNgm7zv6KLVcZNcUlRC8pSPWo1vrDGK6Qi6le_PbAc7SOZaQYKIjrt04W7R_dPyP3aCAGwtOWNnNzgWP0FhmTkYfjpweOYAl2qxN5-obaBDtfA80hzFqSaaw64Y7rHGBCUTjrx1Q_EGppEQQEKorM3vviN0Kv4tazTuWbJV0k3YZXG1E4yz_ebz9SkCqrclnJrOgPhKcGbIEVqI42kP-bmmTLpUIg6ww56lqW4qH1scsphnojad5ImbrD4_mO_HgQIu4rOUu0U22GzSA4FOfYgzJT8E-ttR40U19hbJzGQA=w1000-h800-no\"><br \/>\n<img decoding=\"async\" src=\"https:\/\/lh3.googleusercontent.com\/XE1TE7HotUi-ZLtsfIgkmrkqF89XBTJoJwI1vBsfOX6orDgb-noZ4uSRVPbTmXG65QrjIQR6PR3FjU39spXLSfzfGJWwcSSWEuYLFHwEojgS_HZUrB1e-ikRKVDAMgOwj7AVm2VVkSiurhcswuKy8p2AIx1TpxNlKWzNeJJeWFmejhidLVs-jePTdA1vEaAJs7UoHkZuZVPHr3t-mjxPqIU-IhhXXm5l5VvJeunQmCZRQiq3_JOTjD7SGH7DNubJx0hmHYgQISmWvtjQLJ8nbHbuh3gbei-l_4-Rwyj80hht6sSD0_cUGzvNWqTCQID5VcMYaLIK22E7vMwO7GPFDKi0A4vKDZy1HDJhQW_GLxmxytixVbzhEWLFOM3VyAhA3j9oU753IZbAM0xD4-c-1LQveDBU2bM7HzhxQmomTKDQVuQTKXS1cGmx7qDx1cU-Lp91z7PyMyTk8xiMwWpRhAqPyFc1NVzlS1qPgdX8Dg4Cc32HZg_RNGi7TWjkPpaocUa6HLWVEBl6bxfwOYrg8d6do_ROBSEPRLFFVUFis4kNA5x9byAbxhZh1bW0HDXc7EaoOP5nbQzSaU6aq2-w_ot94Uk1lmsgNdxlTiVIRYlq6DA2roTLKtDVVp2duhoEfBUASPbFDvWkQzs0bXhZznywui3NABh5P3M_YTpritevi1CxbBYGxcO26SuhDwupBv6_n-R8hfQlJD2iyfmS4etqKqKmoYhqlq3zjBghCWWqvMmtTeHPvIE=w1000-h800-no\"><br \/>\n<img decoding=\"async\" src=\"https:\/\/lh3.googleusercontent.com\/hepqv6gScJao2duZoDenjv2ULButPQpEP6zy98Orhx2tnIVt-RXOmFcW5180etyryJScxHKzDLyfKtOzgT4Y-dE7AWCPr6iW8yCyfVhK__xckXR33Ko2-Gc3X00PXlVUwJzuoE-p9paVq8Rp3X2WjFuDHlBIkCdIAxusjZPnVi-FnxusrodgSa9RRRmyCn-1VAeRp75WPZ2AokzGda42GKEvpNhCO7AZyvnxt886r9jRb0ADKDts1ZJwfiiSvxIt0MiiDYWVtS9PioV76lx0HEaNm3PZCIWUuczLQuZCECyEGT_LJZKpv4Y8IJlqoqSl0K1BDwtsSZhwYgGluRdP0ttyBUDnPXQ9WnaPDKjtPyzI6ZZpfJ8kZkrhppMLw5Eqas9ztTZR-fWfu40HyujfGumCojnlRPaR_l8JpRvr_FWbN3V89C9h9-ETUmwPlO_fTeQdRvNFInLVdbot7PAGn95AZxpAuExE--46EWwV3axJNpVYz26LQdPWSwd6YgKdBq5MU-ATTNUhh26hVeKjqYLC89H_JLldnhelkk92sUAhftXd6rr1lrhs_Nnhl51EQC1Xq8BRKTybiqxWl2tJjgtBZGSGtSyi394zbfVj1s5YppAG3A3bk9J8FwZCBs74n31rU5imeMAw-y3taTwZ8XhgXpW-KZJRlaQu7SieN3ykNEedV_VKn3rDTHdan3ru-0deFpiN4CeCtkdg2nWsURDmRvDTz23GGZfJNcehKJRQDdLkmWYkoHY=w1000-h800-no\"><br \/>\n<img decoding=\"async\" src=\"https:\/\/lh3.googleusercontent.com\/vhgE0eOR6SYD_kHDZn7RIycDLCsZk9eAobLmM8mAqmJ0nbbu1QA8Q4oJYc7YQHLjBGu9GGnFUgxa7YCSwWuHWfWQ9eBptMejprDWFcoGrYKa9VtaCbVi6_1gqgdgl6X8EdAFQYWJEBDZzIwXLOjCfxaNQruoEd62dr9ccv2cN5LEhUr0vOPWXkpFrfkSuXblgIukWApySccOhOlJNuTh_ZAWreiNOihToaCwMdo40FsZMRkYcZld1Ex8l_Wn2sfn6-AU7e8KLZVDR1ltzmJoFeEWeP6oSjL5oHs1TRyRxt_FvHjqS9XXK0uUToiWwe7rLI6NKTfZV6BgdK7arA3je5w3TTlMPLvg2Ha3Y5Znv6fFrFP_t5zaHWWWtqW8OvmfTcdSLDSTnNHaIyxT2s9TUakzC0zQ-DvL5Rafgu_-BgtTydUNeH_4zqOxFrNYnjQl-qXqs-NlzHs5onS7goVxn3AnMIXlLEjsHho_D-IfUJgpnrufckgBfiEzFw5qN62qAgL9lYdM4M89DKIYnqNBaYVSRJPA-eOROnU3J4yE_KEk-whELzSAYNq5EybsaPW6NkqPOaUr0lWjQn2I9EdSEeXoDWoTy6Yc0VJVhnofsLEx68O0GeAcFCxwIij6E2GISLXiu-2v6Dc-oM2Ds1uKFrRgRcrpJBDZWxHoX9lyH3QsF_THFBNXmzIEmqqWHS2eyhmIq-NMHftxj5QmJAkUWcDsFCwjEsaJNyWWhVjXjB9dRsB3rXUjfu0=w1000-h800-no\"><br \/>\n<img decoding=\"async\" src=\"https:\/\/lh3.googleusercontent.com\/mzb3v2J5f5APdf4hnMNuy-Si9RfQCOEezP3PEAVW_0yINnCL0l7QaV2hW2iMVVeKqhxDsXl47_i3PVINSpr7iqomonEAH85xC3zIVFd-HK5TMCrYQSP79U-sb-vQuiF3ErXI5kHyv62JkmAgr9WdC30tQVwLD_T-H1rt5rbZbHyCJN-vLhKL_QQ7qUeZgyl_2L7pH0ELKLcq1cakkGKanIv_g5Awh_AJGdKrpsiKAsrkM-efo7ei5axcS5Y67W4CVxLQczWSAKVUaJOZGgkMQW8hwA6RCmMF2nlQNRvK4jVfeodm6yByT7XD85sndyHPc7eJsEjUPIpplWobqx3Hk757wl3QhIns-W36WtuWVplvIlgduVmLjx8Ph7b9MXGQASoqZTL4sZTZMiNtCJJV6ynHzbROTA4UetH3i0x-3z7oHKelnhXKhy-sgUv8yV4FMjxCdbDJdUyUsyLqPC316bODB0iZeDwD2hyFuRCJQtjd6iInPk_YrzJGEzfrNrbmiTVLAC9dtORe2ZmssH2cr7WBu7pfczxPn8qGcgpklvhznnm4aAHHEk1fYOPv-51u4ysTtgnXbjiMPxQbBd0SrQT6SwvQMkfbeXOiZ1UnILVakP2OtWakUevnP1IrvUonCoYSSvVSewlkNg8N1NlSABR2mtQ2NV3p8KIVhDTKJjbBx4ILFEm9ZpB41CG1iWInavPvr6MBle-CxZaCN8sDiKALZy_vgOcAwAHHcQfowCpUFrdSBtFUivQ=w1000-h800-no\"><br \/>\n<img decoding=\"async\" src=\"https:\/\/lh3.googleusercontent.com\/okuY03sH1iqu_HajT94Ww_Jbgtbb4m2XtQiTamiMolsMQUSnx5MKdSrKmcOvBlp-dWKUCHTJ_hrZcFGwIqg_fhHr91MOE4npY0JwgKBncFC0LEP4N5tZCvv94ZAJDowK180Ab0qsxxN-CtKxWtOMPxZzRy2R7QqtfTlizOgR5JstVv1T8TCLi13sbyE1PfxXSr6UBLTQDSZBnQ_EtJcBSUoLIaT04-ITq0s-AEGN4-5kA8VXwDkAqaD0xbNpCBzqvBaM17utYndJamqpEAFF99ii7hYFZ4LSyvzlfASuZxcpC-P1uOH0620LcgUoQom64o43RSnQ1GmA4GLkqAC6c92bMsz226Bs9wdvW08JmfviBj1-JiLkF95ox9KpW6bEhmnRK3nqcMxV8soaJysPuR6d5MDKoKB5InDujbYdjlb9-SgDhD-27Di6js_cXcysmNAc72w6bTmvqgZeXqFBYML31nK4LpXDkKUnfdBN5zVbx_2pec_SfA5h8-Y9GXE8Xq9lTtxwz4FZic7uLp63WWDWFnrrcgfyZ01YI2-xgSrqGT-EExbnlUfep2PCpVJ2yALvJZk8pK-CfdXkqvkyaFpRUdCoE6joWsp0-Nr1GMUbdQruGAVYE8RV2HahpFGBzc12fWuzAyHgjKCO4LeTGkJ-Ph5SEaBfjrGAlHQApPw-Zbi4szntylRrgKoGC5LGzfTLhnVUKeL6_xIC6fJwjHWXrK1ykL3yvikm58HAc6sHr9-_7fsRX8Y=w1000-h800-no\"><br \/>\n<img decoding=\"async\" src=\"https:\/\/lh3.googleusercontent.com\/RZfIYRq8yC8iL-Lu12TxXlUN_Xbx3S7tTrmdrosZkhV5WFJSlg3g-RXRUnBoqTQYoFgAajz5eVtinh08zzk3hNTOHM8va7UdieuywovF_Ng7jYuL5_sfQZiWWMEsfDffM-rpoowQ-ULBz9yg6CFC3Qs4OCU_Jq1W834CwGjbzOPzKWJ_alO3T9iOFfTWZw3OngKFkFCQFMciKWNoyWpsH91LackiYxDP2lYl-ftGaXjUh6He31WIBOzq9oXjHm7jVKaANkhr_H9-ufclTNwFcf8-6pOSQoR0UdwKtFvrNrykmOsea0vB5bZHfljV-Vbz_9i5MNYrskoUmgM_3OlfkwENfB-07kzfg-q8Rk3aYWwesDn0nhq3je1p4Plf2cXBd25-cLD5VpBiWKZseL2TPp01rxfuANr8onI503mJBZMWFI1G9fzl85mBhF9Zxl6flSC7aYft9fsHa0u0OQlNIRUwgLQ_X24VbFilmVxJZ7K2CW4aipNfQTu72u7IAY7w-Grhb3SrE7zEJ9bVP0SeyexTTqxh67l34Xkh5-Bq1c2JVu3ikj6FjT534vqWpbo9aLpu3KiyvHCS7bBeGjy2hdecLhhTUgIR-9dIBy1EL3vdmPmS92xII44y90yKlRLGsQHxC0wp7Mpai0SCQb27Al7QCUa7GGT2IvV7ETKHYpqcmjzpkWw3qEtBAXuMVQlYEGurHalFe06ILEFyl6jeV9hCCFXrDQew9VxL36nW7BlgG5eHo-eQCPY=w1000-h800-no\"><br \/>\n<img decoding=\"async\" src=\"https:\/\/lh3.googleusercontent.com\/IwUDieCoCP_rIewWZ8KQVGwOIcJTI7aw9p4VYQpD82kTsThpOyU4xgIS4wWCz489pkfkRmUDKDnvvhGybgKylsk9D6rqetnZrZkKnpzA_pLTN-hl_s3zw7G_qWnKviaPdmBXbzAU8c7gPcLfmvmnqoX05tEMYlAeShJrtGgcno1mxIV5zVYk6LZ-kFMwdQftJELCzNzQglvIE0nkpuc9sKCs28zbcr8YISDo9o4PrJdFV0t4cgGZqIHYjF-PKwufBEbFgr6BI2owfwFvjBXNylm2w9dFNdZ6yMPzbAh6t4gdldtvmxBaV5GkriU6QgdFLnC13TLPz7oYhhcRzpfDe720ixvPyHRN56WduPt8nMEeYmgFV1oPuCEwcBh3fJFD73VFup_lRi8M2jgHyDhGiCpeTavHRzQ6EmQA21_SkNhdWesHuV-ubxiGu1ap9R0qnLeGf3svwtTAMLxoZVgTIjNfJqLFfpfSeScq1CW7JoDIOXlxIIwh0rBcBtHxrbODNq1-jgcybrWreEMqKgM3b02vdO8egsXxdiPUt_fv0zW-RLa0ZCZF1XRmzAA61s2Txn4yPChQbI6y3U2LG9sG9KzLMH68mMGSD34nuCkRR5QOxdj_rsS_SoXaSJxpy8uZqaiWm4N4RqxnHyRWa8hROoL10piTrF6MxSkkx7xx-tG9BXelZFiBK-S_vhRV5doVpi1Odw1k5mZafuxtHR9gf0RRCtofrBX30VPUKYn8_PJ4PnDHvs6FKog=w1000-h800-no\"><br \/>\n<img decoding=\"async\" src=\"https:\/\/lh3.googleusercontent.com\/XplFQuT9zhkNx2Fsu50-cHKTMUXLOjGQDsgbM_wBv1Jkhp0Lvqhu-Am5fkr5QV8-G0tYLKDp5vAJKe1KlBDraj2yS0rMjOndaCpFuriZCSPUlXqqec6N75Mz0yqjpgDfno6cAk8sLF5J8d58RG1HIcVF9Ua0PJwYENVxqXwcCZgSjdoB4oTTRQuTPMn60RFZfYThJTtcXbbEN-eXTU4uGOs-Xsge9C7Zg0y0_t1xUEfFUjeF2tXUcNQ-5ddPvXQJnJiP4OvQvT311Pn3BPj4w1ade98WX7TN8ahnB6OXt2DqAE73W74Pyt4BmLYf4XN2rDFWBFC-_gAJ8_tfns7yK4xEr7PoLQvkDwlllasxqEYiKdbzDF3ZOR7b_VafvkemD4E-L0vWk-GmCn_t_XzWCdvMm8U5CSuDULMrd54ZRsw3ksOe5VoWtPKsR-XIp9gZqUto6nkEP6byd2huDKthvIJTB4Mrn039qcca9xiT7PC8sH4sN2FxgaQOESJ6Yo0Eu0KPBI2ycphvIzI-2nDfcId0UxKbBloti-WnbXO8P0AXEsZtAEu2IyWmBG48hG8LqyORM6s_c2AgDFEKi_5u4Nnyqy_ZCupYEHg5-5itkpvWa7mXw-A7ayZN0WdhiBakptrwnwF7IqIYdMr6b03lMWx6wMAiAv4uPmpZsptKQeQGlp5e5dx8K34fJdz-ytvqVARKtZv1TnNLqPW0JYBekwxcwxTIVceosB8euRjEkzWNoOiJNrI-RqA=w1000-h800-no\"><br \/>\n<img decoding=\"async\" src=\"https:\/\/lh3.googleusercontent.com\/fEMHDf3gfQ-4OvfFkEUHdDRmffdQJzAAHYQKTrmz_0pvORvxsrdrcCux5zQcnZbK10DbUee7g98mZRkRzuvcx5-qpfL7e1cvBBiyLvr6HLXnDbHQqFBZLhy39oi2amjYlZwsG4K1rORg6qj3_2Xqx54EwQlvkjMRu7rXbF7g4n4_ftW4gT8mnzqoc3XSuh9R8DItP9vx9KguxXMBHkNVXTmP9Bj-pP_TeCwxqBuTOASWhN5YX2cXK9rkVOS7sk4oyPUyFzMFtGr0Oi7rIBkdYgdVtDIqmiEecWTPuJCr74ih1LHQFocQ2w_xOOYpMeJ-ji_rPA9JaA2vBFd2udGj913uNIL0bd2uVQnp2nnmwwDjowiP3HS2yQL11cnRsRaQyjDxcjJ3e8_O_SlEZVXyYnjw2bc1TB7MC7E1I0wqOFdHcC63EKV-4A-0-GxeqHMdOGbT0MNjq5g_ljhrvI2TqQJ69Y5YjdjR8IIuaKRcwl_YVlx54mkr9fxdJ70co7smA5Hwe9L_vi3u9Y2hVcmUhkhaFnm2q6iaLisJGwvLAooXEJX9LJnYZ35VNMT9ho6Oly3_oroAYWnkkWh6HrosBlOMGfNmuA_k7ocqk4SMZM8wOkJRfBXEpQEhkeUQxthYtu-VKkliYNgZvVaeNdWAK45wLotcLsPli6ZKu28lqPY_iil_950XUQ8XyYxAcr7DUZ7-pWY8AUNWufmIvN9kG6WoCrUDFdGhDI5GSDkdBNdKEVIKmSy9vmY=w1000-h800-no\">\n<\/div>\n<p><script type=\"text\/javascript\" src=\"https:\/\/cdn.jsdelivr.net\/npm\/jquery@3.4.1\/dist\/jquery.min.js\"><\/script><br \/>\n<script>\n  (MyGalleries=(typeof MyGalleries === 'undefined' ? [] : MyGalleries)).push({gallId:'#2A694',autoplay:true,lightbox:true,debug:false,popupLinks:true});\n  if(typeof GalleryLoaded === 'undefined'){\n    GalleryLoaded = jQuery(function(){\n      jQuery.ajax({url:'https:\/\/cdn.jsdelivr.net\/npm\/galleria@1.5.7\/dist\/galleria.min.js',dataType:'script',cache:true}).done(function(){\n        Galleria.loadTheme('https:\/\/cdn.jsdelivr.net\/npm\/galleria@1.5.7\/dist\/themes\/classic\/galleria.classic.js');\n        for(var n in MyGalleries){\n          Galleria.run(MyGalleries[n].gallId, MyGalleries[n]);\n          jQuery(MyGalleries[n].gallId).css('display','block');\n        }\n      });\n    });\n  }\n<\/script><\/p>\n","protected":false},"excerpt":{"rendered":"<p>El m\u00f2dul s&#8217;estructura en quatre unitats formatives:<\/p>\n<ul>\n<li>A la primera Unitat formativa es veuen les Bases Anat\u00f2miques, Biomec\u00e0niques i fisiol\u00f2giques aplicades a l&#8217;activitat f\u00edsica. Es relacionen els continguts te\u00f2rics donats a classe amb l\u2019aplicaci\u00f3 pr\u00e0ctica.<\/li>\n<li>A la segona unitat formativa, Avaluaci\u00f3 de la Condici\u00f3 F\u00edsica, s&#8217;aprofundeix en&hellip;  <a href=\"https:\/\/agora.xtec.cat\/iesperealsius\/estudis\/cicles-formatius-2\/cfgs-ensenyament-i-animacio-socioesportiva\/mp01-valoracio-de-la-condicio-fisica-i-intervencio-en-accidents\/\" title=\"Read MP01 &#8211; Valoraci\u00f3 de la Condici\u00f3 F\u00edsica i Intervenci\u00f3 en Accidents\">Llegeix m\u00e9s\u00bb<\/a><br \/>\n","protected":false},"author":1,"featured_media":0,"parent":4406,"menu_order":0,"comment_status":"closed","ping_status":"closed","template":"page-templates\/side-menu.php","meta":{"_bbp_topic_count":0,"_bbp_reply_count":0,"_bbp_total_topic_count":0,"_bbp_total_reply_count":0,"_bbp_voice_count":0,"_bbp_anonymous_reply_count":0,"_bbp_topic_count_hidden":0,"_bbp_reply_count_hidden":0,"_bbp_forum_subforum_count":0,"footnotes":""},"class_list":["post-4788","page","type-page","status-publish","hentry"],"post_mailing_queue_ids":[],"_links":{"self":[{"href":"https:\/\/agora.xtec.cat\/iesperealsius\/wp-json\/wp\/v2\/pages\/4788","targetHints":{"allow":["GET"]}}],"collection":[{"href":"https:\/\/agora.xtec.cat\/iesperealsius\/wp-json\/wp\/v2\/pages"}],"about":[{"href":"https:\/\/agora.xtec.cat\/iesperealsius\/wp-json\/wp\/v2\/types\/page"}],"author":[{"embeddable":true,"href":"https:\/\/agora.xtec.cat\/iesperealsius\/wp-json\/wp\/v2\/users\/1"}],"replies":[{"embeddable":true,"href":"https:\/\/agora.xtec.cat\/iesperealsius\/wp-json\/wp\/v2\/comments?post=4788"}],"version-history":[{"count":2,"href":"https:\/\/agora.xtec.cat\/iesperealsius\/wp-json\/wp\/v2\/pages\/4788\/revisions"}],"predecessor-version":[{"id":5263,"href":"https:\/\/agora.xtec.cat\/iesperealsius\/wp-json\/wp\/v2\/pages\/4788\/revisions\/5263"}],"up":[{"embeddable":true,"href":"https:\/\/agora.xtec.cat\/iesperealsius\/wp-json\/wp\/v2\/pages\/4406"}],"wp:attachment":[{"href":"https:\/\/agora.xtec.cat\/iesperealsius\/wp-json\/wp\/v2\/media?parent=4788"}],"curies":[{"name":"wp","href":"https:\/\/api.w.org\/{rel}","templated":true}]}}