{"id":12197,"date":"2025-07-11T08:46:16","date_gmt":"2025-07-11T06:46:16","guid":{"rendered":"https:\/\/agora.xtec.cat\/iesperealsius\/?page_id=12197"},"modified":"2025-07-11T08:46:16","modified_gmt":"2025-07-11T06:46:16","slug":"mp20-aplicacions-basiques-dofimatica","status":"publish","type":"page","link":"https:\/\/agora.xtec.cat\/iesperealsius\/mp20-aplicacions-basiques-dofimatica\/","title":{"rendered":"MP20 &#8211; Aplicacions b\u00e0siques d\u2019ofim\u00e0tica"},"content":{"rendered":"<p>El m\u00f2dul MP20 t\u00e9 un volum total de 140h hores lectives (4 hores setmanals).<\/p>\n<p>Ja en aquest segon cicle de l&#8217;IFE, es posa m\u00e9s \u00e8mfasi a treballar la planificaci\u00f3 i l&#8217;anticipaci\u00f3 tant en l&#8217;\u00e0mbit personal com professional. L&#8217;aprenentatge servei i els projectes, s\u00f3n una vegada m\u00e9s l&#8217;eix del treball amb l&#8217;alumnat. S&#8217;adapta i personalitza a cada alumne\/a les possibilitats de treball dins de cada m\u00f2dul, partint d&#8217;un aprenentatge significatiu, funcional i transferible, on es pugui veure l&#8217;aplicaci\u00f3 i evoluci\u00f3 personal dels sabers i habilitats.<\/p>\n<p>Els principals continguts de treball que es desenvolupen en el m\u00f2dul MP20 s\u00f3n:<\/p>\n<p>Tramitaci\u00f3 d\u2019informaci\u00f3 en l\u00ednia.<br \/>\nComunicacions internes i externes per correu electr\u00f2nic.<br \/>\nElaboraci\u00f3 de documents mitjan\u00e7ant fulls de c\u00e0lcul.<br \/>\nModificaci\u00f3 i elaboraci\u00f3 de presentacions.<\/p>\n","protected":false},"excerpt":{"rendered":"<p>El m\u00f2dul MP20 t\u00e9 un volum total de 140h hores lectives (4 hores setmanals).<br \/>\nJa en aquest segon cicle de l&#8217;IFE, es posa m\u00e9s \u00e8mfasi a treballar la planificaci\u00f3 i l&#8217;anticipaci\u00f3 tant en l&#8217;\u00e0mbit personal com professional. L&#8217;aprenentatge servei i els projectes, s\u00f3n una vegada m\u00e9s&hellip;  <a href=\"https:\/\/agora.xtec.cat\/iesperealsius\/mp20-aplicacions-basiques-dofimatica\/\" title=\"Read MP20 &#8211; Aplicacions b\u00e0siques d\u2019ofim\u00e0tica\">Llegeix m\u00e9s\u00bb<\/a><\/p>\n","protected":false},"author":7,"featured_media":0,"parent":0,"menu_order":0,"comment_status":"closed","ping_status":"closed","template":"","meta":{"_bbp_topic_count":0,"_bbp_reply_count":0,"_bbp_total_topic_count":0,"_bbp_total_reply_count":0,"_bbp_voice_count":0,"_bbp_anonymous_reply_count":0,"_bbp_topic_count_hidden":0,"_bbp_reply_count_hidden":0,"_bbp_forum_subforum_count":0,"footnotes":""},"class_list":["post-12197","page","type-page","status-publish","hentry"],"post_mailing_queue_ids":[],"_links":{"self":[{"href":"https:\/\/agora.xtec.cat\/iesperealsius\/wp-json\/wp\/v2\/pages\/12197","targetHints":{"allow":["GET"]}}],"collection":[{"href":"https:\/\/agora.xtec.cat\/iesperealsius\/wp-json\/wp\/v2\/pages"}],"about":[{"href":"https:\/\/agora.xtec.cat\/iesperealsius\/wp-json\/wp\/v2\/types\/page"}],"author":[{"embeddable":true,"href":"https:\/\/agora.xtec.cat\/iesperealsius\/wp-json\/wp\/v2\/users\/7"}],"replies":[{"embeddable":true,"href":"https:\/\/agora.xtec.cat\/iesperealsius\/wp-json\/wp\/v2\/comments?post=12197"}],"version-history":[{"count":1,"href":"https:\/\/agora.xtec.cat\/iesperealsius\/wp-json\/wp\/v2\/pages\/12197\/revisions"}],"predecessor-version":[{"id":12198,"href":"https:\/\/agora.xtec.cat\/iesperealsius\/wp-json\/wp\/v2\/pages\/12197\/revisions\/12198"}],"wp:attachment":[{"href":"https:\/\/agora.xtec.cat\/iesperealsius\/wp-json\/wp\/v2\/media?parent=12197"}],"curies":[{"name":"wp","href":"https:\/\/api.w.org\/{rel}","templated":true}]}}