{"id":12148,"date":"2025-07-10T09:51:36","date_gmt":"2025-07-10T07:51:36","guid":{"rendered":"https:\/\/agora.xtec.cat\/iesperealsius\/?page_id=12148"},"modified":"2025-07-10T09:53:26","modified_gmt":"2025-07-10T07:53:26","slug":"mp10-mon-laboral","status":"publish","type":"page","link":"https:\/\/agora.xtec.cat\/iesperealsius\/mp10-mon-laboral\/","title":{"rendered":"MP10 &#8211; M\u00f3n laboral"},"content":{"rendered":"<p>El m\u00f2dul MP10 t\u00e9 un volum total de 105h hores lectives (3 hores setmanals).<\/p>\n<p>Ja en aquest segon cicle de l&#8217;IFE, es posa m\u00e9s \u00e8mfasi a treballar la planificaci\u00f3 i l&#8217;anticipaci\u00f3 tant en l&#8217;\u00e0mbit personal com professional. L&#8217;aprenentatge servei i els projectes, s\u00f3n una vegada m\u00e9s l&#8217;eix del treball amb l&#8217;alumnat. S&#8217;adapta i personalitza a cada alumne\/a les possibilitats de treball dins de cada m\u00f2dul, partint d&#8217;un aprenentatge significatiu, funcional i transferible, on es pugui veure l&#8217;aplicaci\u00f3 i evoluci\u00f3 personal dels sabers i habilitats.<\/p>\n<p>Els principals continguts de treball que es desenvolupen en el m\u00f2dul MP010 s\u00f3n:<\/p>\n<p>Cerca de treball.<br \/>\nCurr\u00edculum, carta de presentaci\u00f3 i entrevista.<br \/>\nEl lloc de treball.<br \/>\nLa n\u00f2mina.<br \/>\nDrets i deures dels treballadors\/es.<\/p>\n","protected":false},"excerpt":{"rendered":"<p>El m\u00f2dul MP10 t\u00e9 un volum total de 105h hores lectives (3 hores setmanals).<br \/>\nJa en aquest segon cicle de l&#8217;IFE, es posa m\u00e9s \u00e8mfasi a treballar la planificaci\u00f3 i l&#8217;anticipaci\u00f3 tant en l&#8217;\u00e0mbit personal com professional. L&#8217;aprenentatge servei i els projectes, s\u00f3n una vegada m\u00e9s&hellip;  <a href=\"https:\/\/agora.xtec.cat\/iesperealsius\/mp10-mon-laboral\/\" title=\"Read MP10 &#8211; M\u00f3n laboral\">Llegeix m\u00e9s\u00bb<\/a><\/p>\n","protected":false},"author":7,"featured_media":0,"parent":0,"menu_order":0,"comment_status":"closed","ping_status":"closed","template":"","meta":{"_bbp_topic_count":0,"_bbp_reply_count":0,"_bbp_total_topic_count":0,"_bbp_total_reply_count":0,"_bbp_voice_count":0,"_bbp_anonymous_reply_count":0,"_bbp_topic_count_hidden":0,"_bbp_reply_count_hidden":0,"_bbp_forum_subforum_count":0,"footnotes":""},"class_list":["post-12148","page","type-page","status-publish","hentry"],"post_mailing_queue_ids":[],"_links":{"self":[{"href":"https:\/\/agora.xtec.cat\/iesperealsius\/wp-json\/wp\/v2\/pages\/12148","targetHints":{"allow":["GET"]}}],"collection":[{"href":"https:\/\/agora.xtec.cat\/iesperealsius\/wp-json\/wp\/v2\/pages"}],"about":[{"href":"https:\/\/agora.xtec.cat\/iesperealsius\/wp-json\/wp\/v2\/types\/page"}],"author":[{"embeddable":true,"href":"https:\/\/agora.xtec.cat\/iesperealsius\/wp-json\/wp\/v2\/users\/7"}],"replies":[{"embeddable":true,"href":"https:\/\/agora.xtec.cat\/iesperealsius\/wp-json\/wp\/v2\/comments?post=12148"}],"version-history":[{"count":1,"href":"https:\/\/agora.xtec.cat\/iesperealsius\/wp-json\/wp\/v2\/pages\/12148\/revisions"}],"predecessor-version":[{"id":12149,"href":"https:\/\/agora.xtec.cat\/iesperealsius\/wp-json\/wp\/v2\/pages\/12148\/revisions\/12149"}],"wp:attachment":[{"href":"https:\/\/agora.xtec.cat\/iesperealsius\/wp-json\/wp\/v2\/media?parent=12148"}],"curies":[{"name":"wp","href":"https:\/\/api.w.org\/{rel}","templated":true}]}}